NOAA-style Climate Reports

   V/Λ SELECT: Month and Year   OR  >   Month
                   Monthly Climatological Summary for Sep 2021

Name: Wetterstation Bebra-Gilfershausen   City: Bebra   State: Germany
Elevation: 238 m  Lat: N 50°° 59' 02"   Lon: E 009°° 49' 36"

                  Temperature (°°C), Rain (mm), Wind Speed (km/h)

                                      Heat  Cool        Avg
    Mean                              Deg   Deg         Wind                 Dom
Day Temp  High   Time   Low    Time   Days  Days  Rain  Speed High   Time    Dir
----------------------------------------------------------------------------------
01  12.8  18.3   16:17   8.1   23:59   5.2   0.0   0.0   0.1  15.0   16:40    SE
02  13.8  23.3   14:48   7.5   01:25   5.1   0.0   0.3   1.3  24.0   11:34     W
03  14.9  26.7   15:35   7.0   05:41   4.8   0.0   0.0   0.9  22.0   12:11     N
04  15.0  24.7   15:05   8.2   03:06   4.3   0.0   0.0   1.2  20.0   13:01     W
05  14.3  23.7   15:24   8.3   05:13   4.6   0.0   0.3   1.1  20.0   10:10     W
06  15.3  26.5   15:41   7.0   04:56   4.6   0.0   0.0   0.6  24.0   14:39   NNW
07  16.3  26.0   15:35  10.0   02:28   3.5   0.0   0.0   0.5  20.0   14:43     W
08  16.3  27.2   15:55   7.7   07:05   4.0   0.0   0.0   1.0  28.0   17:03   NNW
09  17.6  28.0   15:01   8.0   06:19   3.2   0.0   0.0   1.1  31.0   16:52   NNE
10  19.1  26.0   14:48  15.2   06:06   0.8   0.0   1.8   0.9  29.0   16:57   NNE
11  18.3  24.2   15:51  14.2   23:44   1.0   0.0   0.3   1.2  28.0   12:37   NNE
12  16.3  23.1   14:27  11.3   23:59   2.6   0.0   0.0   0.7  22.0   15:17   NNE
13  14.6  23.5   15:27   9.6   01:58   4.2   0.0   0.0   0.4  18.0   13:11   WSW
14  16.9  27.0   14:35   8.8   06:30   3.3   0.0   0.0   0.7  24.0   11:55   NNE
15  17.4  21.1   16:14  14.1   06:56   1.3   0.0   2.7   0.4  24.0   13:43   NNE
16  15.7  19.1   14:26  11.0   23:52   2.4   0.0   0.3   0.4  18.0   00:03    SW
17  13.7  19.2   13:07   9.1   02:33   4.4   0.0   0.0   0.5  26.0   13:01     N
18  14.4  20.0   12:08  11.0   00:56   3.7   0.0   0.0   0.6  17.0   12:58   WNW
19  12.6  13.9   00:50   6.7   23:59   5.4   0.0   0.0   3.9  35.0   10:11     W
20   8.7  15.0   12:24   3.0   04:03   9.3   0.0   0.0   1.2  33.0   14:28     W
21  12.1  18.5   15:34   3.7   00:00  10.6   0.0   0.0   0.9  22.0   13:53     N
22  10.8  19.9   14:52   5.0   06:18   7.3   0.0   0.0   0.8  18.0   11:09   NNE
23  13.0  22.1   13:38   4.0   05:58   5.6   0.0   0.0   2.2  37.0   13:41   NNE
24  15.5  18.7   16:01  12.7   23:49   2.5   0.0   0.0   0.8  22.0   00:01   NNE
25  14.3  23.6   15:24   7.3   06:55   4.5   0.0   0.0   1.3  29.0   12:30   NNE
26  16.0  25.1   14:05   8.6   00:46   3.4   0.0   0.9   1.1  33.0   11:59   NNE
27  16.9  21.5   15:09  13.8   06:52   1.7   0.0   0.3   1.6  37.0   13:27   NNE
28  13.1  19.2   15:42   8.1   23:55   4.8   0.0   0.0   0.7  28.0   00:10   NNE
29   9.9  17.6   13:45   5.4   22:07   8.1   0.0   3.6   1.8  41.0   13:05   NNE
30   8.4  15.6   13:26   2.8   07:31   9.5   0.0   5.4   2.3  38.0   11:48   NNE
----------------------------------------------------------------------------------
    14.5  28.0     9     2.8    30   135.7   0.0  15.9   1.1  41.0    29     NNW

Max >=  27.0  3
Max <=   0.0  0
Min <=   0.0  0
Min <= -18.0  0
Max Rain: 5.4 on day 30
Days of Rain: 3 (>= 2.0 mm)  3 (>= 2.0 mm)  3 (>= 2.0 mm)
Heat Base: 18.0  Cool Base: 29.0  Method: Integration

powered by CumulusMX v3.10.2 (b3117) Valid HTML5    Last Cumulus update   08:34:18