NOAA-style Climate Reports

   V/Λ SELECT: Month and Year   OR  >   Month
                   Monthly Climatological Summary for Jun 2021

Name: Wetterstation Bebra-Gilfershausen   City: Bebra   State: Germany
Elevation: 238 m  Lat: N 50°° 59' 02"   Lon: E 009°° 49' 36"

                  Temperature (°°C), Rain (mm), Wind Speed (km/h)

                                      Heat  Cool        Avg
    Mean                              Deg   Deg         Wind                 Dom
Day Temp  High   Time   Low    Time   Days  Days  Rain  Speed High   Time    Dir
----------------------------------------------------------------------------------
01  14.9  24.5   16:28   3.3   05:08   5.1   0.0   0.0   2.1  35.0   14:00     W
02  17.6  27.1   16:17   7.1   05:25   3.6   0.0   0.0   1.5  29.0   12:45   NNE
03  19.0  28.7   13:14   8.1   05:10   2.6   0.0   0.0   0.9  29.0   13:02   NNE
04  22.2  29.2   15:15  13.3   05:32   0.9   0.0   0.0   1.4  28.0   18:12     N
05  24.4  28.0   00:00  16.6   23:27   0.2   0.0   6.3   1.2  24.0   17:14   NNE
06  16.5  18.7   13:25  14.8   23:52   1.5   0.0   0.0   0.6  22.0   04:11   WSW
07  16.9  19.9   18:02  14.4   05:00   1.5   0.0   0.3   1.0  20.0   18:10     W
08  18.5  25.1   16:02  14.1   05:28   1.5   0.0   0.0   0.9  18.0   17:32     W
09  18.9  27.3   14:38  13.2   01:02   1.5   0.0   0.0   1.0  28.0   17:45   NNW
10  19.2  28.0   15:34  13.8   04:50   1.7   0.0   0.0   1.1  28.0   17:36   NNW
11  19.7  28.8   14:34  10.8   03:25   2.1   0.0   0.0   0.9  22.0   11:57   NNW
12  17.9  23.3   15:54  12.3   23:57   1.7   0.0   0.0   1.6  38.0   14:34   WSW
13  14.8  22.5   14:57   7.0   04:05   4.2   0.0   0.0   1.4  28.0   16:06    SW
14  17.4  28.6   17:54   5.9   05:44   3.7   0.0   0.0   1.4  24.0   11:56     N
15  18.9  28.7   12:57   9.5   04:59   2.4   0.0   0.0   1.2  22.0   19:03   WNW
16  21.9  30.6   15:24  12.3   04:36   1.4   0.1   0.0   1.5  31.0   17:23   WNW
17  24.1  33.6   15:37  13.2   05:47   0.8   1.2  63.9   1.7  35.0   16:00    NE
18  24.5  35.4   15:14  13.0   05:17   1.0   1.6   0.0   0.9  18.0   12:28    NW
19  24.9  33.1   17:36  17.5   05:05   0.0   0.9   0.0   1.7  31.0   14:32     N
20  23.3  28.7   18:18  18.5   01:28   0.0   0.0   0.0   2.3  33.0   13:16   NNE
21  20.3  26.2   18:08  14.6   23:11   0.3   0.0  15.9   4.2  48.0   14:08    NE
22  15.8  19.6   14:29  12.7   23:50   2.4   0.0   0.9   1.7  28.0   06:41   WSW
23  17.4  23.6   17:22  11.6   03:58   1.9   0.0   0.0   2.2  31.0   16:06     W
24  16.3  19.7   11:10  12.7   04:23   2.0   0.0   0.0   1.6  28.0   11:29   WNW
25  17.6  23.7   15:24  12.6   23:56   1.9   0.0   0.6   0.6  18.0   12:30   SSW
26  17.6  26.8   14:29   8.7   04:50   2.8   0.0   0.0   0.7  20.0   17:17     N
27  20.0  27.6   17:10  10.3   05:21   2.0   0.0   0.0   2.3  31.0   16:46     W
28  22.6  29.8   18:26  15.6   05:08   0.5   0.0   7.8   0.6  29.0   23:13    NW
29  19.7  28.2   16:56  15.8   23:52   0.8   0.0  47.4   1.6  57.0   19:33   NNE
30  16.7  21.5   14:36  13.8   21:59   1.9   0.0  12.9   2.6  35.0   11:49   NNE
----------------------------------------------------------------------------------
    19.3  35.4    18     3.3     1    53.9   3.8 156.0   1.5  57.0    29     NNW

Max >=  27.0 17
Max <=   0.0  0
Min <=   0.0  0
Min <= -18.0  0
Max Rain: 63.9 on day 17
Days of Rain: 6 (>= 2.0 mm)  6 (>= 2.0 mm)  6 (>= 2.0 mm)
Heat Base: 18.0  Cool Base: 29.0  Method: Integration

powered by CumulusMX v3.10.2 (b3117) Valid HTML5    Last Cumulus update   21:18:29