NOAA-style Climate Reports

   V/Λ SELECT: Month and Year   OR  >   Month
                   Monthly Climatological Summary for May 2021

Name: Wetterstation Bebra-Gilfershausen   City: Bebra   State: Germany
Elevation: 238 m  Lat: N 50°° 59' 02"   Lon: E 009°° 49' 36"

                  Temperature (°°C), Rain (mm), Wind Speed (km/h)

                                      Heat  Cool        Avg
    Mean                              Deg   Deg         Wind                 Dom
Day Temp  High   Time   Low    Time   Days  Days  Rain  Speed High   Time    Dir
----------------------------------------------------------------------------------
01   9.9  14.6   14:16   5.1   05:57   8.1   0.0   0.0   1.5  22.0   12:24    NW
02   7.6  11.0   17:44   2.5   23:58  10.4   0.0   0.0   2.0  35.0   16:01    SW
03   6.6  14.7   15:18  -1.9   05:46  11.3   0.0   0.0   3.1  38.0   16:06   NNE
04   8.1  11.9   15:42   3.9   23:56   9.9   0.0  14.7   6.8  72.0   13:11    NE
05   5.2  10.2   15:44   1.2   03:00  12.8   0.0   1.2   3.1  48.0   10:09    NE
06   6.1  11.8   13:22   0.8   02:23  11.9   0.0   1.5   2.3  35.0   09:17    NE
07   6.3  11.7   16:32   0.4   23:48  11.6   0.0   2.1   1.9  37.0   15:58    SW
08   8.0  16.1   14:58  -2.4   05:55  10.0   0.0   0.0   3.2  51.0   12:13    NE
09  17.1  27.9   15:04   4.2   05:53   4.2   0.0   0.0   3.9  57.0   13:41    NE
10  16.9  25.0   12:06  10.0   05:30   2.8   0.0   3.3   3.3  53.0   12:09    NE
11  13.9  17.4   16:38  11.4   05:55   4.0   0.0  10.8   0.2  15.0   12:14     W
12  12.8  16.2   15:25   9.0   23:43   5.2   0.0   1.8   0.8  28.0   14:24   WSW
13  11.4  18.5   15:14   6.9   03:44   6.6   0.0   0.3   0.5  17.0   15:30   NNE
14  12.3  19.0   16:59   6.8   23:51   5.7   0.0   2.4   0.5  24.0   17:32     N
15  10.3  16.7   13:45   3.8   05:46   7.7   0.0   0.0   4.3  53.0   14:44    NE
16  10.5  16.1   17:38   7.3   06:29   7.5   0.0   5.7   3.3  48.0   19:00    NE
17  10.0  15.3   13:34   5.2   02:47   8.0   0.0   3.3   2.6  41.0   17:17    NE
18   9.4  14.6   15:01   5.3   05:21   8.6   0.0   8.4   1.3  33.0   11:05   NNE
19  10.3  17.4   17:22   4.2   06:12   7.7   0.0   0.3   1.3  31.0   12:30   NNE
20  11.7  17.6   17:20   7.4   05:16   6.3   0.0   2.1   1.5  33.0   16:35   NNE
21  13.8  18.7   14:47   9.7   03:24   4.2   0.0   0.0   5.2  60.0   19:03    NE
22  10.4  15.8   17:35   6.5   23:53   7.6   0.0   4.5   4.8  73.0   09:42    NE
23   9.8  16.6   16:14   3.8   04:46   8.2   0.0   0.3   2.2  38.0   12:39   NNE
24  11.9  21.7   14:40   1.3   05:37   6.7   0.0   0.0   3.3  57.0   12:53    NE
25   8.8  12.5   15:03   7.6   07:56   9.2   0.0   4.8   4.2  53.0   11:37   NNE
26   8.7  12.9   14:37   6.3   02:48   9.1   0.0   9.3   1.5  28.0   13:56   NNE
27   9.8  12.9   14:31   6.5   00:00   8.2   0.0   3.0   1.3  35.0   10:32   NNE
28  12.4  18.5   16:37   6.7   23:34   5.6   0.0   0.3   1.2  37.0   20:19     W
29  11.4  19.1   15:11   4.5   05:08   6.6   0.0   0.0   1.8  24.0   18:47     W
30  11.9  21.6   15:55   2.1   04:59   6.4   0.0   0.0   2.1  31.0   15:07     W
31  14.1  22.8   15:29   4.6   05:14   5.0   0.0   0.0   2.4  38.0   15:05     W
----------------------------------------------------------------------------------
    10.6  27.9     9    -2.4     8   237.1   0.0  80.1   2.5  73.0    22     NNE

Max >=  27.0  1
Max <=   0.0  0
Min <=   0.0  2
Min <= -18.0  0
Max Rain: 14.7 on day 4
Days of Rain: 13 (>= 2.0 mm)  13 (>= 2.0 mm)  13 (>= 2.0 mm)
Heat Base: 18.0  Cool Base: 29.0  Method: Integration

powered by CumulusMX v3.10.2 (b3117) Valid HTML5    Last Cumulus update   07:03:28