NOAA-style Climate Reports

   V/Λ SELECT: Month and Year   OR  >   Month
                   Monthly Climatological Summary for Apr 2021

Name: Wetterstation Bebra-Gilfershausen   City: Bebra   State: Germany
Elevation: 238 m  Lat: N 50°° 59' 02"   Lon: E 009°° 49' 36"

                  Temperature (°°C), Rain (mm), Wind Speed (km/h)

                                      Heat  Cool        Avg
    Mean                              Deg   Deg         Wind                 Dom
Day Temp  High   Time   Low    Time   Days  Days  Rain  Speed High   Time    Dir
----------------------------------------------------------------------------------
01  10.9  23.9   14:45   2.7   06:55   7.9   0.0   0.0   2.3  37.0   19:03   WSW
02   7.0  12.0   15:39   3.8   00:11  10.5   0.0   0.0   3.4  37.0   16:13   WSW
03   4.9  10.8   14:50  -0.5   23:38  13.1   0.0   0.0   1.9  29.0   11:06   WSW
04   3.5   9.7   15:36  -1.1   07:41  14.5   0.0   0.0   1.3  24.0   15:44    SW
05   1.7   5.1   09:35  -2.2   23:03  16.3   0.0   2.7   2.6  50.0   10:41   SSW
06   1.2   7.1   13:21  -1.9   01:17  16.8   0.0   1.5   3.0  37.0   16:26   WSW
07   1.3   5.0   15:24  -1.1   04:35  16.7   0.0   1.8   2.7  42.0   12:37   NNE
08   1.9   5.6   17:41  -2.2   23:59  16.1   0.0   0.9   1.6  29.0   12:01   NNE
09   5.0  14.9   14:35  -3.5   06:02  12.9   0.0  16.8   2.9  50.0   15:01    NE
10   6.4   9.7   15:05   3.5   00:00  11.6   0.0  11.1   0.4  17.0   17:47    NW
11   7.0  14.3   15:15   1.8   20:48  11.0   0.0   5.7   1.1  28.0   12:00   NNW
12   3.1   9.1   15:24  -1.4   22:20  14.9   0.0   0.3   1.2  26.0   13:53    SW
13   2.3  10.8   16:14  -2.3   06:14  15.7   0.0   0.3   1.4  33.0   17:13     W
14   0.5   7.9   12:48  -4.4   05:09  17.5   0.0   2.1   0.9  22.0   14:11   NNW
15   1.9   8.5   12:16  -3.3   05:28  16.1   0.0   0.0   1.9  51.0   16:06     W
16   5.0  11.1   16:03   0.1   00:00  13.0   0.0   0.0   2.7  42.0   09:38     W
17   4.4   9.3   14:24  -1.7   06:58  13.6   0.0   0.0   0.8  22.0   11:08     W
18   6.8  11.9   15:04   4.0   02:48  10.6   0.0   6.3   0.5  17.0   18:36   NNW
19   7.6  13.3   16:45   2.2   23:53  10.4   0.0   0.3   1.9  37.0   16:46     W
20   7.1  19.2   14:26  -0.6   05:51  10.9   0.0   4.2   1.1  26.0   15:25     N
21   9.8  18.2   16:24   3.4   06:52   8.1   0.0   0.3   1.8  38.0   23:03     W
22   5.9  12.0   15:35  -1.4   06:35  12.1   0.0   0.0   2.6  37.0   11:46   WSW
23   4.9  14.3   16:32  -2.6   04:57  12.9   0.0  47.4   1.6  26.0   17:32     W
24   5.7  14.2   16:04  -2.8   05:58  12.3   0.0   0.0   2.2  33.0   17:50     W
25   4.2  11.4   15:36  -2.9   06:20  13.7   0.0   0.0   3.1  35.0   16:16   WSW
26   5.0  12.9   15:48  -4.7   06:36  13.0   0.0   0.0   3.0  41.0   13:28     W
27   7.2  14.7   16:53  -2.7   05:25  10.8   0.0   0.0   4.2  51.0   09:22     W
28  10.6  20.4   18:01  -2.1   06:05   7.6   0.0   0.0   2.3  41.0   16:28    NW
29  10.8  16.8   13:51   6.6   23:24   7.2   0.0   3.3   4.0  50.0   14:59    NE
30   7.9  11.9   16:41   4.6   01:56  10.1   0.0   0.0   1.6  24.0   06:52   NNE
----------------------------------------------------------------------------------
     5.4  23.9     1    -4.7    26   377.9   0.0 105.0   2.1  51.0    15       W

Max >=  27.0  0
Max <=   0.0  0
Min <=   0.0 20
Min <= -18.0  0
Max Rain: 47.4 on day 23
Days of Rain: 9 (>= 2.0 mm)  9 (>= 2.0 mm)  9 (>= 2.0 mm)
Heat Base: 18.0  Cool Base: 29.0  Method: Integration

powered by CumulusMX v3.10.2 (b3117) Valid HTML5    Last Cumulus update   20:49:02