NOAA-style Climate Reports

   V/Λ SELECT: Month and Year   OR  >   Month
                   Monthly Climatological Summary for Mar 2021

Name: Wetterstation Bebra-Gilfershausen   City: Bebra   State: Germany
Elevation: 238 m  Lat: N 50°° 59' 02"   Lon: E 009°° 49' 36"

                  Temperature (°°C), Rain (mm), Wind Speed (km/h)

                                      Heat  Cool        Avg
    Mean                              Deg   Deg         Wind                 Dom
Day Temp  High   Time   Low    Time   Days  Days  Rain  Speed High   Time    Dir
----------------------------------------------------------------------------------
01   3.7   9.4   14:46  -1.2   00:00  14.2   0.0  39.3   2.5  29.0   16:38     W
02   5.0  15.8   14:16  -1.3   23:49  12.9   0.0   0.0   0.9  26.0   13:57    NW
03   4.0  15.0   15:11  -3.7   06:30  14.0   0.0   0.0   1.1  29.0   14:01   NNE
04   4.0   7.5   13:20   1.6   06:17  14.0   0.0   8.4   0.4  24.0   19:36     W
05   1.3   5.5   15:02  -5.4   23:32  16.7   0.0   0.3   3.8  41.0   10:33     W
06  -1.5   7.8   14:43  -7.8   07:08  19.3   0.0  48.0   0.8  28.0   15:51     W
07  -1.1   8.0   12:29  -8.0   06:55  19.1   0.0   0.0   1.1  28.0   15:10     W
08   0.1   5.2   16:17  -3.0   00:53  17.9   0.0   0.0   0.5  35.0   12:14   NNW
09   0.7   6.0   11:35  -3.7   05:15  17.3   0.0   3.9   0.8  24.0   13:02    NE
10   4.5   8.0   14:26   1.4   00:00  13.5   0.0   0.6   2.3  37.0   22:56    NE
11   7.5  12.0   15:26   4.4   02:16  10.5   0.0   2.7   6.0  48.0   06:24    NE
12   6.2   9.9   12:18   2.2   22:10  11.8   0.0   2.7   5.9  60.0   12:26   ENE
13   4.7   7.6   11:35   2.8   22:42  13.3   0.0   6.3   6.6  81.0   11:22    NE
14   4.2   7.8   14:57   1.9   02:38  13.6   0.0   0.0   1.8  35.0   14:57    NE
15   4.0   7.9   14:30   1.8   07:49  13.9   0.0   0.3   2.1  35.0   12:12   SSW
16   3.7   9.1   12:25  -0.9   22:22  14.3   0.0   0.6   2.1  31.0   03:19   WSW
17   1.2   5.4   15:34  -3.6   22:48  16.7   0.0   4.8   0.7  22.0   11:22   WSW
18   1.1   8.8   14:50  -4.7   04:33  16.9   0.0   0.3   1.0  20.0   13:28   WSW
19   1.4   6.3   12:54  -1.1   07:12  16.6   0.0   0.9   4.5  57.0   17:14     W
20   0.5   5.6   15:21  -6.1   06:09  17.5   0.0   0.0   1.4  26.0   02:26     W
21   4.3   6.9   11:25   1.5   00:38  13.7   0.0   0.3   3.3  46.0   13:31     W
22   4.4   8.5   15:06   1.9   06:14  13.3   0.0   6.6   1.1  33.0   14:58   WSW
23   4.1   8.2   15:02  -1.3   23:35  13.9   0.0   0.0   0.7  18.0   16:36   NNE
24   4.7  15.6   15:14  -4.1   06:12  13.3   0.0   0.0   2.1  38.0   14:17    NE
25   7.0  16.5   14:10  -2.4   06:22  11.0   0.0   0.6   0.7  24.0   11:58     N
26   8.3  16.7   14:29   0.9   02:48   9.7   0.0   0.0   2.4  41.0   12:14    NE
27   4.0   8.0   09:16  -1.4   23:19  14.0   0.0   2.7   2.6  55.0   10:45    NE
28   5.7  13.3   16:11  -2.5   03:14  11.6   0.0   9.9   2.1  57.0   14:34    NE
29  11.1  20.5   15:45   4.4   07:52   7.2   0.0   0.0   2.8  38.0   13:43    NE
30  10.1  24.2   15:42  -1.0   07:34   8.7   0.0   0.0   0.9  24.0   12:55     N
31  11.5  25.8   16:27  -0.2   06:22   8.0   0.0   9.9   1.8  35.0   13:28   NNE
----------------------------------------------------------------------------------
     4.2  25.8    31    -8.0     7   428.4   0.0 149.1   2.2  81.0    13       N

Max >=  27.0  0
Max <=   0.0  0
Min <=   0.0 20
Min <= -18.0  0
Max Rain: 48.0 on day 6
Days of Rain: 12 (>= 2.0 mm)  12 (>= 2.0 mm)  12 (>= 2.0 mm)
Heat Base: 18.0  Cool Base: 29.0  Method: Integration

powered by CumulusMX v3.10.2 (b3117) Valid HTML5    Last Cumulus update   11:37:51