NOAA-style Climate Reports

   V/Λ SELECT: Month and Year   OR  >   Month
                   Monthly Climatological Summary for Feb 2021

Name: Wetterstation Bebra-Gilfershausen   City: Bebra   State: Germany
Elevation: 238 m  Lat: N 50°° 59' 02"   Lon: E 009°° 49' 36"

                  Temperature (°°C), Rain (mm), Wind Speed (km/h)

                                      Heat  Cool        Avg
    Mean                              Deg   Deg         Wind                 Dom
Day Temp  High   Time   Low    Time   Days  Days  Rain  Speed High   Time    Dir
----------------------------------------------------------------------------------
01   0.8   2.9   14:38  -0.9   00:00  17.2   0.0   1.2   0.2  18.0   13:31    NW
02   4.1   7.1   23:42   2.0   00:00  13.9   0.0   2.4   0.2  17.0   12:54     N
03   7.4  10.0   12:48   4.3   07:00  10.6   0.0   5.1   0.9  37.0   17:39   ENE
04   5.6  10.4   12:23  -1.4   23:57  12.4   0.0   1.2   1.3 136.0   17:39   NNE
05   2.8   6.5   12:27  -1.4   00:00  15.1   0.0  20.7   0.2  13.0   17:35     W
06   0.9   4.1   01:29  -2.5   23:17  16.9   0.0  21.6   8.5  53.0   20:30     W
07  -5.2  -2.2   00:11  -7.7   23:33  23.2   0.0   0.0  11.8  75.0   03:55     W
08  -9.1  -7.7   00:00 -11.7   20:43  27.1   0.0   0.0   5.3  44.0   11:50     W
09 -13.8  -6.4   14:09 -20.4   23:59  31.8   0.0   0.0   0.4  18.0   13:48     W
10 -13.8  -4.2   12:56 -21.9   04:45  31.8   0.0   0.0   1.1  35.0   14:27   WSW
11  -6.9  -1.4   12:02 -12.7   03:15  24.6   0.0  21.6   0.7  17.0   11:53   NNW
12  -9.0  -2.7   13:19 -14.6   06:23  25.7   0.0  21.6   3.1  50.0   13:22     W
13 -12.5  -3.7   15:17 -19.2   06:13  30.3   0.0  21.6   1.7  33.0   14:21     W
14 -12.5  -1.0   14:03 -21.6   07:21  30.5   0.0   0.0   0.7  17.0   12:36   NNW
15  -5.8   0.5   14:27 -14.7   05:50  23.8   0.0   0.0   1.0  33.0   17:36    NE
16   2.4   8.9   14:23  -0.6   23:40  15.6   0.0   9.3   0.9  20.0   15:12   WSW
17   3.7  10.5   13:40  -0.2   00:00  14.3   0.0   1.8   0.8  26.0   15:10    SE
18   2.0   8.0   15:46  -1.8   04:02  16.0   0.0   0.0   0.2  15.0   15:21   NNW
19   3.9  10.0   14:30  -1.0   08:20  14.1   0.0   0.3   1.8 261.0   22:00   ENE
20   4.1  15.9   14:52  -2.3   06:26  13.7   0.0   0.0   0.3  24.0   16:04   NNW
21   5.2  18.3   14:41  -2.4   07:05  12.8   0.0   0.0   1.1  35.0   14:20   NNE
22   3.1  12.9   14:19  -3.2   07:31  14.9   0.0   0.0   0.7  20.0   12:32    NW
23   7.0  19.3   14:32  -1.1   02:57  11.0   0.0  33.0   1.2  31.0   13:56    NE
24   7.9  19.2   14:18   1.0   07:04  10.1   0.0  33.0   1.8  38.0   16:12    NE
25   7.8  19.7   14:40   0.2   07:52  10.3   0.0   0.0   1.3  37.0   12:51    NE
26   3.2   5.8   15:52   0.5   04:45  14.8   0.0   6.3   0.4  26.0   10:36   WNW
27   2.9   6.0   13:40  -0.6   06:10  15.1   0.0   0.0   0.8  26.0   18:34   WSW
28   3.4  11.3   14:53  -2.8   07:32  14.5   0.0  39.3   1.2  26.0   15:26     W
----------------------------------------------------------------------------------
    -0.4  19.7    25   -21.9    10   512.1   0.0 240.0   1.8 261.0    19       W

Max >=  27.0  0
Max <=   0.0  8
Min <=   0.0 23
Min <= -18.0  4
Max Rain: 39.3 on day 28
Days of Rain: 12 (>= 2.0 mm)  12 (>= 2.0 mm)  12 (>= 2.0 mm)
Heat Base: 18.0  Cool Base: 29.0  Method: Integration

powered by CumulusMX v3.10.2 (b3117) Valid HTML5    Last Cumulus update   20:29:03