NOAA-style Climate Reports

   V/Λ SELECT: Month and Year   OR  >   Month
                   Monthly Climatological Summary for Jan 2021

Name: Wetterstation Bebra-Gilfershausen   City: Bebra   State: Germany
Elevation: 238 m  Lat: N 50°° 59' 02"   Lon: E 009°° 49' 36"

                  Temperature (°°C), Rain (mm), Wind Speed (km/h)

                                      Heat  Cool        Avg
    Mean                              Deg   Deg         Wind                 Dom
Day Temp  High   Time   Low    Time   Days  Days  Rain  Speed High   Time    Dir
----------------------------------------------------------------------------------
01   1.1   2.1   11:52   0.4   04:14  16.9   0.0   1.5   0.0   8.0   10:42   NNW
02   1.1   3.1   12:35  -0.2   01:47  16.8   0.0  28.5   0.6  31.0   23:47     W
03   0.9   1.9   03:03  -0.3   19:16  17.1   0.0   0.6   4.0  37.0   00:37     W
04   0.3   0.8   13:20   0.0   00:00  17.5   0.0  29.7   1.6  24.0   20:51     W
05   0.7   1.5   12:37   0.0   11:48  17.1   0.0   0.6   3.6  29.0   02:41     W
06   0.8   1.9   12:41  -0.1   23:53  17.2   0.0   0.3   0.2  15.0   01:08     W
07   0.2   1.6   12:50  -0.4   05:01  17.7   0.0  31.2   0.6  18.0   11:58    NE
08   0.2   1.3   13:43  -0.5   21:30  17.8   0.0   2.1   0.2  13.0   13:58   NNE
09  -0.9   1.7   14:29  -3.4   06:54  18.9   0.0   0.3   0.1  15.0   15:00   WSW
10  -1.0   1.9   13:27  -4.0   23:51  19.0   0.0   0.0   0.1  11.0   12:56   NNE
11  -1.5   0.9   13:16  -4.0   08:10  19.5   0.0   0.0   4.0  50.0   20:09    NE
12   0.7   2.8   14:15  -1.3   23:17  17.3   0.0   0.0   2.2  50.0   05:41    NE
13   0.4   4.3   13:54  -2.4   02:37  17.5   0.0  33.6   1.9  48.0   14:37    NE
14   0.4   4.3   12:48  -0.6   05:10  17.5   0.0  34.2   1.6  33.0   02:23   WSW
15  -1.3   0.7   12:41  -4.7   04:27  19.3   0.0   0.0   0.6  22.0   23:11     W
16  -1.9  -0.6   14:02  -2.9   07:57  19.9   0.0   0.0   1.2  22.0   04:08   NNE
17  -1.9  -0.4   14:43  -3.3   08:13  19.9   0.0   0.0   0.3  13.0   01:39   NNE
18   0.9   2.8   13:10  -1.3   05:16  17.0   0.0   0.9   0.3  24.0   22:15     E
19   2.1   3.6   18:59   0.7   11:52  15.9   0.0   3.6   3.8  44.0   09:09    NE
20   3.9   9.0   13:19   0.0   05:13  14.1   0.0  38.7   3.2  48.0   13:29   NNE
21   6.7  10.0   09:15   1.0   00:00  11.3   0.0   2.1   6.5  77.0   10:36    NE
22   4.3   9.0   02:39  -0.6   19:24  13.5   0.0   0.3   4.4 240.0   07:06    NE
23   1.0   3.1   13:32  -0.4   00:07  16.9   0.0   0.0   0.6  24.0   11:13    NE
24   0.7   1.9   13:48  -1.5   21:55  17.3   0.0   1.5   0.6  22.0   11:42    SW
25  -1.7   1.5   13:47  -4.7   23:44  19.7   0.0   0.3   0.0  11.0   02:49     W
26  -0.1   2.1   12:22  -4.5   00:00  18.1   0.0   3.0   0.5  28.0   12:16   WSW
27   0.1   1.0   23:47  -1.3   08:00  17.9   0.0   0.6   1.9  37.0   13:49    NE
28   1.2   1.9   11:13   0.6   18:06  16.8   0.0  11.1   0.6  22.0   03:42     N
29   3.7   8.6   15:08   0.0   10:55  14.2   0.0   3.0   0.8  33.0   14:18    NE
30   1.1   6.4   01:40  -1.4   21:43  16.9   0.0   0.9   4.1  42.0   22:09     W
31  -1.4   3.9   14:26  -6.2   08:36  19.4   0.0   0.0   1.4  38.0   00:41     W
----------------------------------------------------------------------------------
     0.7  10.0    21    -6.2    31   535.9   0.0 228.6   1.7 240.0    22       N

Max >=  27.0  0
Max <=   0.0  2
Min <=   0.0 27
Min <= -18.0  0
Max Rain: 38.7 on day 20
Days of Rain: 12 (>= 2.0 mm)  12 (>= 2.0 mm)  12 (>= 2.0 mm)
Heat Base: 18.0  Cool Base: 29.0  Method: Integration

powered by CumulusMX v3.10.2 (b3117) Valid HTML5    Last Cumulus update   20:38:29