NOAA-style Climate Reports

   V/Λ SELECT: Month and Year   OR  >   Month
                   Annual Climatological Summary for 2021

Name: Wetterstation Bebra-Gilfershausen   City: Bebra   State: Germany
Elevation: 238 m  Lat: N 50°° 59' 02"   Lon: E 009°° 49' 36"

                  Temperature (°°C), Heat Base: 18.0  Cool Base: 29.0
                          Dep.  Heat  Cool                       Max  Max  Min  Min
        Mean  Mean        From  Deg   Deg                        >=   <=   <=   <=
 YR MO  Max   Min   Mean  Norm  Days  Days  Hi  Date  Low  Date 27.0  0.0  0.0 -18.0
------------------------------------------------------------------------------------
 21  1   3.1  -1.5   0.7 -14.3   536     0  10.0  21  -6.2   31    0    2   27    0
 21  2   6.4  -5.7  -0.4  -2.4   512     0  19.7  25 -21.9   10    0    8   23    4
 21  3  10.7  -1.2   4.2   2.2   428     0  25.8  31  -8.0    7    0    0   20    0
 21  4  12.2  -0.4   5.4 -79.6   378     0  23.9   1  -4.7   26    0    0   20    0
 21  5  16.7   4.9  10.6   8.6   237     0  27.9   9  -2.4    8    1    0    2    0
 21  6  26.6  12.2  19.3   3.3    54     4  35.4  18   3.3    1   17    0    0    0
 21  7  24.4  12.0  17.7-177.3    62     0  28.7  24   6.9   21    6    0    0    0
 21  8  22.5  10.6  16.0  -2.0    98     0  29.9  13   4.4   25    7    0    0    0
 21  9  24.6   9.7  15.9   2.9    52     0  28.0   9   7.0    3    3    0    0    0
 21 10
 21 11
 21 12
------------------------------------------------------------------------------------
        15.9   4.3   9.7 -29.0  2357     3  35.4 Jun -21.9  Feb   34   10   92    4

                                Precipitation (mm)

              Dep.   Max        Days of Rain
              From   Obs.           >=
 YR MO Total  Norm   Day Date  2.0  2.0  2.0
---------------------------------------------
 21  1 228.6 170.6  38.7  20    12   12   12
 21  2 240.0 196.0  39.3  28    12   12   12
 21  3 149.1  94.1  48.0   6    12   12   12
 21  4 105.0  59.0  47.4  23     9    9    9
 21  5  80.1  25.1  14.7   4    13   13   13
 21  6 156.0  83.0  63.9  17     6    6    6
 21  7 130.8  53.8  36.6   9    12   12   12
 21  8 221.4 156.4  46.5   2    16   16   16
 21  9   5.4 -63.6   2.7  15     1    1    1
---------------------------------------------
      1316.4 774.4  63.9  Jun   93   93   93

                                Wind Speed (km/h)
                          Dom
 YR MO   Avg.  Hi   Date  Dir
------------------------------
 21  1   1.7 240.0   22     N
 21  2   1.8 261.0   19     W
 21  3   2.2  81.0   13     N
 21  4   2.1  51.0   15     W
 21  5   2.5  73.0   22   NNE
 21  6   1.5  57.0   29    NW
 21  7   1.3  44.0    6     N
 21  8   1.2  48.0   16     N
 21  9   0.8  31.0    9   NNW
 21 10
 21 11
 21 12
------------------------------
         1.7 261.0  Feb   NNW

powered by CumulusMX v3.10.2 (b3117) Valid HTML5    Last Cumulus update   21:39:29