NOAA-style Climate Reports

   V/Λ SELECT: Month and Year   OR  >   Month
                   Monthly Climatological Summary for Dec 2020

Name: Wetterstation Bebra-Gilfershausen   City: Bebra   State: Germany
Elevation: 238 m  Lat: N 50°° 59' 02"   Lon: E 009°° 49' 36"

                  Temperature (°°C), Rain (mm), Wind Speed (km/h)

                                      Heat  Cool        Avg
    Mean                              Deg   Deg         Wind                 Dom
Day Temp  High   Time   Low    Time   Days  Days  Rain  Speed High   Time    Dir
----------------------------------------------------------------------------------
01   0.3   1.5   13:45  -0.6   02:53  17.7   0.0   0.6   0.6  26.0   03:10    NE
02   0.9   1.8   11:10   0.1   22:58  17.1   0.0   0.3   0.2  18.0   15:14     N
03  -0.1   1.3   15:48  -1.6   18:47  18.1   0.0   0.0   3.0  28.0   05:00   NNE
04   0.8   4.9   13:03  -3.1   23:07  17.2   0.0   0.3   1.6  28.0   04:05   NNW
05   1.0   3.8   14:54  -2.7   00:00  17.0   0.0   0.0   1.0  22.0   11:50   NNW
06   3.0   4.2   13:29   1.9   00:22  15.0   0.0   1.5   0.4  18.0   00:46     W
07   2.9   4.5   13:35   0.5   23:53  15.1   0.0   0.6   1.8  28.0   12:00    NE
08   1.6   7.2   13:59  -2.4   21:42  16.4   0.0   0.0   0.7  22.0   12:08     W
09   0.3   2.1   13:13  -2.0   00:00  17.7   0.0   0.6   0.1   9.0   17:23   WNW
10   0.9   2.1   15:06   0.0   00:32  17.1   0.0   1.2   0.2  17.0   20:51   NNE
11   1.5   3.3   13:20  -0.9   03:45  16.5   0.0   0.0   1.6  35.0   12:35   NNE
12   3.1   4.4   15:18   1.8   07:45  14.9   0.0   0.3   0.5  20.0   06:18   NNE
13   4.6   7.0   13:54   1.6   21:42  13.4   0.0   0.0   0.2  18.0   11:58    NE
14   4.0   8.3   13:14   0.2   04:31  14.0   0.0   0.0   0.9  33.0   12:02    NE
15   4.6   7.8   14:04  -0.2   02:22  13.3   0.0   0.6   0.2  26.0   17:58   ENE
16   6.5   9.9   11:42   0.9   23:55  11.4   0.0   0.0   0.7  22.0   18:07   NNW
17   2.8   6.7   14:52   0.0   21:51  15.2   0.0   0.0   0.2  20.0   14:31     E
18   3.6   9.9   14:24  -0.3   03:06  14.4   0.0   0.3   0.5  18.0   13:39     N
19   2.6  10.6   13:19  -1.8   08:43  14.9   0.0   0.0   0.5  20.0   14:57    NW
20   3.3   4.5   14:50   0.7   00:38  14.4   0.0   3.6  ----  22.0   08:59   NNE
21   5.8   7.5   23:31   4.5   00:00  12.1   0.0   6.6  ----  41.0   20:51    NE
22  10.3  14.1   13:42   7.1   00:03   7.7   0.0   2.1  ----  29.0   11:52    NE
23  10.1  10.9   13:02   9.2   01:00   7.9   0.0  12.3  ----  22.0   22:50   ENE
24   5.3   9.6   00:00   1.9   19:51  12.7   0.0   1.2  ----  41.0   03:01   ENE
25   0.4   3.2   13:08  -5.2   22:55  17.4   0.0   0.3  ----  33.0   04:59   WSW
26  -1.1   2.0   14:47  -6.7   02:08  19.0   0.0   0.3  ----  46.0   23:20    NE
27   1.8   3.4   15:58   0.5   08:23  16.2   0.0   0.0  ----  66.0   08:50    NE
28   2.9   4.4   11:46   0.5   23:56  15.1   0.0   2.4  ----  24.0   17:37     N
29   1.4   4.3   14:04  -1.8   03:01  16.6   0.0   1.5  ----  31.0   14:11    NE
30   1.9   4.2   15:06  -0.4   17:57  16.1   0.0   0.0  ----  22.0   10:28   ENE
31   1.9   3.7   12:08  -0.4   00:32  16.0   0.0   0.3  ----  41.0   12:27    NE
----------------------------------------------------------------------------------
     2.9  14.1    22    -6.7    26   467.6   0.0  36.9   0.8  66.0    27     NNE

Max >=  27.0  0
Max <=   0.0  0
Min <=   0.0 17
Min <= -18.0  0
Max Rain: 12.3 on day 23
Days of Rain: 5 (>= 2.0 mm)  5 (>= 2.0 mm)  5 (>= 2.0 mm)
Heat Base: 18.0  Cool Base: 29.0  Method: Integration

powered by CumulusMX v3.10.2 (b3117) Valid HTML5    Last Cumulus update   20:46:29