NOAA-style Climate Reports

   V/Λ SELECT: Month and Year   OR  >   Month
                   Monthly Climatological Summary for Nov 2020

Name: Wetterstation Bebra-Gilfershausen   City: Bebra   State: Germany
Elevation: 238 m  Lat: N 50°° 59' 02"   Lon: E 009°° 49' 36"

                  Temperature (°°C), Rain (mm), Wind Speed (km/h)

                                      Heat  Cool        Avg
    Mean                              Deg   Deg         Wind                 Dom
Day Temp  High   Time   Low    Time   Days  Days  Rain  Speed High   Time    Dir
----------------------------------------------------------------------------------
01  12.4  14.3   23:43   8.8   00:00   5.5   0.0   3.3   2.0  37.0   13:57   NNE
02  16.6  20.8   14:08  12.0   23:41   1.7   0.0   0.6   2.4  37.0   13:14    NE
03  10.4  13.6   11:05   6.1   23:59   7.6   0.0   0.0   1.0  24.0   11:10   NNE
04   4.6  12.0   12:52  -1.8   23:35  13.2   0.0   0.0   0.3  15.0   10:06   WNW
05   0.8   5.6   14:44  -2.4   01:19  17.2   0.0   0.3   0.1  11.0   14:16     N
06   2.4  13.3   14:38  -1.4   23:09  15.6   0.0   0.0   0.2  15.0   12:44   NNW
07   2.4  14.4   14:34  -3.6   07:50  15.6   0.0   0.3   0.2  11.0   10:32     N
08   4.0  13.4   14:43  -1.8   07:31  14.0   0.0   0.0   0.4  17.0   13:35     N
09   3.6  10.6   14:34  -1.0   23:02  14.0   0.0  51.9   0.4  17.0   13:15     N
10   1.9   7.0   14:31  -0.6   03:33  16.1   0.0   0.3   0.4  20.0   08:39     N
11   6.0   8.4   14:05   2.2   00:00  12.0   0.0   0.0   0.2  15.0   12:22   NNE
12   5.3   8.8   13:30   1.5   23:19  12.7   0.0   0.0   1.2  33.0   11:48   NNE
13   7.8  12.6   13:44   1.5   00:00  10.2   0.0   0.3   0.7  24.0   12:48    NE
14  10.3  16.0   12:17   3.3   23:51   7.7   0.0   0.0   1.1  26.0   14:04   NNE
15   9.2  16.3   12:47   3.2   00:04   8.8   0.0   1.2   2.1  42.0   11:55   NNE
16   9.0  11.9   12:45   5.3   05:23   9.0   0.0   1.5   1.3  29.0   12:36   NNE
17   8.9  10.1   15:11   6.6   01:13   9.1   0.0   0.6   1.6  26.0   09:55    NE
18   9.1  14.3   13:46   3.5   23:45   8.9   0.0   0.0   1.6  31.0   10:54    NE
19   6.9  10.3   13:30   0.5   23:56  11.1   0.0   2.1   1.4  38.0   18:52   NNE
20   1.0   5.7   13:55  -2.7   23:44  17.0   0.0   0.9   0.3  20.0   13:35     N
21   2.5   6.4   14:32  -2.3   00:00  15.5   0.0   0.3   2.7  37.0   13:58    NE
22   5.1   6.8   15:51   3.5   02:26  12.9   0.0   0.0   2.3  28.0   07:01    NE
23   4.3  10.0   12:54  -2.8   22:30  13.7   0.0   0.3   0.5  18.0   11:22   WNW
24   2.9   4.0   13:35   0.5   00:00  15.1   0.0   0.0   1.4  22.0   23:23   NNE
25   4.5   9.2   14:12   2.6   22:13  13.5   0.0   0.0   4.0  29.0   03:36   NNE
26   2.5   3.4   15:06   0.0   12:12  15.4   0.0   0.0   1.8  24.0   01:24    NE
27   2.1   8.5   13:35  -2.9   23:02  15.9   0.0   0.0   0.4  15.0   12:12   NNE
28   1.4   2.9   13:40  -1.5   00:00  16.6   0.0   0.0   3.7  41.0   19:17     W
29  -0.4   3.0   12:39  -5.1   23:55  18.4   0.0   0.0   1.3  33.0   00:38   WNW
30  -2.6   2.4   13:52  -8.3   06:57  20.6   0.0   0.0   1.3  33.0   14:05    NE
----------------------------------------------------------------------------------
     5.2  20.8     2    -8.3    30   384.6   0.0  63.9   1.3  42.0    15     NNE

Max >=  27.0  0
Max <=   0.0  0
Min <=   0.0 15
Min <= -18.0  0
Max Rain: 51.9 on day 9
Days of Rain: 3 (>= 2.0 mm)  3 (>= 2.0 mm)  3 (>= 2.0 mm)
Heat Base: 18.0  Cool Base: 29.0  Method: Integration

powered by CumulusMX v3.10.2 (b3117) Valid HTML5    Last Cumulus update   20:19:02