NOAA-style Climate Reports

   V/Λ SELECT: Month and Year   OR  >   Month
                   Monthly Climatological Summary for Sep 2020

Name: Wetterstation Bebra-Gilfershausen   City: Bebra   State: Germany
Elevation: 238 m  Lat: N 50°° 59' 02"   Lon: E 009°° 49' 36"

                  Temperature (°°C), Rain (mm), Wind Speed (km/h)

                                      Heat  Cool        Avg
    Mean                              Deg   Deg         Wind                 Dom
Day Temp  High   Time   Low    Time   Days  Days  Rain  Speed High   Time    Dir
----------------------------------------------------------------------------------
01  12.6  17.0   17:08   8.3   06:51   5.4   0.0   1.8   1.2  31.0   13:30    NW
02  12.9  22.2   15:56   7.3   23:57   5.5   0.0   9.6   0.8  18.0   13:58   NNW
03  12.3  21.3   14:27   4.0   06:31   6.1   0.0   1.8   1.6  37.0   15:54   NNE
04  18.5  25.9   14:41  13.8   00:04   1.5   0.0   0.0   1.9  33.0   14:45   NNE
05  14.4  19.0   13:35   8.2   23:56   3.6   0.0   0.0   0.5  18.0   13:47   WNW
06  12.6  21.6   14:34   7.4   03:33   5.5   0.0   0.0   0.8  26.0   12:03     N
07  12.9  21.9   15:54   4.9   06:03   5.8   0.0   0.0   1.2  20.0   12:51     N
08  15.9  28.0   21:47   4.9   06:44   4.7   0.0  11.4   2.6  35.0   11:32     N
09  25.0  28.0   00:00  17.7   23:57   0.0   0.0  11.4   1.6  38.0   12:33     N
10  15.6  21.3   15:37   7.5   23:59   2.9   0.0   0.6   1.1  22.0   02:29     W
11  12.7  24.3   15:37   3.7   07:06   6.5   0.0   0.0   0.9  24.0   15:57     N
12  15.0  26.7   15:13   5.0   06:52   5.2   0.0  12.0   1.5  35.0   14:00     N
13  15.8  26.7   15:50   7.0   06:27   4.4   0.0   0.0   1.0  26.0   15:01   NNE
14  17.7  30.5   15:46   7.8   07:02   3.8   0.1   0.0   0.8  24.0   15:49   NNE
15  17.9  30.7   16:03   8.8   07:18   3.3   0.0   0.0   0.7  22.0   12:52   NNE
16  17.5  28.1   15:51   8.7   07:16   3.2   0.0   0.0   0.2  20.0   20:58   WSW
17  14.5  19.6   14:52   7.3   23:59   3.6   0.0   0.0   4.0  51.0   15:06   WSW
18  13.0  21.8   15:00   4.5   07:42   5.4   0.0   0.0   3.4  41.0   16:05     W
19  12.7  24.6   14:18   2.9   06:52   6.6   0.0   0.0   2.0  31.0   16:04     W
20  11.9  23.2   14:15   3.3   06:12   6.9   0.0   0.0   1.1  31.0   12:44     W
21  13.1  25.7   15:25   3.5   06:40   6.5   0.0  12.0   0.6  24.0   14:49    NW
22  14.7  26.5   15:31   4.9   07:00   5.4   0.0   0.0   1.0  33.0   14:26   NNE
23  16.0  25.6   15:03   9.4   02:10   3.7   0.0   0.0   1.6  29.0   14:06   NNE
24  15.1  20.8   15:02  10.1   04:32   3.2   0.0   1.8   3.1  37.0   15:37   NNE
25  11.9  15.0   12:16   7.2   23:57   6.1   0.0   0.3   3.1  42.0   12:21   NNE
26   8.4  11.2   14:59   5.9   03:59   9.6   0.0  12.9   0.5  17.0   09:22   NNE
27   9.0  12.7   13:55   6.1   04:58   8.9   0.0   0.0   0.9  22.0   11:02   NNE
28  10.0  17.3   15:29   4.6   23:51   8.0   0.0   0.0   1.2  33.0   12:47   NNE
29   8.6  13.9   15:52   1.6   05:49   9.4   0.0   0.0   0.7  18.0   14:46   NNE
30  13.9  19.8   14:21   9.2   23:57   4.1   0.0  29.4   1.2  26.0   17:00   NNE
----------------------------------------------------------------------------------
    14.1  30.7    15     1.6    29   154.8   0.1 105.0   1.4  51.0    17     NNW

Max >=  27.0  5
Max <=   0.0  0
Min <=   0.0  0
Min <= -18.0  0
Max Rain: 29.4 on day 30
Days of Rain: 7 (>= 2.0 mm)  7 (>= 2.0 mm)  7 (>= 2.0 mm)
Heat Base: 18.0  Cool Base: 29.0  Method: Integration

powered by CumulusMX v3.8.3 (b3093) Valid HTML5    Last Cumulus update   08:21:19