NOAA-style Climate Reports

   V/Λ SELECT: Month and Year   OR  >   Month
                   Monthly Climatological Summary for Jul 2020

Name: Wetterstation Bebra-Gilfershausen   City: Bebra   State: Germany
Elevation: 238 m  Lat: N 50°° 59' 02"   Lon: E 009°° 49' 36"

                  Temperature (°°C), Rain (mm), Wind Speed (km/h)

                                      Heat  Cool        Avg
    Mean                              Deg   Deg         Wind                 Dom
Day Temp  High   Time   Low    Time   Days  Days  Rain  Speed High   Time    Dir
----------------------------------------------------------------------------------
01  20.2  27.4   16:32  14.9   00:25   0.8   0.0   3.0   3.7  42.0   10:38   NNE
02  18.2  25.0   14:59  14.2   05:38   1.2   0.0   6.3   2.2  31.0   10:59   NNE
03  16.8  24.0   17:31  11.1   02:58   2.5   0.0   0.0   1.9  28.0   14:33   NNE
04  17.7  24.6   13:58   8.6   04:58   2.7   0.0   0.0   3.7  51.0   14:11   NNE
05  21.5  27.7   17:22  18.1   23:51   0.0   0.0   0.0   5.0  48.0   15:19   NNE
06  15.4  20.5   15:21   8.3   23:26   2.8   0.0   3.0   2.8  41.0   16:34     N
07  14.3  21.4   18:29   6.7   02:52   4.3   0.0   0.3   1.9  29.0   13:09     N
08  13.7  16.6   18:57  12.0   07:33   4.3   0.0   0.0   0.7  28.0   16:18   NNE
09  18.1  25.8   18:27  12.9   00:00   1.9   0.0   2.1   1.7  35.0   13:53   NNE
10  18.0  24.3   10:10  11.9   23:57   1.5   0.0   0.0   2.0  48.0   13:46     N
11  14.4  22.4   16:29   6.4   05:42   4.3   0.0   0.0   0.8  20.0   09:49   WSW
12  14.4  23.3   15:18   5.1   05:38   4.8   0.0   0.0   1.1  35.0   18:22     W
13  16.4  27.0   18:10   5.3   05:20   4.3   0.0   0.0   0.8  24.0   14:55   WSW
14  18.2  28.4   13:54   7.2   05:25   3.1   0.0   0.0   1.5  33.0   15:36     N
15  15.1  19.7   18:20  10.8   23:44   2.9   0.0   2.4   0.5  29.0   17:22    SW
16  13.2  18.0   14:34   9.9   05:21   4.8   0.0   0.9   0.5  24.0   14:48     N
17  15.6  23.0   16:44  10.2   23:46   3.4   0.0   0.3   0.6  20.0   17:01   WNW
18  16.7  27.7   17:24   6.1   05:54   4.0   0.0   0.0   1.0  26.0   18:34   NNW
19  19.1  28.6   13:14   8.5   05:08   2.9   0.0   0.0   1.7  29.0   16:34   NNE
20  17.7  28.0   09:07  10.8   04:58   2.4   0.0   0.0   1.4  29.0   15:34    NW
21  15.7  24.2   15:46   6.3   05:43   4.1   0.0   0.0   1.3  28.0   16:14   WSW
22  15.5  25.5   16:35   4.9   05:22   4.5   0.0   0.0   1.8  26.0   14:53   WNW
23  17.0  26.6   17:30   7.4   06:03   3.5   0.0   0.0   0.9  22.0   13:52   WSW
24  19.3  27.9   16:19  10.3   01:51   2.3   0.0   0.0   1.8  38.0   13:06    NW
25  20.2  28.0   19:01  13.8   06:14   0.9   0.0   0.0   2.2  33.0   16:30   NNE
26  19.4  26.0   14:51  13.1   23:37   0.9   0.0   6.6   1.8  38.0   12:54     N
27  18.2  27.1   17:17   8.7   05:44   2.6   0.0   0.0   1.3  38.0   15:06   NNE
28  20.7  27.7   13:28  14.0   23:54   1.0   0.0   0.0   2.2  41.0   16:03    NW
29  16.8  25.5   16:12   8.2   05:32   3.3   0.0   0.0   2.0  38.0   15:30     N
30  18.0  28.9   16:55   7.2   06:01   3.4   0.0   0.0   1.2  24.0   10:58   WNW
31  21.0  32.7   15:35   9.7   06:25   2.4   0.5   0.0   1.2  29.0   16:04     W
----------------------------------------------------------------------------------
    17.3  32.7    31     4.9    22    87.8   0.5  24.9   1.7  51.0     4       N

Max >=  27.0 13
Max <=   0.0  0
Min <=   0.0  0
Min <= -18.0  0
Max Rain: 6.6 on day 26
Days of Rain: 6 (>= 2.0 mm)  6 (>= 2.0 mm)  6 (>= 2.0 mm)
Heat Base: 18.0  Cool Base: 29.0  Method: Integration

powered by CumulusMX v3.10.2 (b3117) Valid HTML5    Last Cumulus update   07:01:18