NOAA-style Climate Reports

   V/Λ SELECT: Month and Year   OR  >   Month
                   Monthly Climatological Summary for Jun 2020

Name: Wetterstation Bebra-Gilfershausen   City: Bebra   State: Germany
Elevation: 238 m  Lat: N 50°° 59' 02"   Lon: E 009°° 49' 36"

                  Temperature (°°C), Rain (mm), Wind Speed (km/h)

                                      Heat  Cool        Avg
    Mean                              Deg   Deg         Wind                 Dom
Day Temp  High   Time   Low    Time   Days  Days  Rain  Speed High   Time    Dir
----------------------------------------------------------------------------------
01  15.2  24.7   16:27   3.5   05:27   4.9   0.0   0.0   2.9  35.0   14:18     W
02  16.9  27.1   16:35   4.9   05:25   4.1   0.0   0.0   1.5  33.0   12:29     W
03  16.9  27.4   13:23   7.8   05:16   3.2   0.0   3.0   1.2  31.0   15:35     N
04  13.0  16.8   17:44   9.4   05:38   5.0   0.0  11.4   0.3  18.0   18:36   NNW
05  10.7  28.0   03:31   7.3   23:55   7.2   0.0   6.0   3.4  46.0   16:03   NNE
06  10.3  15.9   13:11   5.4   04:40   7.7   0.0   5.1   2.8  51.0   12:33   NNE
07  12.7  18.8   14:29   0.0   07:42   7.8   0.0   0.0   3.4 830.0   07:42     N
08  13.5  21.5   17:40   6.2   05:56   4.8   0.0   0.0   0.7  26.0   18:03    NW
09  14.6  18.5   00:00  12.2   23:46   0.9   0.0   1.5   0.6  15.0   19:16    NW
10  14.1  18.6   15:46  11.4   04:46   3.9   0.0   2.1   0.1  13.0   14:16     W
11  14.5  17.6   11:46  10.9   23:46   3.5   0.0   1.2   0.8  22.0   17:07     W
12  18.8  27.2   17:06   9.3   04:56   2.4   0.0   0.0   3.8  46.0   19:21     W
13  21.4  31.1   17:03  12.7   05:06   1.2   0.1   0.0   1.9  38.0   21:06     W
14  18.5  23.6   16:36  15.2   03:41   0.7   0.0  18.3   0.4  20.0   17:43     N
15  15.8  17.5   18:11  14.0   23:30   2.2   0.0  26.4   0.2  17.0   05:18     N
16  16.8  21.8   12:01  12.5   23:45   2.0   0.0   0.0   0.3  17.0   15:40   NNE
17  18.0  25.5   14:00  12.4   00:23   2.1   0.0   0.0   2.0  41.0   15:16     W
18  15.8  18.7   17:51  12.2   23:50   2.2   0.0   3.6   0.7  26.0   05:51   NNE
19  16.9  24.6   13:19  11.9   00:31   2.4   0.0   0.0   1.3  26.0   14:12     N
20  17.2  24.0   17:07  11.4   23:55   2.3   0.0   0.0   0.7  22.0   13:22   WSW
21  17.2  25.8   17:47   7.8   04:47   3.2   0.0   0.0   0.9  26.0   11:59   NNW
22  18.3  24.1   16:13  11.5   23:50   1.6   0.0   0.0   1.0  26.0   15:00    SW
23  17.7  27.2   16:11   7.4   05:04   3.4   0.0   0.0   1.4  31.0   16:51     W
24  18.5  26.2   15:46   8.4   05:15   2.6   0.0   0.0   2.7  35.0   15:49     W
25  18.9  26.2   15:53  11.7   05:28   1.8   0.0   0.0   2.8  42.0   18:07     W
26  20.3  29.3   16:45  10.4   05:59   1.9   0.0   0.0   1.5  28.0   13:09    NW
27  21.1  28.2   16:10  13.5   02:38   1.0   0.0   0.0   2.9  41.0   13:34   NNE
28  19.0  24.1   11:56  13.4   23:49   0.5   0.0   0.6   2.1  33.0   16:32   NNE
29  15.7  22.8   17:27   9.4   04:14   3.2   0.0   1.5   2.8  41.0   12:02   NNE
30  16.2  22.3   15:04   8.3   05:57   2.8   0.0   0.0   4.1  48.0   14:37   NNE
----------------------------------------------------------------------------------
    16.5  31.1    13     0.0     7    92.5   0.1  80.7   1.7 830.0     7     NNW

Max >=  27.0  8
Max <=   0.0  0
Min <=   0.0  1
Min <= -18.0  0
Max Rain: 26.4 on day 15
Days of Rain: 8 (>= 2.0 mm)  8 (>= 2.0 mm)  8 (>= 2.0 mm)
Heat Base: 18.0  Cool Base: 29.0  Method: Integration

powered by CumulusMX v3.8.3 (b3093) Valid HTML5    Last Cumulus update   23:57:08