NOAA-style Climate Reports

   V/Λ SELECT: Month and Year   OR  >   Month
                   Monthly Climatological Summary for May 2020

Name: Wetterstation Bebra-Gilfershausen   City: Bebra   State: Germany
Elevation: 238 m  Lat: N 50°° 59' 02"   Lon: E 009°° 49' 36"

                  Temperature (°°C), Rain (mm), Wind Speed (km/h)

                                      Heat  Cool        Avg
    Mean                              Deg   Deg         Wind                 Dom
Day Temp  High   Time   Low    Time   Days  Days  Rain  Speed High   Time    Dir
----------------------------------------------------------------------------------
01  13.4  13.4   00:00  13.4   00:00   0.0   0.0   0.0   3.6  15.0   00:00     N
02   8.0  11.9   16:03   5.3   01:03   9.9   0.0   3.9   0.2  17.0   16:03   NNE
03  10.0  16.1   14:35   3.0   06:12   8.0   0.0   0.0   1.4  37.0   11:07     N
04   8.5  12.4   14:01   2.1   23:54   9.5   0.0   0.9   1.4  37.0   13:18     W
05   6.4  14.2   17:18  -1.2   05:55  11.1   0.0   0.0   2.2  21.0   05:15     W
06   7.7  17.7   17:51  -2.8   06:19  10.3   0.0   0.0   1.6  28.0   10:44   WNW
07  10.3  22.1   16:09  -1.2   06:11   8.4   0.0   0.0   1.4  26.0   15:44    NW
08  13.5  24.6   16:30   3.0   05:27   6.1   0.0   0.0   1.1  24.0   14:12   WNW
09  15.0  24.3   15:03   4.6   05:31   4.6   0.0   0.0   2.4  41.0   13:26     W
10  14.9  23.2   13:54   7.7   03:59   4.0   0.0   0.0   0.8  26.0   15:48     N
11   5.9  14.4   01:19  -0.2   23:39  12.1   0.0  10.5   3.8  48.0   10:27     W
12   4.6  11.9   15:23  -2.9   04:23  13.4   0.0   0.0   1.5  28.0   13:58    NW
13   7.9  14.7   14:43   0.6   01:23   9.9   0.0   0.0   1.3  28.0   23:42   WNW
14   8.2  14.3   16:08   1.5   06:15   9.6   0.0   0.3   2.5  38.0   16:16     W
15   8.0  17.0   15:48  -1.6   06:02   9.9   0.0   0.0   1.9  33.0   11:26     W
16   9.6  20.5   16:56  -1.9   05:50   8.5   0.0   0.0   1.7  35.0   13:30     N
17  11.3  19.7   16:43   3.4   04:53   6.8   0.0   0.0   1.6  29.0   12:26   NNW
18  13.4  23.5   16:35   1.9   05:35   6.0   0.0   0.0   2.1  35.0   15:49     N
19  15.2  25.4   14:52   4.3   05:35   4.4   0.0   0.0   1.7  28.0   12:59   WNW
20  14.8  18.9   14:47   7.8   23:53   3.3   0.0   0.0   1.5  38.0   18:15     W
21  15.2  25.5   17:36   4.0   05:28   4.9   0.0   0.0   1.4  28.0   10:55   WNW
22  16.6  25.4   14:12   6.6   04:56   3.4   0.0   1.8   1.3  29.0   18:36   NNE
23  12.9  16.4   00:07   8.2   23:48   5.1   0.0   3.9   1.5  31.0   16:26   NNE
24  10.9  17.9   13:50   4.5   05:09   7.1   0.0   5.1   2.1  35.0   09:59   NNE
25  13.5  19.3   14:56   7.5   23:57   4.6   0.0   0.3   1.9  42.0   14:43   WSW
26  11.4  19.9   15:56   2.5   05:16   6.7   0.0   0.0   1.1  22.0   10:23   WNW
27  14.3  24.9   15:23   3.0   05:20   5.3   0.0   0.0   0.3  26.0   15:56    NW
28  14.7  20.5   15:09   7.1   23:57   3.7   0.0   0.0  ----  38.0   14:36     W
29  12.3  20.4   15:55   2.5   05:27   6.0   0.0   0.0  ----  42.0   16:44     W
30  12.1  19.9   14:56   2.8   05:26   6.0   0.0   0.0  ----  53.0   14:41     W
31  12.7  20.8   16:31   4.9   05:28   5.6   0.0   0.0  ----  35.0   11:13     W
----------------------------------------------------------------------------------
    11.4  25.5    21    -2.9    12   214.2   0.0  26.7   1.7  53.0    30      NW

Max >=  27.0  0
Max <=   0.0  0
Min <=   0.0  7
Min <= -18.0  0
Max Rain: 10.5 on day 11
Days of Rain: 4 (>= 2.0 mm)  4 (>= 2.0 mm)  4 (>= 2.0 mm)
Heat Base: 18.0  Cool Base: 29.0  Method: Integration

powered by CumulusMX v3.8.3 (b3093) Valid HTML5    Last Cumulus update   12:37:08