NOAA-style Climate Reports

   V/Λ SELECT: Month and Year   OR  >   Month
                   Monthly Climatological Summary for Mär 2020

Name: Wetterstation Bebra-Gilfershausen   City: Bebra   State: Germany
Elevation: 238 m  Lat: N 50 59 02   Lon: E 009 49 36

                  Temperature (°°C), Rain (mm), Wind Speed (km/h)

                                      Heat  Cool        Avg
    Mean                              Deg   Deg         Wind                 Dom
Day Temp  High   Time   Low    Time   Days  Days  Rain  Speed High   Time    Dir
----------------------------------------------------------------------------------
01   6,1   9,8   15:44   0,0   00:10  11,9   0,0   2,7   3,7  53,0   10:20   ENE
02   6,0  11,3   14:52   1,3   07:32  12,0   0,0   2,4   2,2  38,0   02:38   NNE
03   3,8   8,2   12:28  -2,5   23:59  14,2   0,0   2,7   1,3  38,0   06:53    NW
04   1,0   6,4   16:50  -3,2   01:52  17,0   0,0   0,0   0,2  15,0   13:12   NNE
05   3,9   8,9   12:13  -1,1   02:29  14,1   0,0   2,7   2,1  37,0   11:44     N
06   4,6   6,7   12:48   0,0   00:42  13,4   0,0  13,2   1,5  28,0   22:56    NE
07   3,4   7,3   15:32  -1,5   23:27  14,6   0,0   2,7   0,9  22,0   02:08   SSW
08   5,8  11,1   13:47  -1,7   00:03  12,2   0,0   0,0   3,8  51,0   12:32    NE
09   6,5  11,5   14:48   0,7   21:30  11,5   0,0   0,3   1,6  46,0   13:33   NNE
10   5,9  11,1   23:56   1,8   00:00  12,1   0,0   7,8   4,0  50,0   07:23    NE
11   9,9  12,7   16:07   6,7   06:49   8,1   0,0  18,6   1,4  33,0   00:51    NE
12   9,3  13,1   14:49   2,7   22:59   8,6   0,0   1,8   4,0  60,0   09:06   ENE
13   5,8  11,4   14:57   1,5   22:51  12,2   0,0   0,9   3,7  57,0   13:13    NE
14   4,8  11,3   13:30  -0,4   07:25  13,2   0,0   0,0   1,2  29,0   16:08    NW
15   5,7  13,7   15:10  -1,6   03:15  12,2   0,0   0,0   3,4  60,0   10:49   ENE
16   7,2  18,3   15:20  -2,1   05:50  10,8   0,0   0,0   1,1  24,0   13:54   NNE
17   8,2  16,1   15:04   1,5   23:57   9,8   0,0   0,0   0,7  20,0   14:01     N
18   7,9  17,8   13:22  -1,0   06:36  10,0   0,0   0,0   2,3  44,0   13:25   NNE
19   9,6  18,7   14:23   2,0   01:22   8,4   0,0   0,0   1,3  31,0   16:29   WNW
20   8,0  10,3   13:08   4,3   23:59   9,9   0,0   0,0  ----  55,0   21:23     W
21   4,2   6,9   12:10   1,0   23:40  13,8   0,0   0,0  ----  68,0   10:43     W
22   1,7   5,8   15:00  -1,8   06:13  16,1   0,0   0,0  ----  73,0   13:53     W
23   1,2   7,6   13:23  -4,8   04:59  16,8   0,0   0,0  ----  50,0   15:17     W
24   1,5   9,1   14:38  -7,5   06:08  16,5   0,0   0,0  ----  42,0   17:01     W
25   1,7   9,4   14:19  -7,6   06:49  16,3   0,0   0,0  ----  59,0   15:23     W
26   3,6  10,6   15:09  -4,6   05:33  14,3   0,0   0,0  ----  55,0   17:53     W
27   8,4  16,6   15:02  -1,5   06:01   9,5   0,0   0,0  ----  55,0   15:46     W
28   7,4  16,4   14:18  -0,1   05:24  10,6   0,0   0,0  ----  37,0   16:31     W
29   3,3   6,6   11:19   0,2   23:53  14,1   0,0   0,9  ----  42,0   15:06     W
30   0,7   7,7   14:19  -7,8   07:50  17,3   0,0   0,0  ----  35,0   00:01   WNW
31   1,7   7,4   14:54  -4,3   23:48  16,3   0,0   0,0  ----  48,0   11:18     W
----------------------------------------------------------------------------------
     5,1  18,7    19    -7,8    30   397,8   0,0  56,7   2,1  73,0    22      NE

Max >=  27,0  0
Max <=   0,0  0
Min <=   0,0 20
Min <= -18,0  0
Max Rain: 18,6 on day 11
Days of Rain: 8 (>= 2,0 mm)  8 (>= 2,0 mm)  8 (>= 2,0 mm)
Heat Base: 18,0  Cool Base: 29,0  Method: Integration

powered by CumulusMX v3.8.3 (b3093) Valid HTML5    Last Cumulus update   12:20:08