NOAA-style Climate Reports

   V/Λ SELECT: Month and Year   OR  >   Month
                   Monthly Climatological Summary for Feb 2020

Name: Wetterstation Bebra-Gilfershausen   City: Bebra   State: Germany
Elevation: 238 m  Lat: N 50 59 02   Lon: E 009 49 36

                  Temperature (°°C), Rain (mm), Wind Speed (km/h)

                                      Heat  Cool        Avg
    Mean                              Deg   Deg         Wind                 Dom
Day Temp  High   Time   Low    Time   Days  Days  Rain  Speed High   Time    Dir
----------------------------------------------------------------------------------
01  10,0  11,5   07:09   0,0   00:02   8,0   0,0  36,3   2,7  42,0   07:16   ENE
02   7,8  10,9   17:26   5,7   11:25  10,2   0,0   3,3   1,9  38,0   05:14   ENE
03   8,6  11,8   10:43   5,6   23:55   9,4   0,0   3,9   2,1  51,0   11:10    NE
04   3,1   5,6   00:00   0,7   09:35  14,9   0,0  16,8   1,3  35,0   03:59   WSW
05   2,0   7,7   14:06  -3,6   21:16  16,0   0,0   0,0   1,4  35,0   04:37     W
06   1,2   4,2   15:49  -2,1   00:00  16,6   0,0   0,0   0,1  17,0   16:48    NE
07   2,0   7,3   13:31  -3,2   23:19  16,0   0,0   0,0   1,3  29,0   13:26   NNE
08   1,4   7,6   14:52  -5,6   06:21  16,5   0,0   0,0   0,6  22,0   15:41   NNE
09   7,1  12,0   20:14  -0,7   03:48  10,9   0,0   0,0   9,5  90,0   20:23   ENE
10   6,6  12,0   01:31   3,7   21:55  11,4   0,0   9,9   8,0  68,0   00:19    NE
11   3,3   6,8   12:59   0,4   23:35  14,7   0,0   3,3   5,7  73,0   14:34   NNE
12   2,7   6,7   12:20  -0,5   23:29  15,3   0,0   0,6   3,5  68,0   12:38    NE
13   2,1   5,5   13:35  -1,0   03:13  15,9   0,0   2,4   1,2  64,0   13:44   NNE
14   4,5   7,5   13:48   2,2   02:26  13,5   0,0   0,3  ----  20,0   12:21    NE
15   5,0  10,4   15:06  -0,8   05:55  13,0   0,0   0,0  ----  50,0   15:07    NE
16  12,2  16,3   14:42   5,7   00:00   5,7   0,0   0,6  ----  70,0   23:34    NE
17   7,1  14,1   00:00   3,5   20:58  10,9   0,0   2,7  ----  57,0   00:04    NE
18   6,1   9,2   14:23   4,2   07:41  11,9   0,0   0,9  ----  44,0   11:01   ENE
19   4,2   7,5   15:23  -1,5   23:59  13,7   0,0   3,9  ----  41,0   01:18   NNE
20   4,6   8,0   14:31  -1,5   00:00  13,4   0,0   2,4  ----  53,0   23:59   ENE
21   5,0   8,0   14:22   2,7   06:55  13,0   0,0   1,8  ----  50,0   12:55   ENE
22   6,9  10,4   14:00   2,2   07:22  11,1   0,0   0,0  ----  51,0   14:17   ENE
23   8,7  11,1   15:38   4,7   23:47   9,3   0,0   3,6  ----  59,0   11:53     E
24   4,2   5,9   17:21  -0,2   06:16  13,8   0,0   0,6  ----  42,0   21:11    NE
25   7,4  11,5   14:21   0,0   00:17  10,5   0,0   4,8  ----  50,0   13:30    NE
26   1,7   3,0   15:18   0,5   08:52  16,3   0,0   5,1  ----  31,0   09:52   NNE
27   1,9   4,1   13:06   0,4   23:33  16,1   0,0   1,5  ----  29,0   13:20     N
28   2,5   6,0   11:40   0,3   00:21  15,5   0,0   2,4  ----  53,0   22:16    NE
29   6,7  12,9   14:43   0,0   00:14  11,3   0,0   1,5  ----  59,0   16:19    NE
----------------------------------------------------------------------------------
     5,1  16,3    16    -5,6     8   374,8   0,0 108,6   3,1  90,0     9      NE

Max >=  27,0  0
Max <=   0,0  0
Min <=   0,0 14
Min <= -18,0  0
Max Rain: 36,3 on day 1
Days of Rain: 14 (>= 2,0 mm)  14 (>= 2,0 mm)  14 (>= 2,0 mm)
Heat Base: 18,0  Cool Base: 29,0  Method: Integration

powered by CumulusMX v3.8.3 (b3093) Valid HTML5    Last Cumulus update   09:25:19