NOAA-style Climate Reports

   V/Λ SELECT: Month and Year   OR  >   Month
                   Monthly Climatological Summary for Jan 2020

Name: Wetterstation Bebra-Gilfershausen   City: Bebra   State: Germany
Elevation: 238 m  Lat: N 50 59 02   Lon: E 009 49 36

                  Temperature (°°C), Rain (mm), Wind Speed (km/h)

                                      Heat  Cool        Avg
    Mean                              Deg   Deg         Wind                 Dom
Day Temp  High   Time   Low    Time   Days  Days  Rain  Speed High   Time    Dir
----------------------------------------------------------------------------------
01  -3,2   3,3   14:41  -7,0   23:39  21,1   0,0   0,0   0,1   9,0   02:34     N
02  -3,6   1,5   23:55  -8,6   07:59  21,6   0,0   0,0   1,1  35,0   12:07   NNE
03   4,4   7,1   22:16   1,5   00:00  13,6   0,0   2,7   2,8  29,0   02:40   NNE
04   2,9   5,2   13:47  -0,5   06:44  15,1   0,0   4,2   1,2  35,0   12:13     N
05   1,1   3,0   20:38  -1,3   01:46  16,9   0,0   0,3   0,0  11,0   13:44     N
06   1,8   7,2   14:20  -2,7   22:56  16,2   0,0   0,3   0,3  20,0   13:41   ENE
07   1,9   5,0   14:43  -3,0   00:56  16,1   0,0   0,3   0,8  22,0   03:35   ENE
08   5,0   6,1   22:32   3,9   08:37  13,0   0,0   3,3   2,3  41,0   08:00   ENE
09   8,3   9,9   13:37   5,7   02:19   9,6   0,0  14,4   1,4  35,0   21:29    NE
10   7,2  10,4   13:57   4,0   23:04  10,8   0,0   3,0   1,0  26,0   13:19   NNE
11   3,1   7,3   13:00  -2,1   23:52  14,9   0,0   0,0   1,2  37,0   14:37    NE
12   1,2   4,4   23:52  -2,8   04:32  16,7   0,0   0,0   3,8  50,0   13:22   ENE
13   5,0   8,4   13:37   3,8   19:38  13,0   0,0   0,3   1,8  33,0   00:00    NE
14   8,0  10,0   21:01   4,3   00:28  10,0   0,0   0,0   7,0  63,0   16:58    NE
15   9,6  13,3   13:50   6,6   08:25   8,3   0,0   0,0   2,8  41,0   15:45    NE
16   6,0  13,3   14:31  -0,4   23:30  12,0   0,0  11,7   0,7  26,0   15:09   NNE
18   2,6   5,8   15:05  -1,8   21:48  15,4   0,0  12,0   1,0  28,0   13:38    NE
19   1,3   4,0   14:09  -1,7   00:00  16,7   0,0   0,6   0,1  13,0   12:27    SW
20   0,1   5,0   10:59  -5,5   23:58  17,9   0,0   0,0   0,2  11,0   11:08     N
21  -3,1   4,4   14:25  -6,2   03:00  21,1   0,0   0,0   0,1  11,0   19:02   NNW
23  -0,3   2,5   15:07  -5,5   23:47  18,3   0,0   0,0   0,4  29,0   12:08    NW
24  -1,3  -0,2   14:30  -5,5   00:00  19,3   0,0   0,0   2,6  29,0   10:14   NNE
25  -0,6   0,4   22:38  -1,6   01:22  18,6   0,0   0,0   1,7  26,0   16:49    NE
26   1,4   3,4   20:39  -0,5   05:34  16,6   0,0   0,0   0,8  18,0   00:43   NNE
27   4,2   6,7   13:20  -0,1   02:53  13,7   0,0   3,3   2,8  35,0   18:23   NNE
28   3,8   5,5   04:53   1,2   21:02  14,2   0,0  11,4   3,3  44,0   02:29    NE
29   2,6   4,8   15:58   0,2   23:02  15,4   0,0   0,0   2,0  35,0   15:08    NE
30   5,2   8,1   14:26   0,9   00:53  12,8   0,0   0,0   2,9  38,0   13:49   ENE
----------------------------------------------------------------------------------
     2,7  13,3    15    -8,6     2   428,9   0,0  67,8   1,7  63,0    14      NE

Max >=  27,0  0
Max <=   0,0  1
Min <=   0,0 18
Min <= -18,0  0
Max Rain: 14,4 on day 9
Days of Rain: 9 (>= 2,0 mm)  9 (>= 2,0 mm)  9 (>= 2,0 mm)
Heat Base: 18,0  Cool Base: 29,0  Method: Integration

powered by CumulusMX v3.8.3 (b3093) Valid HTML5    Last Cumulus update   09:18:19