NOAA-style Climate Reports

   V/Λ SELECT: Month and Year   OR  >   Month
                   Annual Climatological Summary for 2020

Name: Wetterstation Bebra-Gilfershausen   City: Bebra   State: Germany
Elevation: 238 m  Lat: N 50°° 59' 02"   Lon: E 009°° 49' 36"

                  Temperature (°°C), Heat Base: 18.0  Cool Base: 29.0
                          Dep.  Heat  Cool                       Max  Max  Min  Min
        Mean  Mean        From  Deg   Deg                        >=   <=   <=   <=
 YR MO  Max   Min   Mean  Norm  Days  Days  Hi  Date  Low  Date 27.0  0.0  0.0 -18.0
------------------------------------------------------------------------------------
 20  1   5.9  -0.9   2.7 -12.3   429     0  13.3  15  -8.6    2    0    1   18    0
 20  2   8.8   0.8   5.1   3.1   375     0  16.3  16  -5.6    8    0    0   14    0
 20  3  11.0  -1.0   5.1   3.1   398     0  18.7  19  -7.8   30    0    0   20    0
 20  4  18.5   1.1   9.7 -75.3   257     0  24.5  12  -7.6    1    0    0   14    0
 20  5  18.9   3.3  11.3   9.3   223     0  25.5  21  -2.9   12    0    0    7    0
 20  6  23.5   9.7  16.5   0.5    92     0  31.1  13   0.0    7    8    0    1    0
 20  7  25.3   9.8  17.3-177.7    88     0  32.7  31   4.9   22   13    0    0    0
 20  8  26.8  12.6  19.4   1.4    51     7  36.6   9   0.0    4   13    0    1    0
 20  9  22.4   6.9  14.1   1.1   155     0  30.7  15   1.6   29    5    0    0    0
 20 10  14.1   5.9   9.9  -0.1   252     0  20.6   2  -1.4   20    0    0    1    0
 20 11  10.4   1.3   5.6   1.6   346     0  20.8   2  -3.6    7    0    0   13    0
 20 12
------------------------------------------------------------------------------------
        17.0   4.6  10.7 -22.2  2665     7  36.6 Aug  -8.6  Jan   39    1   89    0

                                Precipitation (mm)

              Dep.   Max        Days of Rain
              From   Obs.           >=
 YR MO Total  Norm   Day Date  2.0  2.0  2.0
---------------------------------------------
 20  1  67.8   9.8  14.4   9     9    9    9
 20  2 108.6  64.6  36.3   1    14   14   14
 20  3  56.7   1.7  18.6  11     8    8    8
 20  4   9.0 -37.0   3.0  19     2    2    2
 20  5  30.3 -24.7  10.5  11     5    5    5
 20  6  80.7   7.7  26.4  15     8    8    8
 20  7  24.9 -52.1   6.6  26     6    6    6
 20  8 124.8  59.8  36.3  16    10   10   10
 20  9 105.0  36.0  29.4  30     7    7    7
 20 10 108.9  54.9  29.7   2    10   10   10
 20 11  63.9   1.9  51.9   9     3    3    3
---------------------------------------------
       780.6 122.6  51.9  Nov   82   82   82

                                Wind Speed (km/h)
                          Dom
 YR MO   Avg.  Hi   Date  Dir
------------------------------
 20  1  ----  63.0   14     E
 20  2  ----  90.0    9     E
 20  3  ----  73.0   22     E
 20  4  ----  77.0   20     E
 20  5   1.9  53.0   30   WNW
 20  6   1.7 830.0    7    NW
 20  7   1.7  51.0    4     N
 20  8   1.7 136.0    4     N
 20  9   1.4  51.0   17   NNW
 20 10   1.9  64.0    4     N
 20 11   1.3  42.0   15   NNE
 20 12
------------------------------
         1.7 830.0  Jun     W

powered by CumulusMX v3.8.3 (b3093) Valid HTML5    Last Cumulus update   08:20:19