NOAA-style Climate Reports

   V/Λ SELECT: Month and Year   OR  >   Month
                   Monthly Climatological Summary for Nov 2019

Name: Wetterstation Bebra-Gilfershausen   City: Bebra   State: Germany
Elevation: 238 m  Lat: N 50 59 02   Lon: E 009 49 36

                  Temperature (°°C), Rain (mm), Wind Speed (km/h)

                                      Heat  Cool        Avg
    Mean                              Deg   Deg         Wind                 Dom
Day Temp  High   Time   Low    Time   Days  Days  Rain  Speed High   Time    Dir
----------------------------------------------------------------------------------
01  11,0  74,0   23:37 -57,0   05:38 169,0   0,0  15,0   0,3  20,0   11:08    NE
02 116,0 159,0   13:42  70,0   00:10  64,0   0,0  36,0   1,4  37,0   11:48    NE
03 106,0 151,0   13:02  89,0   00:00  74,0   0,0  39,0   0,6  29,0   12:18   NNE
04   9,2  11,9   12:41   5,7   21:55   8,8   0,0   1,8   1,3  33,0   13:54    NE
05   7,8  11,5   23:02   0,0   22:51  10,2   0,0  27,6   0,6  28,0   13:12   NNE
06   9,2  11,5   00:00   6,6   08:43   8,8   0,0   1,8   0,3  20,0   11:27    NE
07   8,0  12,0   11:00   4,4   23:44  10,0   0,0   3,0   2,1  44,0   15:50   NNE
08   4,7   7,5   12:46   2,1   05:18  13,3   0,0   8,1   0,2  22,0   13:46     W
09   4,4   8,7   12:50   0,7   23:58  13,6   0,0   4,5   0,7  28,0   12:07    NE
10   1,8   5,4   14:44  -1,3   03:39  16,2   0,0   0,3   0,3  15,0   19:06   NNE
11   2,4   7,0   14:00  -0,2   21:43  15,6   0,0   0,0   2,8  29,0   05:12   NNE
12   4,5   7,1   12:56   1,6   00:00  13,5   0,0   0,3   3,4  51,0   12:46    NE
13   3,5   5,7   10:54  -0,3   07:49  14,5   0,0   0,0   1,9  24,0   10:54    NE
14   4,5   8,3   14:26   0,1   08:25  13,5   0,0   0,0   2,4  35,0   23:46    NW
15   3,4   5,8   12:41   1,7   20:17  14,6   0,0   0,0   4,5  48,0   07:09     W
16   2,4   6,3   14:39  -2,1   22:55  15,6   0,0   6,6   1,1  29,0   14:45   NNE
17   1,7   5,0   23:39  -2,1   00:00  16,3   0,0   0,0   1,2  28,0   18:16     W
18   4,6   5,7   13:28   2,5   23:58  13,4   0,0   0,9   4,3  53,0   21:32    NE
19   2,9   6,1   12:53  -2,1   23:07  15,1   0,0   0,6   1,3  41,0   00:47    NE
20   1,6   4,2   14:49  -2,0   00:07  16,4   0,0   0,0   0,7  20,0   14:47     W
21   4,1   5,8   13:30   1,8   23:22  13,9   0,0   0,0   0,4  15,0   02:23   WNW
22   2,6   5,9   13:04  -0,6   03:05  15,4   0,0   0,0   1,2  24,0   17:20   WNW
23   4,7   7,5   14:01   1,8   05:06  13,3   0,0   0,0   4,7  35,0   14:55     W
24   2,8   5,3   14:35  -1,0   06:41  15,2   0,0   0,0   0,4  24,0   02:40     W
25   3,0   4,7   13:23   1,0   05:28  15,0   0,0   0,0   0,2  22,0   21:05   NNE
26   6,8   9,2   14:31   4,3   00:00  11,2   0,0   0,0   0,5  26,0   11:18    NE
27   7,9  10,9   13:53   5,2   00:28  10,1   0,0   3,3   3,1  42,0   19:16   NNE
28   8,7  10,5   11:37   7,4   18:24   9,3   0,0   5,7   4,6  51,0   13:29    NE
29   5,1   8,3   00:30   0,0   22:58  12,8   0,0   1,8   1,2  42,0   15:14     W
30   1,0   7,5   12:43  -5,0   23:53  17,0   0,0   0,3   0,2  20,0   13:08     W
----------------------------------------------------------------------------------
    11,9 159,0     2   -57,0     1   669,6   0,0 156,6   1,6  53,0    18       N

Max >=  27,0  3
Max <=   0,0  0
Min <=   0,0 13
Min <= -18,0  1
Max Rain: 39,0 on day 3
Days of Rain: 10 (>= 2,0 mm)  10 (>= 2,0 mm)  10 (>= 2,0 mm)
Heat Base: 18,0  Cool Base: 29,0  Method: Integration

powered by CumulusMX v3.10.2 (b3117) Valid HTML5    Last Cumulus update   20:09:29