NOAA-style Climate Reports

   V/Λ SELECT: Month and Year   OR  >   Month
                   Monthly Climatological Summary for Okt 2019

Name: Wetterstation Bebra-Gilfershausen   City: Bebra   State: Germany
Elevation: 238 m  Lat: N 50 59 02   Lon: E 009 49 36

                  Temperature (°°C), Rain (mm), Wind Speed (km/h)

                                      Heat  Cool        Avg
    Mean                              Deg   Deg         Wind                 Dom
Day Temp  High   Time   Low    Time   Days  Days  Rain  Speed High   Time    Dir
----------------------------------------------------------------------------------
01  13,3  18,6   16:07   7,5   00:00   4,7   0,0   1,8   2,7  41,0   13:48   NNE
02  10,2  14,1   00:26   3,7   22:53   7,8   0,0   6,0   0,8  35,0   07:39   WSW
03   9,5  14,2   15:39   4,7   00:00   8,5   0,0   4,2   1,2  28,0   15:29   NNE
04   8,1  10,2   11:20   6,0   00:44   9,9   0,0   8,7   0,8  28,0   12:04    NE
05   8,6  11,7   15:27   4,4   23:54   9,4   0,0   0,3   1,2  28,0   14:54     W
06   6,0  10,4   16:02   1,3   04:26  12,0   0,0   1,8   1,4  28,0   11:40     W
07   8,6  14,5   15:01   2,7   08:02   9,4   0,0   0,0   1,2  24,0   01:36   WNW
08  10,9  12,5   16:02   8,8   00:00   7,1   0,0   9,0   1,3  24,0   11:06   NNE
09  10,0  13,5   13:02   7,2   08:06   8,0   0,0   2,4   2,0  33,0   11:44   NNE
10  11,1  18,7   13:47   5,4   23:06   7,0   0,0   1,8   1,4  31,0   00:30   NNE
11  10,7  15,0   15:49   5,3   03:30   7,2   0,0   0,3   2,1  33,0   12:12   NNE
12  14,4  21,8   15:49   7,0   07:54   4,2   0,0   0,0   1,9  42,0   12:30   NNE
13  17,5  24,2   15:05  12,7   00:14   1,9   0,0   0,0   2,1  48,0   15:44    NE
14  15,6  25,0   14:39   9,5   08:06   4,0   0,0   0,0   0,8  29,0   13:25    NE
15  14,2  24,5   14:52   7,2   07:34   4,8   0,0   2,1   0,5  35,0   22:16   NNE
16  12,0  15,4   13:09  10,3   05:27   6,0   0,0   7,5   2,4  31,0   13:40   NNE
17  13,1  16,0   13:48  10,2   05:14   4,9   0,0   6,9   1,7  37,0   13:44   NNE
18  11,9  17,8   13:10   5,6   23:13   6,1   0,0   5,1   1,9  50,0   15:47   NNE
19  10,7  15,5   14:38   6,1   00:00   7,3   0,0   0,0   1,8  42,0   13:26    NE
20  11,6  17,8   15:20   6,1   05:17   6,3   0,0   0,0   0,1  11,0   01:59     W
21  12,7  18,7   13:44   9,0   08:18   5,3   0,0   0,3   0,4  22,0   13:35    NE
22  11,3  18,5   14:39   6,7   22:49   6,7   0,0   0,0   0,2  24,0   13:20   NNE
23  11,1  15,2   16:11   6,0   03:38   6,9   0,0   0,0   1,2  24,0   06:22     W
24  11,8  17,5   15:46   9,0   04:24   6,2   0,0   0,0   0,7  22,0   00:51   NNE
25  11,1  17,0   14:23   6,9   22:33   6,9   0,0   0,3   0,7  31,0   15:13    NE
26  11,7  19,6   15:22   6,5   06:42   6,4   0,0   0,0   1,6  46,0   12:14   NNE
27   8,6  13,7   07:26   4,6   21:02   9,8   0,0   3,6   0,2  28,0   07:31    SW
28   5,0  11,4   13:59   0,0   22:37  12,9   0,0   0,3   0,6  15,0   13:41   NNE
29   4,9  10,9   14:10  -0,9   23:35  13,1   0,0   0,0   0,5  20,0   12:47     W
30   1,2   8,2   13:26  -3,5   07:13  16,8   0,0   0,0   1,5  41,0   13:27     W
31   1,5   9,4   13:22  -3,5   05:56  16,5   0,0   0,3   1,3  26,0   14:51     W
----------------------------------------------------------------------------------
    10,3  25,0    14    -3,5    30   244,0   0,0  62,7   1,2  50,0    18     NNE

Max >=  27,0  0
Max <=   0,0  0
Min <=   0,0  4
Min <= -18,0  0
Max Rain: 9,0 on day 8
Days of Rain: 10 (>= 2,0 mm)  10 (>= 2,0 mm)  10 (>= 2,0 mm)
Heat Base: 18,0  Cool Base: 29,0  Method: Integration

powered by CumulusMX v3.8.3 (b3093) Valid HTML5    Last Cumulus update   12:39:08