NOAA-style Climate Reports

   V/Λ SELECT: Month and Year   OR  >   Month
                   Monthly Climatological Summary for Aug 2019

Name: Wetterstation Bebra-Gilfershausen   City: Bebra   State: Germany
Elevation: 238 m  Lat: N 50 59 02   Lon: E 009 49 36

                  Temperature (°°C), Rain (mm), Wind Speed (km/h)

                                      Heat  Cool        Avg
    Mean                              Deg   Deg         Wind                 Dom
Day Temp  High   Time   Low    Time   Days  Days  Rain  Speed High   Time    Dir
----------------------------------------------------------------------------------
01  17,7  25,3   16:52   9,9   05:51   2,5   0,0   0,0   1,0  24,0   14:09   NNE
02  18,3  26,6   14:04  13,2   06:02   1,6   0,0   3,3   1,0  31,0   14:47   NNE
03  18,2  25,8   16:41  13,5   23:55   1,4   0,0   0,9   1,0  24,0   17:17     W
04  19,1  27,8   16:45  10,3   05:31   2,2   0,0   0,0   0,8  20,0   11:59   WNW
05  22,8  27,8   03:24  16,3   23:30   0,1   0,0   0,0   1,4  24,0   15:23     N
06  18,6  24,5   12:06  11,2   05:59   1,6   0,0   0,0   2,1  46,0   13:55    NE
07  18,3  21,5   13:49  14,8   22:51   0,7   0,0   3,3   1,2  28,0   14:05   NNE
08  17,8  25,8   14:10  11,7   04:26   2,0   0,0   1,8   2,1  38,0   14:24   NNE
09  19,6  27,9   15:07  11,7   06:17   1,8   0,0  10,2   0,8  37,0   16:26   NNE
10  20,1  24,8   16:10  12,8   23:59   0,3   0,0   0,6   2,6  48,0   11:39   NNE
11  17,9  27,0   15:40  10,0   06:07   2,8   0,0   3,0   2,0  35,0   14:57   NNE
12  16,8  23,4   16:18  10,7   06:18   2,6   0,0   6,6   2,4  41,0   20:30   NNE
13  15,3  21,2   15:59  11,1   03:43   3,2   0,0   0,0   1,4  31,0   12:15   NNW
14  14,6  22,5   17:15   7,4   05:22   4,2   0,0   0,0   1,3  26,0   16:38   NNE
15  15,0  21,2   16:18  10,7   00:00   3,2   0,0   6,9   1,8  35,0   15:39   NNE
16  16,7  23,3   15:51  11,5   23:58   2,6   0,0   0,3   1,8  31,0   15:07   NNE
17  16,7  22,1   11:27  11,4   00:02   2,2   0,0   0,3   2,5  37,0   14:39   NNE
18  20,1  27,2   16:29  16,0   00:14   0,7   0,0   3,9   2,9  46,0   15:32   NNE
19  17,9  24,6   16:48  11,3   23:45   1,8   0,0   0,0   1,8  41,0   12:58     N
20  14,3  21,3   13:58   7,5   06:27   4,2   0,0   0,0   0,5  18,0   13:26     N
21  14,7  24,9   16:29   5,5   06:25   4,9   0,0   0,0   1,1  29,0   14:40     N
22  15,7  27,0   14:52   5,7   06:29   4,7   0,0   0,0   1,1  29,0   13:54   NNW
23  16,9  29,2   15:10   6,0   05:51   4,5   0,0   0,0   1,6  33,0   15:19     W
24  18,4  29,2   15:47   6,9   06:34   3,6   0,0   0,0   2,1  33,0   18:40     W
25  21,5  32,9   16:11  13,0   06:24   1,3   0,4   0,0   0,9  22,0   12:04   WNW
26  22,1  32,3   14:22  13,4   06:38   1,2   0,4   0,0   1,5  38,0   13:26     W
27  21,1  31,5   12:46  13,5   06:36   1,1   0,1   0,0   0,7  24,0   14:34   NNE
28  21,8  32,9   15:40  13,7   03:46   1,2   0,5   0,0   1,1  29,0   15:50   NNE
29  21,1  30,9   14:42  13,2   06:34   1,2   0,1   0,0   0,7  22,0   16:25    NW
30  21,1  29,9   15:52  14,9   06:35   0,6   0,0   3,3   0,7  17,0   13:11    NW
31  21,6  32,4   15:22  12,6   06:44   1,4   0,5   0,0   1,4  35,0   15:34   NNE
----------------------------------------------------------------------------------
    18,4  32,9    25     5,5    21    67,4   2,0  44,4   1,5  48,0    10       N

Max >=  27,0 15
Max <=   0,0  0
Min <=   0,0  0
Min <= -18,0  0
Max Rain: 10,2 on day 9
Days of Rain: 8 (>= 2,0 mm)  8 (>= 2,0 mm)  8 (>= 2,0 mm)
Heat Base: 18,0  Cool Base: 29,0  Method: Integration

powered by CumulusMX v3.8.3 (b3093) Valid HTML5    Last Cumulus update   07:51:19