NOAA-style Climate Reports

   V/Λ SELECT: Month and Year   OR  >   Month
                   Monthly Climatological Summary for Jul 2019

Name: Wetterstation Bebra-Gilfershausen   City: Bebra   State: Germany
Elevation: 238 m  Lat: N 50 59 02   Lon: E 009 49 36

                  Temperature (°°C), Rain (mm), Wind Speed (km/h)

                                      Heat  Cool        Avg
    Mean                              Deg   Deg         Wind                 Dom
Day Temp  High   Time   Low    Time   Days  Days  Rain  Speed High   Time    Dir
----------------------------------------------------------------------------------
01  21,7  28,8   16:08  13,9   23:54   0,3   0,0   0,0   1,4  26,0   16:39   WNW
02  16,3  23,5   14:12   8,6   05:30   3,1   0,0   0,0   1,6  26,0   14:32   WSW
03  14,3  23,0   16:27   5,0   05:43   4,7   0,0   0,0   1,2  26,0   12:12     W
04  15,1  24,5   17:26   4,4   05:38   4,6   0,0   0,0   1,3  26,0   12:12   WNW
05  18,4  27,3   16:27  10,9   00:53   2,5   0,0   0,0   1,9  46,0   14:35     N
06  19,9  29,4   15:43  10,4   04:51   2,0   0,0   0,0   2,2  29,0   17:35   NNW
07  15,9  20,5   16:26   8,9   23:59   2,3   0,0   0,0   1,7  29,0   09:43   WSW
08  12,5  18,5   13:26   5,3   05:58   5,5   0,0   0,0   0,9  26,0   15:04   WSW
09  13,0  17,5   15:03   6,7   05:50   5,0   0,0   0,0   0,9  22,0   14:51     W
10  15,2  24,1   17:24   5,1   05:51   4,2   0,0   0,0   1,2  24,0   13:59     W
11  15,4  18,9   11:08  12,3   06:11   2,7   0,0   7,8   0,7  20,0   11:15   NNE
12  16,7  24,9   13:44  13,1   23:54   2,2   0,0   8,1   1,1  35,0   15:23   NNE
13  15,0  18,3   17:16  13,0   03:36   3,0   0,0   2,4   0,4  28,0   12:17    SW
14  14,0  17,1   13:37  10,8   23:58   4,0   0,0   0,0   0,2  13,0   15:03     W
15  13,5  17,7   13:20   9,1   00:55   4,5   0,0   0,0   0,6  17,0   11:01   WNW
16  13,4  21,2   17:56   5,4   04:05   5,0   0,0   0,0   1,2  24,0   13:30   WSW
17  15,2  21,8   16:22  10,1   23:58   3,2   0,0   0,0   0,6  24,0   17:59     W
18  17,1  26,9   15:07   7,9   02:20   3,5   0,0   0,0   1,4  33,0   13:59     N
19  17,8  24,7   17:47  13,3   23:59   1,5   0,0   2,1   0,7  33,0   14:47   NNE
20  19,1  29,7   16:15  10,2   05:43   2,5   0,0  15,9   2,2  64,0   19:00   NNE
21  19,6  26,7   17:27  13,7   23:58   1,3   0,0   0,6   1,2  29,0   12:08    NW
22  19,1  29,7   17:02   9,6   05:37   2,4   0,0   0,0   0,9  28,0   16:35     N
23  22,4  33,6   15:51  11,8   05:27   1,5   0,8   0,0   1,0  24,0   13:39    NW
24  24,7  36,5   16:08  13,5   06:09   1,0   1,9   0,0   0,7  22,0   17:34     W
25  26,0  37,9   15:39  14,9   05:41   0,5   2,5   0,0   1,1  28,0   16:15     W
26  25,1  34,5   15:15  14,9   05:29   0,5   1,3   0,0   3,5  44,0   17:42     W
27  24,1  31,0   14:41  15,4   05:26   0,2   0,2   0,0   4,8  48,0   11:15     W
28  22,3  28,5   17:29  17,5   04:15   0,0   0,0   2,7   0,7  20,0   15:05     W
29  18,7  22,2   18:52  17,5   06:33   0,0   0,0   8,1   0,2  13,0   03:00     N
30  22,0  30,1   17:44  16,2   04:37   0,5   0,0   0,0   1,0  28,0   14:01   NNE
31  20,2  26,5   16:26  13,9   23:45   0,7   0,0   1,2   1,8  29,0   14:22     N
----------------------------------------------------------------------------------
    18,2  37,9    25     4,4     4    74,9   6,7  48,9   1,3  64,0    20     WNW

Max >=  27,0 12
Max <=   0,0  0
Min <=   0,0  0
Min <= -18,0  0
Max Rain: 15,9 on day 20
Days of Rain: 7 (>= 2,0 mm)  7 (>= 2,0 mm)  7 (>= 2,0 mm)
Heat Base: 18,0  Cool Base: 29,0  Method: Integration

powered by CumulusMX v3.8.3 (b3093) Valid HTML5    Last Cumulus update   12:26:08