NOAA-style Climate Reports

   V/Λ SELECT: Month and Year   OR  >   Month
                   Monthly Climatological Summary for Jun 2019

Name: Wetterstation Bebra-Gilfershausen   City: Bebra   State: Germany
Elevation: 238 m  Lat: N 50 59 02   Lon: E 009 49 36

                  Temperature (°°C), Rain (mm), Wind Speed (km/h)

                                      Heat  Cool        Avg
    Mean                              Deg   Deg         Wind                 Dom
Day Temp  High   Time   Low    Time   Days  Days  Rain  Speed High   Time    Dir
----------------------------------------------------------------------------------
01  19,0  28,0   16:36  10,2   05:23   2,3   0,0   0,0   0,0   0,0   00:00     N
02  21,2  30,6   16:22  11,4   05:23   1,8   0,2   0,0   0,0   0,0   00:00     N
03  19,9  31,4   13:36  11,1   07:13   1,5   0,2   7,3   0,0   0,0   00:00     N
04  21,0  29,2   16:46  14,9   06:00   0,8   0,0   0,0   0,0   0,0   00:00     N
05  23,5  32,2   15:09  16,1   06:31   0,5   0,5   0,0   0,0   0,0   00:00     N
06  16,3  21,3   00:09  12,3   23:47   2,0   0,0   2,1   0,0   0,0   00:00     N
07  16,4  24,1   18:47  10,3   06:47   3,3   0,0   1,6   0,0   0,0   00:47     N
08  15,1  19,8   17:47  11,4   06:47   3,1   0,0   3,6   0,0   0,0   00:47     N
09  15,7  24,3   15:23   7,3   06:47   3,8   0,0   1,5   1,8  31,0   15:27     W
10  18,2  25,9   14:49  12,5   02:38   1,8   0,0   0,0   1,5  31,0   11:48   NNE
11  17,6  25,5   14:42  13,1   01:12   1,8   0,0   8,4   1,2  26,0   20:28   WNW
12  13,3  28,0   18:47   0,0   15:50   4,1   0,0   5,4   3,31160,0   16:34     N
13  16,1  23,8   17:07   8,8   04:09   3,6   0,0   0,3   2,4  33,0   16:24   NNE
14  17,9  26,9   12:28   7,1   04:54   3,2   0,0   0,0   1,1  35,0   11:24   NNE
15  19,3  25,7   15:00  13,0   23:56   1,5   0,0   0,0   3,0  38,0   13:04     N
16  15,5  20,3   14:20  11,4   02:08   2,9   0,0   2,1   0,7  20,0   13:41   NNE
17  17,9  27,1   15:28   9,4   03:55   2,8   0,0   0,0   1,8  24,0   12:18   WNW
18  20,7  30,1   14:03  10,5   05:47   1,9   0,0   0,0   0,8  24,0   15:01     N
19  22,6  31,4   16:33  12,7   05:28   1,0   0,4   0,0   2,2  48,0   14:40   NNE
20  19,4  25,8   16:33  14,4   23:19   0,8   0,0   3,6   2,3  35,0   17:30   NNE
21  18,6  25,6   16:20  13,3   23:53   1,3   0,0   0,0   0,8  20,0   15:08    NW
22  21,6  23,1   23:53  19,8   21:23   0,0   0,0  32,7   4,4  37,0   23:23   WSW
23  24,1  28,2   15:38  18,8   22:59   0,0   0,0   0,0   5,9  48,0   12:26     W
25  27,5  33,9   17:03   0,0   00:27   0,0   1,0   0,0   2,3  31,0   11:20    NW
26  26,0  35,7   15:47  16,1   05:05   0,2   1,8   8,7   1,1  22,0   14:57     W
27  21,0  27,5   15:03  14,1   23:47   0,6   0,0   0,0   1,5  26,0   14:27   WSW
28  17,8  26,8   16:20  10,0   04:59   2,5   0,0   0,0   2,0  26,0   18:53     W
29  20,5  32,5   16:28   8,3   05:08   2,6   0,5   0,0   1,1  18,0   10:20   WNW
30  24,2  36,0   14:55  10,3   05:45   1,9   1,9   0,0   2,1  35,0   17:15   NNE
----------------------------------------------------------------------------------
    19,6  36,0    30     0,0    12    53,6   6,5  77,3   1,51160,0    12      NW

Max >=  27,0 15
Max <=   0,0  0
Min <=   0,0  2
Min <= -18,0  0
Max Rain: 32,7 on day 22
Days of Rain: 9 (>= 2,0 mm)  9 (>= 2,0 mm)  9 (>= 2,0 mm)
Heat Base: 18,0  Cool Base: 29,0  Method: Integration

powered by CumulusMX v3.8.3 (b3093) Valid HTML5    Last Cumulus update   23:42:08