NOAA-style Climate Reports

   V/Λ SELECT: Month and Year   OR  >   Month
                   Monthly Climatological Summary for Mai 2019

Name: Wetterstation Bebra-Gilfershausen   City: Bebra   State: Germany
Elevation: 250 m  Lat: N 50 59 02   Lon: E 009 49 37

                  Temperature (°°C), Rain (mm), Wind Speed (km/h)

                                      Heat  Cool        Avg
    Mean                              Deg   Deg         Wind                 Dom
Day Temp  High   Time   Low    Time   Days  Days  Rain  Speed High   Time    Dir
----------------------------------------------------------------------------------
01  11,7  19,9   15:21   3,5   05:34   6,5   0,0   0,0   0,0   0,0   00:00     N
02  11,7  19,2   16:10   4,2   04:59   6,4   0,0   0,0   0,0   0,0   00:00     N
03   9,7  13,2   16:01   5,6   23:22   8,3   0,0   0,5   0,0   0,0   00:00     N
04   5,4   9,6   17:08   1,5   23:59  12,6   0,0  10,4   0,0   0,0   00:00     N
05   5,2  10,3   16:44  -0,8   06:12  12,7   0,0   0,0   0,0   0,0   00:00     N
06   6,8  12,2   14:52   0,9   05:55  11,2   0,0   0,0   0,0   0,0   00:00     N
07   8,2  11,8   15:13   5,0   05:22   9,8   0,0   0,0   0,0   0,0   00:00     N
08   8,1  12,6   17:28   1,6   04:15   9,8   0,0   4,2   0,0   0,0   00:00     N
09  11,0  14,9   13:38   7,4   04:58   7,6   0,0   1,0   0,0   0,0   00:00     N
10  10,9  15,4   18:14   8,2   05:59   7,1   0,0   0,0  ----   0,0   00:00     N
11   8,6  10,1   11:50   7,1   23:18   9,4   0,0  16,6  ----   0,0   00:00     N
12   9,0  14,4   14:14   3,9   23:54   8,9   0,0   0,0  ----   0,0   00:00     N
13   8,0  15,6   16:37   0,1   06:05  10,0   0,0   0,0  ----   0,0   00:00     N
14   7,8  13,5   17:23   0,9   05:40  10,2   0,0   0,0  ----   0,0   00:00     N
15   7,8  13,1   14:56   0,4   05:46  10,2   0,0   0,0  ----   0,0   00:00     N
16   8,1  10,3   10:15   6,9   06:02  10,2   0,0   0,5  ----   0,0   00:00     N
17  11,0  17,2   16:46   7,3   02:59   7,0   0,0   0,0  ----   0,0   00:00     N
18  14,1  22,9   15:50   4,7   05:52   5,1   0,0   0,0  ----   0,0   00:00     N
19  15,6  23,4   13:49   8,2   05:28   3,8   0,0   0,0  ----   0,0   00:00     N
20  15,2  22,1   13:04  10,4   07:32   3,4   0,0  22,3  ----   0,0   00:00     N
21  14,1  15,5   16:01  13,3   23:31   3,9   0,0  13,5  ----   0,0   00:00     N
22  12,7  16,6   17:11   7,4   23:58   5,2   0,0   0,0  ----   0,0   00:00     N
23  13,0  21,0   16:09   5,2   03:41   5,6   0,0   0,0  ----   0,0   00:00     N
24  15,6  23,6   14:55   7,3   05:34   4,0   0,0   0,0  ----   0,0   00:00     N
25  14,6  20,0   16:11   8,8   05:43   3,7   0,0   0,0  ----   0,0   00:00     N
26  15,4  24,0   17:04   5,9   05:45   4,1   0,0   0,0  ----   0,0   00:00     N
27  15,4  18,6   15:40  10,4   03:13   2,6   0,0   7,3  ----   0,0   00:00     N
28  13,2  17,0   12:24   9,9   22:56   4,8   0,0   4,1  ----   0,0   00:00     N
29  12,9  18,9   16:46   8,2   23:59   5,1   0,0   0,0  ----   0,0   00:00     N
30  13,8  20,1   12:48   4,9   04:46   4,7   0,0   0,0  ----   0,0   00:00     N
31  17,6  25,1   15:17   9,5   06:05   2,5   0,0   0,0  ----   0,0   00:00     N
----------------------------------------------------------------------------------
    11,4  25,1    31    -0,8     5   216,4   0,0  80,4   0,0   0,0     0       E

Max >=  27,0  0
Max <=   0,0  0
Min <=   0,0  1
Min <= -18,0  0
Max Rain: 22,3 on day 20
Days of Rain: 7 (>= 2,0 mm)  7 (>= 2,0 mm)  7 (>= 2,0 mm)
Heat Base: 18,0  Cool Base: 29,0  Method: Integration

powered by CumulusMX v3.10.2 (b3117) Valid HTML5    Last Cumulus update   21:37:29