NOAA-style Climate Reports

   V/Λ SELECT: Month and Year   OR  >   Month
                   Monthly Climatological Summary for Apr 2019

Name: Wetterstation Bebra-Gilfershausen   City: Bebra   State: Germany
Elevation: 250 m  Lat: N 50 59 02   Lon: E 009 49 37

                  Temperature (°°C), Rain (mm), Wind Speed (km/h)

                                      Heat  Cool        Avg
    Mean                              Deg   Deg         Wind                 Dom
Day Temp  High   Time   Low    Time   Days  Days  Rain  Speed High   Time    Dir
----------------------------------------------------------------------------------
01   7,1  12,6   15:48   0,3   04:41  10,9   0,0   0,0   0,0   0,0   00:00     N
02   9,0  19,0   15:32  -0,2   06:56   9,0   0,0   0,0   0,0   0,0   00:00     N
03  10,3  15,1   16:14   5,8   23:27   7,7   0,0   8,3   0,0   0,0   00:00     N
04   6,7   9,2   16:31   4,4   06:25  11,3   0,0   0,0   0,0   0,0   00:00     N
05   7,1  10,4   18:07   5,8   06:10  10,8   0,0   0,0   0,0   0,0   00:00     N
06  11,4  18,1   16:00   0,3   02:39   6,6   0,0   0,0   0,0   0,0   00:00     N
07  11,6  18,2   16:06   0,3   03:42   6,4   0,0   0,0   0,0   0,0   00:00     N
08  13,3  18,6   16:14   8,1   23:55   4,7   0,0   0,0   0,0   0,0   00:00     N
09   8,6  12,7   13:01   4,7   07:01   9,4   0,0   0,0   0,0   0,0   00:00     N
10   6,7  11,0   15:13   1,9   23:51  11,3   0,0   0,0   0,0   0,0   00:00     N
11   4,0  10,4   14:20  -1,7   07:25  14,0   0,0   0,0   0,0   0,0   00:00     N
12   2,6   4,2   00:00   0,5   03:43  15,4   0,0   0,0   0,0   0,0   00:00     N
13   2,4   5,9   16:53  -0,1   23:44  15,5   0,0   0,0   0,0   0,0   00:00     N
14   2,2   6,3   15:24  -3,2   07:01  16,4   0,0   0,0   0,0   0,0   00:00     N
15   8,5  13,9   15:32   3,3   04:48   9,9   0,0   0,0   0,0   0,0   00:00     N
16  10,2  17,2   15:25   0,4   06:53   7,8   0,0   0,0   0,0   0,0   00:00     N
17  12,0  19,1   16:02   4,4   07:00   6,4   0,0   0,0   0,0   0,0   00:00     N
18  13,2  19,8   15:22   4,1   06:20   5,3   0,0   0,0   0,0   0,0   00:00     N
19  14,3  22,3   15:34   3,9   06:47   4,8   0,0   0,0   0,0   0,0   00:00     N
20  13,8  22,8   15:58   0,3   04:58   5,4   0,0   0,0   0,0   0,0   00:00     N
21  13,2  22,8   15:03   2,9   06:47   6,0   0,0   0,0   0,0   0,0   00:00     N
22  13,4  20,9   15:14   4,6   06:36   5,1   0,0  -0,1   0,0   0,0   00:00     N
23  12,3  18,4   19:53   7,8   06:12   4,1   0,0   0,1   0,0   0,0   00:12     N
24  18,3  25,6   16:01  12,1   23:59   2,0   0,0   0,0   0,0   0,0   00:00     N
25  14,8  24,6   17:11   4,2   06:45   4,8   0,0   0,0   0,0   0,0   00:00     N
26  10,7  14,0   00:08   6,8   06:38   7,3   0,0   7,2   0,0   0,0   00:00     N
27   9,5  14,7   11:49   6,6   04:32   8,5   0,0   4,1   0,0   0,0   00:00     N
28   8,9  14,1   17:18   4,2   23:59   9,0   0,0   1,6   0,0   0,0   00:00     N
29   7,3  12,6   13:09   1,9   03:29  10,7   0,0   3,1   0,0   0,0   00:00     N
30  10,7  17,5   15:54   2,6   06:56   7,3   0,0   0,0   0,0   0,0   00:00     N
----------------------------------------------------------------------------------
     9,8  25,6    24    -3,2    14   253,8   0,0  24,3   0,0   0,0     0       E

Max >=  27,0  0
Max <=   0,0  0
Min <=   0,0  4
Min <= -18,0  0
Max Rain: 8,3 on day 3
Days of Rain: 4 (>= 2,0 mm)  4 (>= 2,0 mm)  4 (>= 2,0 mm)
Heat Base: 18,0  Cool Base: 29,0  Method: Integration

powered by CumulusMX v3.8.3 (b3093) Valid HTML5    Last Cumulus update   13:59:08