NOAA-style Climate Reports

   V/Λ SELECT: Month and Year   OR  >   Month
                   Monthly Climatological Summary for Mär 2019

Name: Wetterstation Bebra-Gilfershausen   City: Bebra   State: Germany
Elevation: 250 m  Lat: N 50 59 02   Lon: E 009 49 37

                  Temperature (°°C), Rain (mm), Wind Speed (km/h)

                                      Heat  Cool        Avg
    Mean                              Deg   Deg         Wind                 Dom
Day Temp  High   Time   Low    Time   Days  Days  Rain  Speed High   Time    Dir
----------------------------------------------------------------------------------
01   7,9  11,2   14:20   5,3   23:54  10,0   0,0   2,6   0,0   0,0   00:00     N
02   5,7   7,8   14:56   0,3   00:10  12,2   0,0   0,5   0,0   0,0   00:00     N
03   9,3  10,6   15:34   7,8   00:00   8,7   0,0   0,0   0,0   0,0   00:00     N
04   8,6  12,3   13:26   3,6   20:13   9,4   0,0   4,7   0,0   0,0   00:00     N
05   4,9  10,4   13:04   0,3   23:34  13,1   0,0   1,0   0,0   0,0   00:00     N
06   7,4  12,9   16:35  -0,2   01:29  10,5   0,0   0,0   0,0   0,0   00:00     N
07  10,3  12,2   09:39   7,6   22:05   7,7   0,0   0,0   0,0   0,0   00:00     N
08   7,8  10,9   14:43   5,9   20:08  10,2   0,0   0,0   0,0   0,0   00:00     N
09   7,7  12,9   15:16   3,9   23:14  10,2   0,0   6,2   0,0   0,0   00:00     N
10   6,9  11,5   14:46   3,2   23:31  11,0   0,0   9,3   0,0   0,0   00:00     N
11   3,8   5,8   16:39   2,3   01:09  14,2   0,0   5,2   0,0   0,0   00:00     N
12   5,6   8,4   15:40   1,4   06:32  12,4   0,0   1,0   0,0   0,0   00:00     N
13   6,0   8,4   14:33   4,2   05:54  12,0   0,0   1,0   0,0   0,0   00:00     N
14   5,2   6,1   19:17   4,5   03:19  12,8   0,0   9,3   0,0   0,0   00:00     N
15   7,4  11,5   16:35   4,6   06:53  10,6   0,0  10,4   0,0   0,0   00:00     N
16   7,9  11,4   13:16   5,6   06:55  10,1   0,0   1,6   0,0   0,0   00:00     N
17   7,3  11,3   10:31   4,7   20:59  10,7   0,0   0,5   0,0   0,0   00:00     N
18   4,6   8,2   15:43   0,2   23:58  13,3   0,0   3,1   0,0   0,0   00:00     N
19   2,4   9,2   14:49  -2,4   06:56  16,2   0,0   0,0   0,0   0,0   00:00     N
20   4,2  12,9   14:53  -3,3   06:47  14,3   0,0   0,0   0,0   0,0   00:00     N
21   6,7  15,6   14:23  -0,8   06:33  11,3   0,0   0,0   0,0   0,0   00:00     N
22   9,0  19,0   15:12   0,3   01:36   9,1   0,0   0,0   0,0   0,0   00:00     N
23   7,5  17,3   14:13   1,3   05:49  10,5   0,0   0,0   0,0   0,0   00:00     N
24   6,6  10,9   11:59   0,3   23:51  11,3   0,0   0,0   0,0   0,0   00:00     N
25   3,7   7,9   13:38  -0,9   03:38  14,2   0,0   5,2   0,0   0,0   00:00     N
26   5,5   8,0   12:28   2,5   03:56  12,5   0,0   0,0   0,0   0,0   00:00     N
27   6,9  11,5   15:55   2,1   06:58  11,1   0,0   0,0   0,0   0,0   00:00     N
28   9,4  14,3   13:57   5,9   05:40   8,6   0,0   0,0   0,0   0,0   00:00     N
29  10,4  15,8   15:07   3,6   23:56   7,6   0,0   0,0   0,0   0,0   00:00     N
30   9,2  19,6   15:15   0,4   05:22   9,0   0,0   0,0   0,0   0,0   00:00     N
31   7,2  13,2   15:21   1,4   07:15  10,3   0,0   0,0   0,0   0,0   00:00     N
----------------------------------------------------------------------------------
     6,9  19,6    30    -3,3    20   345,1   0,0  61,6   0,0   0,0     0       E

Max >=  27,0  0
Max <=   0,0  0
Min <=   0,0  5
Min <= -18,0  0
Max Rain: 10,4 on day 15
Days of Rain: 9 (>= 2,0 mm)  9 (>= 2,0 mm)  9 (>= 2,0 mm)
Heat Base: 18,0  Cool Base: 29,0  Method: Integration

powered by CumulusMX v3.8.3 (b3093) Valid HTML5    Last Cumulus update   09:09:19