NOAA-style Climate Reports

   V/Λ SELECT: Month and Year   OR  >   Month
                   Monthly Climatological Summary for Jan 2019

Name: Wetterstation Bebra-Gilfershausen   City: Bebra   State: Germany
Elevation: 250 m  Lat: N 50 59 02   Lon: E 009 49 37

                  Temperature (°°C), Rain (mm), Wind Speed (km/h)

                                      Heat  Cool        Avg
    Mean                              Deg   Deg         Wind                 Dom
Day Temp  High   Time   Low    Time   Days  Days  Rain  Speed High   Time    Dir
----------------------------------------------------------------------------------
01   6,1   7,1   11:05   2,6   23:43  11,9   0,0   3,65256,0   0,0   00:00     N
02   2,5   4,2   12:47  -1,9   23:55  15,5   0,0   0,55256,0   0,0   00:00     N
03  -2,2   2,2   15:28  -5,4   08:28  20,2   0,0   0,05256,0   0,0   00:00     N
04   0,4   2,9   23:50  -2,7   00:00  17,6   0,0   0,05256,0   0,0   00:00     N
05   5,3  10,4   23:27   2,9   00:00  12,7   0,0   3,15256,0   0,0   00:00     N
06   6,2   7,3   13:37   5,4   22:59  12,3   0,0   4,15751,8   0,0   00:00     N
07   4,9   5,9   12:35   3,9   20:15  13,1   0,0   1,07096,0   0,0   00:00     N
08   4,8   5,9   14:18   3,5   23:09  13,2   0,0   3,17096,0   0,0   00:00     N
09   2,1   3,6   00:00   1,6   08:04  15,9   0,0   0,07096,0   0,0   00:00     N
10   1,8   1,8   00:00   1,8   00:00  16,2   0,0   0,07096,0   0,0   00:00     N
11   1,8   2,1   22:55   1,6   19:01  16,2   0,0   2,17096,0   0,0   00:00     N
12   4,0   5,0   11:14   2,1   00:00  14,0   0,0   2,17096,0   0,0   00:00     N
13   5,8   8,1   18:44   3,8   02:40  12,2   0,0   5,77096,0   0,0   00:00     N
14   3,6   5,8   00:19   1,6   21:22  14,4   0,0   1,67096,0   0,0   00:00     N
15   3,5   5,3   17:32   1,3   03:14  14,5   0,0   0,07096,0   0,0   00:00     N
16   4,2   5,3   01:04   0,3   18:32  13,7   0,0   0,07096,0   0,0   00:00     N
17   4,3   7,0   14:38   0,3   04:19  13,7   0,0   1,07096,0   0,0   00:00     N
18  -0,3   2,3   13:46  -5,1   23:44  18,3   0,0   0,07096,0   0,0   00:00     N
19  -4,0   0,6   15:12  -7,1   09:01  21,9   0,0   0,07096,0   0,0   00:00     N
20  -5,2   0,2   14:20  -8,8   08:29  23,2   0,0   0,07096,0   0,0   00:00     N
21  -8,1  -7,1   00:00  -8,1   01:41  26,0   0,0   0,07096,0   0,0   00:00     N
22  -8,1  -8,1   00:00  -8,1   00:00  26,1   0,0   0,07096,0   0,0   00:00     N
23  -8,1  -8,1   00:00  -8,1   00:00  26,0   0,0   0,07096,0   0,0   00:00     N
24  -8,1  -8,1   00:00  -8,1   00:00  26,0   0,0   0,07096,0   0,0   00:00     N
25  -8,1  -8,1   00:00  -8,1   00:00  26,0   0,0   0,07096,0   0,0   00:00     N
26  -8,1  -8,1   00:00  -8,1   00:00  26,1   0,0   1,07096,0   0,0   00:00     N
27  -8,5  -8,1   00:00  -9,8   18:11  26,5   0,0   2,17096,0   0,0   00:00     N
28  -9,8  -9,8   00:00  -9,8   00:00  27,8   0,0   3,17096,0   0,0   00:00     N
29  -9,8  -9,8   00:00  -9,8   00:00  27,7   0,0   0,07096,0   0,0   00:00     N
30  -9,8  -9,8   00:00  -9,8   00:00  27,7   0,0   0,07096,0   0,0   00:00     N
31  -9,8  -9,8   00:00  -9,8   00:00  27,7   0,0   0,07096,0   0,0   00:00     N
----------------------------------------------------------------------------------
    -1,5  10,4     5    -9,8    27   604,3   0,0  34,16755,4   0,0     0       N

Max >=  27,0  0
Max <=   0,0 11
Min <=   0,0 17
Min <= -18,0  0
Max Rain: 5,7 on day 13
Days of Rain: 9 (>= 2,0 mm)  9 (>= 2,0 mm)  9 (>= 2,0 mm)
Heat Base: 18,0  Cool Base: 29,0  Method: Integration

powered by CumulusMX v3.8.3 (b3093) Valid HTML5    Last Cumulus update   13:37:08