NOAA-style Climate Reports

   V/Λ SELECT: Month and Year   OR  >   Month
                   Annual Climatological Summary for 2019

Name: Wetterstation Bebra-Gilfershausen   City: Bebra   State: Germany
Elevation: 238 m  Lat: N 50 59 02   Lon: E 009 49 36

                  Temperature (°°C), Heat Base: 18,0  Cool Base: 29,0
                          Dep.  Heat  Cool                       Max  Max  Min  Min
        Mean  Mean        From  Deg   Deg                        >=   <=   <=   <=
 YR MO  Max   Min   Mean  Norm  Days  Days  Hi  Date  Low  Date 27,0  0,0  0,0 -18,0
------------------------------------------------------------------------------------
 19  1   5,1   1,5   3,3 -11,7   191     0  10,4   5  -5,4    3    0    0    3    0
 19  2   9,6  -1,0   3,4   1,4   392     0  16,1  27  -3,9   24    0    0   17    0
 19  3  11,6   2,4   6,9   4,9   345     0  19,6  30  -3,3   20    0    0    5    0
 19  4  15,6   3,5   9,9 -75,1   254     0  25,6  24  -3,2   14    0    0    4    0
 19  5  16,8   5,7  11,4   9,4   216     0  25,1  31  -0,8    5    0    0    1    0
 19  6  27,6  11,3  19,6   3,6    54     6  36,0  30   0,0   12   15    0    2    0
 19  7  25,7  11,1  18,2-176,8    75     7  37,9  25   4,4    4   12    0    0    0
 19  8  26,6  11,3  18,4   0,4    67     2  32,9  25   5,5   21   15    0    0    0
 19  9  20,5   6,7  13,0   0,0   164     0  27,0  15  -1,4   20    1    0    3    0
 19 10  15,9   5,6  10,3   0,3   244     0  25,0  14  -3,5   30    0    0    4    0
 19 11  12,7   4,0   8,1   4,1   460     0 151,0   3  -5,7    1    1    0   13    0
 19 12   6,1  -0,8   2,5 -32,5   478     0  13,9  17  -7,5   29    0    0   20    0
------------------------------------------------------------------------------------
        16,7   5,3  10,8 -22,3  2940    15 151,0 Nov  -7,5  Dez   44    0   72    0

                                Precipitation (mm)

              Dep.   Max        Days of Rain
              From   Obs.           >=
 YR MO Total  Norm   Day Date  2,0  2,0  2,0
---------------------------------------------
 19  1  25,3 -32,7   5,7  13     7    7    7
 19  2  27,9 -16,1  15,5  10     3    3    3
 19  3  61,6   6,6  10,4  15     9    9    9
 19  4  24,3 -21,7   8,3   3     4    4    4
 19  5  80,4  25,4  22,3  20     7    7    7
 19  6  77,3   4,3  32,7  22     9    9    9
 19  7  48,9 -28,1  15,9  20     7    7    7
 19  8  44,4 -20,6  10,2   9     8    8    8
 19  9  22,8 -46,2   6,6  27     4    4    4
 19 10  62,7   8,7   9,0   8    10   10   10
 19 11 110,7  48,7  39,0   3     9    9    9
 19 12  56,7  -6,3  11,4  25     8    8    8
---------------------------------------------
       643,0 -78,0  39,0  Nov   85   85   85

                                Wind Speed (km/h)
                          Dom
 YR MO   Avg.  Hi   Date  Dir
------------------------------
 19  16755,4   0,0    0     N
 19  2   0,0   0,0    0     E
 19  3   0,0   0,0    0     E
 19  4   0,0   0,0    0     E
 19  5   0,0   0,0    0     E
 19  6   1,61160,0   12    NW
 19  7   1,3  64,0   20   WNW
 19  8   1,5  48,0   10     N
 19  9   1,4  53,0   29     N
 19 10   1,2  50,0   18     N
 19 11   1,6  53,0   18     N
 19 12   1,1 235,0   23    NE
------------------------------
       254,71160,0  Jun     N

powered by CumulusMX v3.8.3 (b3093) Valid HTML5    Last Cumulus update   20:12:24