NOAA-style Climate Reports

   V/Λ SELECT: Month and Year   OR  >   Month
                   Monthly Climatological Summary for Dez 2018

Name: Wetterstation Bebra-Gilfershausen   City: Bebra   State: Germany
Elevation: 250 m  Lat: N 50 59 02   Lon: E 009 49 37

                  Temperature (°°C), Rain (mm), Wind Speed (km/h)

                                      Heat  Cool        Avg
    Mean                              Deg   Deg         Wind                 Dom
Day Temp  High   Time   Low    Time   Days  Days  Rain  Speed High   Time    Dir
----------------------------------------------------------------------------------
01   6,4   8,1   12:59   4,4   01:12  11,6   0,0   0,02884,0   0,0   00:00   NNE
02   8,6  10,9   22:08   7,2   04:01   9,4   0,0   4,12884,0   0,0   00:00   NNE
03  10,5  12,6   11:50   9,4   22:44   7,5   0,0   5,22884,0   0,0   00:00   NNE
04   5,5  10,4   03:54  -0,7   22:53  12,5   0,0   0,02884,0   0,0   00:00   NNE
05   1,1   3,8   23:21  -2,4   08:40  16,9   0,0   0,02884,0   0,0   00:00   NNE
06   6,3  10,4   19:24   3,4   00:14  11,7   0,0   0,02884,0   0,0   00:00   NNE
07   9,7  10,8   04:54   5,9   23:46   8,3   0,0   7,32884,0   0,0   00:00   NNE
08   6,1   7,6   23:52   3,9   03:48  11,9   0,0   6,72884,0   0,0   00:00   NNE
09   6,2  10,4   06:23   4,6   22:43  11,8   0,0  11,42884,0   0,0   00:00   NNE
10   4,0   5,4   12:23   2,3   17:51  14,0   0,0   1,62884,0   0,0   00:00   NNE
11   3,8   4,9   13:42   0,3   10:06  14,2   0,0   0,52884,0   0,0   00:00   NNE
12   3,0   4,1   12:39   2,2   23:51  15,0   0,0   0,02884,0   0,0   00:00   NNE
13   0,8   2,2   00:00  -0,1   09:36  17,9   0,0   0,03421,4   0,0   00:00     N
14   0,4   0,8   10:32  -0,4   01:02  17,6   0,0   0,03893,0   0,0   00:00     N
15   0,1   0,6   11:27  -0,6   22:55  17,9   0,0   0,03893,0   0,0   00:00     N
16  -0,6   0,4   23:46  -1,4   04:06  18,6   0,0   0,03893,0   0,0   00:00     N
17   2,3   3,8   14:33   0,4   00:00  15,7   0,0   0,53893,0   0,0   00:00     N
18   3,5   5,6   13:49   0,4   20:51  14,5   0,0   0,03893,0   0,0   00:00     N
19   2,4   4,7   14:25  -0,4   03:25  15,6   0,0   0,03893,0   0,0   00:00     N
20   5,2   6,5   15:11   3,4   23:59  12,8   0,0   0,03893,0   0,0   00:00     N
21   7,8  10,5   21:44   5,8   02:32  10,2   0,0   5,23893,0   0,0   00:00     N
22   8,7  10,4   00:00   6,5   23:56   9,3   0,0   0,03893,0   0,0   00:00     N
23   6,6   8,7   13:36   5,5   08:13  11,4   0,0   3,13893,0   0,0   00:00     N
24   3,4   5,6   00:00  -0,4   22:40  14,6   0,0   0,03893,0   0,0   00:00     N
25   2,3   4,4   13:39  -0,7   00:29  15,7   0,0   0,03893,0   0,0   00:00     N
26   2,2   3,3   00:01  -0,2   06:34  15,8   0,0   0,03893,0   0,0   00:00     N
27   2,7   6,6   18:28   0,2   08:44  15,3   0,0   0,03893,0   0,0   00:00     N
28  -0,1   1,6   00:00  -1,7   06:55  18,1   0,0   0,03893,0   0,0   00:00     N
29   1,9   4,0   23:54   0,2   00:00  16,1   0,0   2,13893,0   0,0   00:00     N
30   6,1   7,4   14:52   4,0   00:00  12,4   0,0   0,54197,8   0,0   00:00     N
31   6,6  10,4   22:25   0,3   00:52  11,4   0,0   0,55256,0   0,0   00:00     N
----------------------------------------------------------------------------------
     4,3  12,6     3    -2,4     5   425,7   0,0  48,73541,0   0,0     0       N

Max >=  27,0  0
Max <=   0,0  0
Min <=   0,0 11
Min <= -18,0  0
Max Rain: 11,4 on day 9
Days of Rain: 8 (>= 2,0 mm)  8 (>= 2,0 mm)  8 (>= 2,0 mm)
Heat Base: 18,0  Cool Base: 29,0  Method: Integration

powered by CumulusMX v3.8.3 (b3093) Valid HTML5    Last Cumulus update   13:44:08