NOAA-style Climate Reports

   V/Λ SELECT: Month and Year   OR  >   Month
                   Monthly Climatological Summary for Jun 2018

Name: Wetterstation Bebra-Gilfershausen   City: Bebra   State: Germany
Elevation: 250 m  Lat: N 50 59 02   Lon: E 009 49 37

                  Temperature (°°C), Rain (mm), Wind Speed (km/h)

                                      Heat  Cool        Avg
    Mean                              Deg   Deg         Wind                 Dom
Day Temp  High   Time   Low    Time   Days  Days  Rain  Speed High   Time    Dir
----------------------------------------------------------------------------------
01  21,7  25,6   14:43  18,5   03:48   0,0   0,0   0,0   0,0   0,0   00:00     N
02  21,1  24,1   17:13  19,6   00:19   0,0   0,0   1,0   0,0   0,0   00:19     N
03  23,2  26,9   15:59  20,9   00:00   0,0   0,0   0,0   0,0   0,0   00:00     N
04  26,9  32,3   06:15  22,3   22:13   0,0   0,2   0,0   0,0   0,0   00:00     N
05  25,7  29,6   05:51  22,6   00:51   0,0   0,0   0,0   0,0   0,0   00:51     N
06  30,9  48,4   06:34  24,4   21:18   0,0   3,4   0,0   0,0   0,0   00:00     N
07  28,2  34,3   06:23  25,4   20:55   0,0   0,5   0,0   0,0   0,0   00:00     N
08  29,7  34,1   05:33  26,3   20:25   0,0   1,3   0,0   0,0   0,0   00:00     N
09  33,0  48,0   05:54  27,2   20:28   0,0   4,2   0,0   0,0   0,0   00:00     N
10  33,5  39,9   05:12  28,9   17:52   0,0   4,5   0,5   0,0   0,0   00:00     N
11  47,4  59,9   21:36  34,4   15:03   0,0  18,4   0,5   0,0   0,0   00:00     N
12  58,9  59,9   00:00  52,2   15:19   0,0  29,9   0,0   0,0   0,0   00:00     N
13  59,8  59,8   00:00  59,8   00:00   0,0  30,8   0,0   0,0   0,0   00:00     N
14  58,9  59,9   14:34  52,4   18:14   0,0  29,9   0,0   0,0   0,0   00:00     N
15  59,7  59,7   00:00  59,7   00:00   0,0  30,7   0,0   0,0   0,0   00:00     N
16  56,9  59,9   20:10  47,5   16:56   0,0  27,9   0,0   0,0   0,0   00:00     N
17  59,9  59,9   00:00  59,9   00:00   0,0  30,9   0,5   0,0   0,0   00:00     N
18  59,9  59,9   00:00  59,9   00:00   0,0  30,9   0,0   0,0   0,0   00:00     N
19  59,9  59,9   00:00  59,9   00:00   0,0  30,9   0,0   0,0   0,0   00:00     N
20  58,9  59,9   00:00  51,0   18:00   0,0  29,9   0,0   0,0   0,0   00:00     N
21  59,7  59,7   00:00  59,7   00:00   0,0  30,7   0,0   0,0   0,0   00:00     N
22  59,7  59,7   00:00  59,7   00:00   0,0  30,7   3,6   0,0   0,0   00:00     N
23  59,7  59,7   00:00  59,7   00:00   0,0  30,7   0,0   0,0   0,0   00:00     N
24  59,7  59,7   00:00  59,7   00:00   0,0  30,7   0,0   0,0   0,0   00:00     N
25  59,7  59,7   00:00  59,7   00:00   0,0  30,7   0,5   0,0   0,0   00:00     N
26  59,7  59,7   00:00  59,7   00:00   0,0  30,7   0,0   0,0   0,0   00:00     N
27  59,7  59,7   00:00  59,7   00:00   0,0  30,7   0,0   0,0   0,0   00:00     N
28  58,9  59,8   06:51  42,8   06:08   0,0  29,9   0,0   0,0   0,0   00:00     N
29  59,8  59,8   00:00  59,8   00:00   0,0  30,8   0,0   0,0   0,0   00:00     N
30  59,8  59,8   00:00  59,8   00:00   0,0  30,8   0,0   0,0   0,0   00:00     N
----------------------------------------------------------------------------------
    48,4  59,9    11    18,5     1     0,0 610,7   6,6   0,0   0,0     0       E

Max >=  27,0 27
Max <=   0,0  0
Min <=   0,0  0
Min <= -18,0  0
Max Rain: 3,6 on day 22
Days of Rain: 1 (>= 2,0 mm)  1 (>= 2,0 mm)  1 (>= 2,0 mm)
Heat Base: 18,0  Cool Base: 29,0  Method: Integration

powered by CumulusMX v3.10.2 (b3117) Valid HTML5    Last Cumulus update   20:20:03