NOAA-style Climate Reports

   V/Λ SELECT: Month and Year   OR  >   Month
                   Monthly Climatological Summary for Mai 2018

Name: Wetterstation Bebra-Gilfershausen   City: Bebra   State: Germany
Elevation: 250 m  Lat: N 50 59 02   Lon: E 009 49 37

                  Temperature (°°C), Rain (mm), Wind Speed (km/h)

                                      Heat  Cool        Avg
    Mean                              Deg   Deg         Wind                 Dom
Day Temp  High   Time   Low    Time   Days  Days  Rain  Speed High   Time    Dir
----------------------------------------------------------------------------------
01  10,2  15,2   16:51   3,8   23:53   8,1   0,0   0,0   0,0   0,0   00:00     N
02   9,1  15,6   14:51   1,0   06:06   8,9   0,0   0,0   0,0   0,0   00:00     N
03  11,8  18,1   14:59   6,4   03:36   6,2   0,0   0,0   0,0   0,0   00:00     N
04  11,7  17,8   15:24   4,5   05:46   6,3   0,0   0,0   0,0   0,0   00:00     N
05  13,0  19,9   16:21   5,8   06:05   5,3   0,0   0,0   0,0   0,0   00:00     N
06  14,3  21,9   16:06   6,3   04:06   4,6   0,0   0,0   0,0   0,0   00:00     N
07  15,6  23,2   15:53   6,1   06:36   3,9   0,0   0,0   0,0   0,0   00:00     N
08  17,4  24,6   15:15   7,6   06:03   3,0   0,0   0,0   0,0   0,0   00:00     N
09  17,7  24,9   16:18   9,0   06:08   2,6   0,0   0,0   0,0   0,0   00:00     N
10  14,7  24,1   12:35   9,2   06:07   4,0   0,0   0,0   0,0   0,0   00:00     N
11  14,9  19,9   14:01   9,6   06:43   3,4   0,0   0,0   0,0   0,0   00:00     N
12  18,1  24,9   17:36  11,8   05:51   1,9   0,0   0,0   0,0   0,0   00:00     N
13  18,2  24,9   12:29  12,1   03:57   1,8   0,0   0,0   0,0   0,0   00:00     N
14  17,9  25,0   15:23  10,1   05:37   2,6   0,0   0,0   0,0   0,0   00:00     N
15  15,4  21,4   15:52  11,0   03:03   3,2   0,0   8,3   0,0   0,0   00:00     N
16  15,1  19,4   12:48  11,1   06:24   3,1   0,0   3,1   0,0   0,0   00:00     N
17  13,9  18,8   16:24   9,4   23:43   4,1   0,0   0,0   0,0   0,0   00:00     N
18  11,6  14,2   16:16   8,2   23:42   6,4   0,0   0,0   0,0   0,0   00:00     N
19  12,5  18,0   16:09   7,9   02:21   5,5   0,0   0,0   0,0   0,0   00:00     N
20  15,6  22,1   15:36   8,4   03:31   3,6   0,0   0,0   0,0   0,0   00:00     N
21  17,5  23,1   15:52  10,1   05:43   2,2   0,0   0,0   0,0   0,0   00:00     N
22  17,4  25,4   14:41  11,1   05:56   2,3   0,0   1,6   0,0   0,0   00:00     N
23  18,6  24,9   15:01  13,6   06:10   1,4   0,0   0,0   0,0   0,0   00:00     N
24  17,0  19,3   01:27  14,9   05:50   1,1   0,0   1,0   0,0   0,0   00:00     N
25  19,0  24,3   13:57  14,9   05:46   0,9   0,0   0,0   0,0   0,0   00:00     N
26  20,3  27,9   14:52  13,9   05:34   1,2   0,0   0,0   0,0   0,0   00:00     N
27  19,4  28,3   14:54  13,9   03:30   1,3   0,0   3,6   0,0   0,0   00:00     N
28  22,0  28,8   13:56  15,4   05:24   0,6   0,0   0,0   0,0   0,0   00:00     N
29  20,7  29,8   14:12  16,1   05:14   0,4   0,0   2,1   0,0   0,0   00:00     N
30  22,0  28,5   16:58  17,8   03:18   0,0   0,0   0,0   0,0   0,0   00:00     N
31  22,0  30,2   15:03  17,4   05:22   0,1   0,1   5,2   0,0   0,0   00:00     N
----------------------------------------------------------------------------------
    16,3  30,2    31     1,0     2   100,0   0,1  24,9   0,0   0,0     0       E

Max >=  27,0  6
Max <=   0,0  0
Min <=   0,0  0
Min <= -18,0  0
Max Rain: 8,3 on day 15
Days of Rain: 5 (>= 2,0 mm)  5 (>= 2,0 mm)  5 (>= 2,0 mm)
Heat Base: 18,0  Cool Base: 29,0  Method: Integration

powered by CumulusMX v3.10.2 (b3117) Valid HTML5    Last Cumulus update   06:19:28