NOAA-style Climate Reports

   V/Λ SELECT: Month and Year   OR  >   Month
                   Monthly Climatological Summary for Feb 2018

Name: Wetterstation Bebra-Gilfershausen   City: Bebra   State: Germany
Elevation: 250 m  Lat: N 50 59 02   Lon: E 009 49 37

                  Temperature (°°C), Rain (mm), Wind Speed (km/h)

                                      Heat  Cool        Avg
    Mean                              Deg   Deg         Wind                 Dom
Day Temp  High   Time   Low    Time   Days  Days  Rain  Speed High   Time    Dir
----------------------------------------------------------------------------------
01   3,0   5,7   14:24   0,4   23:07  15,0   0,0   0,0   0,0   0,0   00:00     N
02   2,3   3,3   21:55   0,6   00:00  15,7   0,0   1,0   0,0   0,0   00:00     N
03   1,7   3,8   14:08   0,1   22:23  16,3   0,0   0,0   0,0   0,0   00:00     N
04  -0,6   0,6   00:06  -3,2   23:45  18,6   0,0   0,0   0,0   0,0   00:00     N
05  -2,3  -0,4   12:55  -3,9   04:41  20,3   0,0   0,5   0,0   0,0   00:00     N
06  -3,1  -1,1   14:00  -6,0   07:51  21,1   0,0   0,0   0,0   0,0   00:00     N
07  -1,7   1,4   13:49  -4,2   23:51  19,7   0,0   0,0   0,0   0,0   00:00     N
08  -1,9   1,0   13:57  -5,6   23:46  19,9   0,0   0,0   0,0   0,0   00:00     N
09  -2,5   0,3   17:57  -6,4   01:14  20,5   0,0   0,0   0,0   0,0   00:00     N
10   0,5   2,4   14:27  -1,9   07:51  17,5   0,0   0,0   0,0   0,0   00:00     N
11   1,4   2,8   15:32   0,1   22:10  16,6   0,0   0,5   0,0   0,0   00:00     N
12   0,1   3,5   11:56  -4,1   23:52  17,9   0,0   0,5   0,0   0,0   00:00     N
13  -2,1   3,1   14:06  -5,7   08:14  20,1   0,0   0,5   0,0   0,0   00:00     N
14  -3,4   2,9   13:27  -8,1   07:55  21,4   0,0   0,0   0,0   0,0   00:00     N
15  -0,3   1,9   12:26  -5,6   00:03  18,3   0,0   0,5   0,0   0,0   00:00     N
16   1,8   5,9   14:13  -2,1   23:45  16,2   0,0   0,0   0,0   0,0   00:00     N
17  -0,1   2,7   15:11  -3,0   02:04  18,1   0,0   0,0   0,0   0,0   00:00     N
18   0,0   5,3   13:54  -3,6   23:52  18,0   0,0   0,0   0,0   0,0   00:00     N
19  -1,3   2,8   14:17  -4,2   01:37  19,3   0,0   0,0   0,0   0,0   00:00     N
20  -0,9   2,9   14:11  -4,5   01:00  18,9   0,0   0,0   0,0   0,0   00:00     N
21  -0,9   2,1   13:46  -5,2   07:29  18,9   0,0   0,0   0,0   0,0   00:00     N
22  -1,4   1,3   13:55  -4,3   06:55  19,4   0,0   0,0   0,0   0,0   00:00     N
23  -2,7  -0,1   14:05  -4,9   07:37  20,7   0,0   0,0   0,0   0,0   00:00     N
24  -3,8  -0,1   15:47  -6,6   06:15  21,8   0,0   0,0   0,0   0,0   00:00     N
25  -5,6  -2,9   13:53  -9,1   07:27  23,6   0,0   0,0   0,0   0,0   00:00     N
26  -6,3  -4,5   14:43  -8,7   05:07  24,3   0,0   0,0   0,0   0,0   00:00     N
27 -10,7  -6,7   18:25 -11,5   03:26  28,7   0,0   0,0   0,0   0,0   00:00     N
28  -9,4  -7,8   15:05 -10,2   00:00  27,4   0,0   0,0   0,0   0,0   00:00     N
----------------------------------------------------------------------------------
    -1,8   5,9    16   -11,5    27   554,2   0,0   3,5   0,0   0,0     0       E

Max >=  27,0  0
Max <=   0,0  8
Min <=   0,0 24
Min <= -18,0  0
Max Rain: 1,0 on day 2
Days of Rain: 0 (>= 2,0 mm)  0 (>= 2,0 mm)  0 (>= 2,0 mm)
Heat Base: 18,0  Cool Base: 29,0  Method: Integration

powered by CumulusMX v3.10.2 (b3117) Valid HTML5    Last Cumulus update   05:48:28