NOAA-style Climate Reports

   V/Λ SELECT: Month and Year   OR  >   Month
                   Annual Climatological Summary for 2018

Name: Wetterstation Bebra-Gilfershausen   City: Bebra   State: Germany
Elevation: 250 m  Lat: N 50 59 02   Lon: E 009 49 37

                  Temperature (°°C), Heat Base: 18,0  Cool Base: 29,0
                          Dep.  Heat  Cool                       Max  Max  Min  Min
        Mean  Mean        From  Deg   Deg                        >=   <=   <=   <=
 YR MO  Max   Min   Mean  Norm  Days  Days  Hi  Date  Low  Date 27,0  0,0  0,0 -18,0
------------------------------------------------------------------------------------
 18  1   6,4   2,1   4,2 -10,8   428     0  10,9  24  -4,2   15    0    0    6    0
 18  2   1,1  -4,7  -1,8  -3,8   554     0   5,9  16 -11,5   27    0    8   24    0
 18  3   7,0  -1,1   2,5   0,5   452     0  17,5  11 -10,5    1    0    6   21    0
 18  4  19,8   5,4  12,4 -72,6   187     0  28,1  20  -2,4    6    2    0    1    0
 18  5  22,7  10,3  16,3  14,3   100     0  30,2  31   1,0    2    6    0    0    0
 18  6  50,6  44,4  47,6  31,6     0   611  59,9  11  18,5    1   28    0    0    0
 18  7  -1,5 -25,8 -12,9-207,9  1146   124  59,8   1 -29,9    5    9   20   29   29
 18  8 -26,4 -28,3 -27,3 -45,3  1408     0  21,2  30 -29,6    1    0   29   30   30
 18  9  21,5   8,0  14,2   1,2   144     0  29,4  18   0,3   26    4    0    0    0
 18 10  15,4   5,4   9,7  -0,3   263     0  23,8  13   0,3   22    0    0    0    0
 18 11   8,4   2,2   5,3   1,3   383     0  15,6   6  -2,0   18    0    0    6    0
 18 12   6,4   2,0   4,3 -30,7   426     0  12,6   3  -2,4    5    0    0   11    0
------------------------------------------------------------------------------------
        11,0   1,6   6,2 -26,9  5492   735  59,9 Jun -29,9  Jul   49   63  128   59

                                Precipitation (mm)

              Dep.   Max        Days of Rain
              From   Obs.           >=
 YR MO Total  Norm   Day Date  2,0  2,0  2,0
---------------------------------------------
 18  1  73,9  15,9  12,4   3    12   12   12
 18  2   3,5 -40,5   1,0   2     0    0    0
 18  3  39,8 -15,2  15,0  16     6    6    6
 18  4  28,0 -18,0  14,0  13     6    6    6
 18  5  24,9 -30,1   8,3  15     5    5    5
 18  6   6,6 -66,4   3,6  22     1    1    1
 18  7  20,7 -56,3   8,3  10     3    3    3
 18  8  13,4 -51,6   6,2  13     3    3    3
 18  9  52,8 -16,2  35,2  23     5    5    5
 18 10  10,3 -43,7   3,6  24     3    3    3
 18 11  16,5 -45,5   5,7  11     3    3    3
 18 12  48,7 -14,3  11,4   9     8    8    8
---------------------------------------------
       339,1-381,9  35,2  Sep   55   55   55

                                Wind Speed (km/h)
                          Dom
 YR MO   Avg.  Hi   Date  Dir
------------------------------
 18  1   0,0   0,0    0     E
 18  2   0,0   0,0    0     E
 18  3 362,91981,0   26   NNW
 18  4 730,61981,0    1   NNW
 18  5   0,0   0,0    0     E
 18  6   0,0   0,0    0     E
 18  7   0,0   0,0    0     E
 18  8   0,0   0,0    0     E
 18  91980,22197,0    3   NNE
 18 102197,02197,0    1   NNE
 18 112434,82197,0    1   NNE
 18 123541,0   0,0    0     N
------------------------------
       937,22197,0  Sep   NNE

powered by CumulusMX v3.8.3 (b3093) Valid HTML5    Last Cumulus update   13:31:08