NOAA-style Climate Reports

   V/Λ SELECT: Month and Year   OR  >   Month
                   Monthly Climatological Summary for Dez 2017

Name: Wetterstation Bebra-Gilfershausen   City: Bebra   State: Germany
Elevation: 250 m  Lat: N 50 59 02   Lon: E 009 49 37

                  Temperature (°°C), Rain (mm), Wind Speed (km/h)

                                      Heat  Cool        Avg
    Mean                              Deg   Deg         Wind                 Dom
Day Temp  High   Time   Low    Time   Days  Days  Rain  Speed High   Time    Dir
----------------------------------------------------------------------------------
01   1,3   4,1   13:14  -0,7   21:07  16,7   0,0   1,5   0,0   0,0   00:00     N
02   0,2   1,6   14:37  -0,5   17:50  17,8   0,0   1,0   0,0   0,0   00:00     N
03  -0,6   0,8   23:55  -2,6   03:48  18,6   0,0   0,0   0,0   0,0   00:00     N
04   1,6   2,4   14:18   0,8   00:00  16,4   0,0   6,2   0,0   0,0   00:00     N
05   3,8   4,8   15:16   1,7   01:42  14,2   0,0   0,5   0,0   0,0   00:00     N
06   5,3   6,3   14:40   4,5   00:17  12,7   0,0   0,0   0,0   0,0   00:00     N
07   4,0   5,9   21:01   2,4   10:23  14,0   0,0   3,1   0,0   0,0   00:00     N
08   3,1   5,4   02:50   0,3   23:01  14,9   0,0   1,5   0,0   0,0   00:00     N
09   0,8   1,3   18:50   0,4   03:09  17,2   0,0   0,0   0,0   0,0   00:00     N
10   0,7   4,2   23:24  -1,3   14:35  17,3   0,0   4,7   0,0   0,0   00:00     N
11   4,7   6,5   23:52   2,5   07:58  13,3   0,0   8,8   0,0   0,0   00:00     N
12   3,3   6,6   00:14   0,8   19:45  14,7   0,0   0,5   0,0   0,0   00:00     N
13   2,1   4,0   13:26   0,6   05:43  15,9   0,0   6,7   0,0   0,0   00:00     N
14   3,4   4,6   12:56   2,2   22:00  14,6   0,0   4,1   0,0   0,0   00:00     N
15   2,5   3,9   13:10   0,9   08:32  15,5   0,0   4,1   0,0   0,0   00:00     N
16   2,1   3,8   13:12   1,0   05:38  15,9   0,0   1,5   0,0   0,0   00:00     N
17   2,0   3,6   12:52   0,4   23:39  16,0   0,0   0,5   0,0   0,0   00:00     N
18   1,6   2,9   15:17   0,3   00:07  16,4   0,0   0,5   0,0   0,0   00:00     N
19   2,4   3,4   13:40   1,3   00:04  15,6   0,0   0,5   0,0   0,0   00:00     N
20   4,0   4,9   14:20   3,0   00:01  14,0   0,0   0,5   0,0   0,0   00:00     N
21   5,7   6,8   14:39   4,4   00:00  12,3   0,0   0,5   0,0   0,0   00:00     N
22   5,9   8,3   14:46   4,9   06:42  12,1   0,0   0,0   0,0   0,0   00:00     N
23   7,4   9,2   12:50   5,2   00:00  10,6   0,0   0,0   0,0   0,0   00:00     N
24   7,9   8,4   13:55   7,3   21:10  10,1   0,0   0,0   0,0   0,0   00:00     N
25   5,9   7,3   00:00   4,1   22:35  12,1   0,0   0,0   0,0   0,0   00:00     N
26   3,9   6,4   12:17   0,9   08:48  14,1   0,0   3,1   0,0   0,0   00:00     N
27   3,3   5,4   14:49   0,8   00:34  14,7   0,0   0,0   0,0   0,0   00:00     N
28   3,0   4,4   13:55   0,9   21:50  15,0   0,0   1,0   0,0   0,0   00:00     N
29   1,8   3,5   13:01   1,0   21:22  16,2   0,0   0,0   0,0   0,0   00:00     N
30   4,2   8,1   19:57   1,0   00:00  13,8   0,0   4,1   0,0   0,0   00:00     N
31  10,1  12,1   12:46   7,9   00:00   7,9   0,0   1,6   0,0   0,0   00:00     N
----------------------------------------------------------------------------------
     3,5  12,1    31    -2,6     3   450,6   0,0  56,5   0,0   0,0     0       E

Max >=  27,0  0
Max <=   0,0  0
Min <=   0,0  4
Min <= -18,0  0
Max Rain: 8,8 on day 11
Days of Rain: 9 (>= 2,0 mm)  9 (>= 2,0 mm)  9 (>= 2,0 mm)
Heat Base: 18,0  Cool Base: 29,0  Method: Integration

powered by CumulusMX v3.10.2 (b3117) Valid HTML5    Last Cumulus update   12:01:32