NOAA-style Climate Reports

   V/Λ SELECT: Month and Year   OR  >   Month
                   Monthly Climatological Summary for Nov 2017

Name: Wetterstation Bebra-Gilfershausen   City: Bebra   State: Germany
Elevation: 250 m  Lat: N 50 59 02   Lon: E 009 49 37

                  Temperature (°°C), Rain (mm), Wind Speed (km/h)

                                      Heat  Cool        Avg
    Mean                              Deg   Deg         Wind                 Dom
Day Temp  High   Time   Low    Time   Days  Days  Rain  Speed High   Time    Dir
----------------------------------------------------------------------------------
01   8,0  10,6   15:05   6,4   21:07  10,0   0,0   1,0   0,0   0,0   00:00     N
02   8,5  12,4   11:22   4,1   07:30   9,5   0,0   0,0   0,0   0,0   00:00     N
03   7,1  11,8   13:52   3,6   07:15  10,9   0,0   0,5   0,0   0,0   00:00     N
04   6,6  12,2   15:43   2,3   05:39  11,4   0,0   0,0   0,0   0,0   00:00     N
05   7,9  11,2   11:31   5,3   22:16  10,1   0,0  14,0   0,0   0,0   00:00     N
06   4,9   7,8   13:32   0,5   23:47  13,1   0,0   0,0   0,0   0,0   00:00     N
07   4,9   6,9   23:18   0,6   00:00  13,1   0,0   0,0   0,0   0,0   00:00     N
08   7,4   8,4   14:41   6,5   23:39  10,6   0,0   0,0   0,0   0,0   00:00     N
09   7,3   8,5   14:29   6,3   19:53  10,7   0,0   0,0   0,0   0,0   00:00     N
10   6,2   7,3   18:20   4,6   21:58  11,8   0,0   2,1   0,0   0,0   00:00     N
11   5,3   6,4   11:45   3,3   02:11  12,7   0,0   2,6   0,0   0,0   00:00     N
12   3,2   4,5   12:30   1,4   06:49  14,8   0,0   4,2   0,0   0,0   00:00     N
13   3,7   7,3   13:58   0,1   23:30  14,3   0,0   0,5   0,0   0,0   00:00     N
14   4,2   6,9   14:26   0,2   00:00  13,8   0,0   0,0   0,0   0,0   00:00     N
15   6,3   7,8   13:08   5,2   06:06  11,7   0,0   0,0   0,0   0,0   00:00     N
16   5,6   6,5   00:00   4,4   22:47  12,4   0,0   0,0   0,0   0,0   00:00     N
17   4,9   6,7   15:16   4,2   17:18  13,1   0,0   1,0   0,0   0,0   00:00     N
18   4,1   5,1   11:20   2,4   05:27  13,9   0,0   1,0   0,0   0,0   00:00     N
19   4,4   6,7   14:46   1,4   07:37  13,6   0,0   0,0   0,0   0,0   00:00     N
20   3,9   5,1   11:17   2,8   18:06  14,1   0,0   9,8   0,0   0,0   00:00     N
21   7,7   8,9   12:58   4,5   00:00  10,3   0,0   0,5   0,0   0,0   00:00     N
22   6,8  10,4   12:59   1,3   23:46  11,2   0,0   0,0   0,0   0,0   00:00     N
23   7,1  13,3   14:19   0,2   03:30  10,9   0,0   0,5   0,0   0,0   00:00     N
24   9,7  12,9   12:26   6,7   22:02   8,3   0,0   3,6   0,0   0,0   00:00     N
25   5,1   7,4   09:34   1,4   22:11  12,9   0,0   6,7   0,0   0,0   00:00     N
26   3,0   4,1   14:04   1,3   02:02  15,0   0,0   0,5   0,0   0,0   00:00     N
27   3,7   5,2   23:35   2,9   03:29  14,3   0,0   3,1   0,0   0,0   00:00     N
28   4,4   6,3   14:03   0,1   23:33  13,6   0,0   2,1   0,0   0,0   00:00     N
29   2,2   3,5   14:44   0,1   00:00  15,8   0,0   1,6   0,0   0,0   00:00     N
30   1,4   2,1   14:08   1,1   04:16  16,6   0,0   0,0   0,0   0,0   00:00     N
----------------------------------------------------------------------------------
     5,5  13,3    23     0,1    13   374,5   0,0  55,3   0,0   0,0     0       E

Max >=  27,0  0
Max <=   0,0  0
Min <=   0,0  0
Min <= -18,0  0
Max Rain: 14,0 on day 5
Days of Rain: 9 (>= 2,0 mm)  9 (>= 2,0 mm)  9 (>= 2,0 mm)
Heat Base: 18,0  Cool Base: 29,0  Method: Integration

powered by CumulusMX v3.8.3 (b3093) Valid HTML5    Last Cumulus update   12:35:08