NOAA-style Climate Reports

   V/Λ SELECT: Month and Year   OR  >   Month
                   Monthly Climatological Summary for Okt 2017

Name: Wetterstation Bebra-Gilfershausen   City: Bebra   State: Germany
Elevation: 250 m  Lat: N 50 59 02   Lon: E 009 49 37

                  Temperature (°°C), Rain (mm), Wind Speed (km/h)

                                      Heat  Cool        Avg
    Mean                              Deg   Deg         Wind                 Dom
Day Temp  High   Time   Low    Time   Days  Days  Rain  Speed High   Time    Dir
----------------------------------------------------------------------------------
01  12,2  16,1   14:30   7,5   23:51   5,8   0,0   0,0   0,0   0,0   00:00     N
02  10,9  14,5   16:58   6,5   02:49   7,1   0,0   3,1   0,0   0,0   00:00     N
03  12,1  15,2   13:01   9,4   23:59   5,9   0,0   7,3   0,0   0,0   00:00     N
04  10,8  13,8   15:28   7,9   06:02   7,2   0,0   0,0   0,0   0,0   00:00     N
05  11,2  15,2   15:25   8,4   23:02   6,8   0,0   5,7   0,0   0,0   00:00     N
06  10,0  12,2   17:24   8,4   00:56   8,0   0,0   3,6   0,0   0,0   00:00     N
07  10,2  11,9   13:12   9,1   21:42   7,8   0,0   3,6   0,0   0,0   00:00     N
08  10,3  14,5   13:22   6,2   23:56   7,7   0,0   3,1   0,0   0,0   00:00     N
09   9,5  13,6   14:24   5,8   03:46   8,5   0,0   0,5   0,0   0,0   00:00     N
10  11,7  13,7   15:58  10,5   03:05   6,3   0,0   3,1   0,0   0,0   00:00     N
11  12,8  14,8   14:13  11,6   05:43   5,2   0,0   0,0   0,0   0,0   00:00     N
12  13,0  17,2   11:47   7,5   23:56   5,0   0,0   0,0   0,0   0,0   00:00     N
13  11,4  17,2   14:58   6,3   04:58   6,6   0,0   0,0   0,0   0,0   00:00     N
14  14,6  20,8   13:56  10,5   23:58   3,8   0,0   0,0   0,0   0,0   00:00     N
15  13,1  20,5   15:46   9,2   08:48   5,2   0,0   0,0   0,0   0,0   00:00     N
16  12,5  21,6   16:30   7,1   06:09   5,9   0,0   0,0   0,0   0,0   00:00     N
17  12,3  20,4   15:11   6,8   08:07   6,0   0,0   0,0   0,0   0,0   00:00     N
18  11,7  18,6   15:36   7,4   23:55   6,3   0,0   0,0   0,0   0,0   00:00     N
19  10,7  18,3   15:29   6,5   02:01   7,3   0,0   0,0   0,0   0,0   00:00     N
20  10,8  16,6   16:01   7,6   01:31   7,2   0,0   1,0   0,0   0,0   00:00     N
21  11,0  14,2   12:36   6,9   02:16   7,0   0,0   3,1   0,0   0,0   00:00     N
22   9,7  11,6   00:21   7,8   08:01   8,3   0,0   4,1   0,0   0,0   00:00     N
23   9,7  11,4   15:52   8,4   05:33   8,3   0,0   0,0   0,0   0,0   00:00     N
24  11,1  13,0   15:13   7,4   04:44   6,9   0,0   0,5   0,0   0,0   00:00     N
25  14,5  18,1   14:16  12,1   23:53   3,5   0,0   0,0   0,0   0,0   00:00     N
26  11,6  16,5   14:48   7,8   06:20   6,4   0,0   0,0   0,0   0,0   00:00     N
27  11,0  13,4   13:19   9,8   08:19   7,0   0,0   2,1   0,0   0,0   00:00     N
28   9,7  10,9   13:42   8,6   08:29   8,3   0,0   0,0   0,0   0,0   00:00     N
29   9,5  12,6   05:10   7,3   23:38   8,9   0,0   8,3   0,0   0,0   00:00     N
30   7,6  10,0   12:46   6,1   23:57  10,4   0,0   0,0   0,0   0,0   00:00     N
31   7,4   9,9   12:35   5,3   00:37  10,6   0,0   0,5   0,0   0,0   00:00     N
----------------------------------------------------------------------------------
    11,1  21,6    16     5,3    31   215,2   0,0  49,6   0,0   0,0     0       E

Max >=  27,0  0
Max <=   0,0  0
Min <=   0,0  0
Min <= -18,0  0
Max Rain: 8,3 on day 29
Days of Rain: 11 (>= 2,0 mm)  11 (>= 2,0 mm)  11 (>= 2,0 mm)
Heat Base: 18,0  Cool Base: 29,0  Method: Integration

powered by CumulusMX v3.8.3 (b3093) Valid HTML5    Last Cumulus update   12:24:08