NOAA-style Climate Reports

   V/Λ SELECT: Month and Year   OR  >   Month
                   Monthly Climatological Summary for Sep 2017

Name: Wetterstation Bebra-Gilfershausen   City: Bebra   State: Germany
Elevation: 250 m  Lat: N 50 59 02   Lon: E 009 49 37

                  Temperature (°°C), Rain (mm), Wind Speed (km/h)

                                      Heat  Cool        Avg
    Mean                              Deg   Deg         Wind                 Dom
Day Temp  High   Time   Low    Time   Days  Days  Rain  Speed High   Time    Dir
----------------------------------------------------------------------------------
01  14,0  19,1   15:37   9,6   23:48   4,1   0,0   0,0   0,0   0,0   00:00     N
02  12,5  19,4   15:58   8,1   02:59   5,6   0,0   0,5   0,0   0,0   00:00     N
03  13,0  19,7   13:35   9,3   04:09   5,2   0,0   0,0   0,0   0,0   00:00     N
04  13,0  20,9   14:57   7,6   04:01   5,4   0,0   0,0   0,0   0,0   00:00     N
05  14,9  22,6   15:28   7,3   05:33   4,1   0,0   0,0   0,0   0,0   00:00     N
06  16,7  19,0   16:13  12,9   22:02   1,4   0,0   0,5   0,0   0,0   00:00     N
07  14,2  18,3   13:34  11,4   06:55   3,8   0,0   0,5   0,0   0,0   00:00     N
08  15,3  17,7   13:57  12,9   06:34   2,7   0,0   0,0   0,0   0,0   00:00     N
09  15,7  19,1   15:05  12,8   23:54   2,3   0,0   2,6   0,0   0,0   00:00     N
10  13,4  18,2   14:47   9,6   23:45   4,6   0,0   0,0   0,0   0,0   00:00     N
11  12,1  16,3   15:28   8,3   02:03   5,9   0,0   4,7   0,0   0,0   00:00     N
12  12,1  16,9   15:13   8,9   22:09   5,9   0,0   6,2   0,0   0,0   00:00     N
13  13,1  18,2   14:04   8,9   02:42   4,9   0,0   7,3   0,0   0,0   00:00     N
14  11,8  14,4   15:19   9,9   21:12   6,3   0,0   7,8   0,0   0,0   00:00     N
15  11,9  15,3   12:32   7,4   23:55   6,1   0,0   0,5   0,0   0,0   00:00     N
16   9,6  15,9   15:08   5,0   04:02   8,4   0,0   0,0   0,0   0,0   00:00     N
17  10,2  15,4   15:50   5,9   02:59   7,8   0,0   0,0   0,0   0,0   00:00     N
18   9,6  15,1   15:48   5,9   06:54   8,4   0,0   0,0   0,0   0,0   00:00     N
19  10,3  15,6   14:48   5,8   03:56   7,7   0,0   0,0   0,0   0,0   00:00     N
20  11,2  15,0   15:57   7,2   02:59   6,8   0,0   0,0   0,0   0,0   00:00     N
21  10,7  16,3   15:30   7,6   23:50   7,3   0,0   0,0   0,0   0,0   00:00     N
22  11,2  18,1   15:50   6,6   02:28   6,8   0,0   0,0   0,0   0,0   00:00     N
23  13,2  18,8   12:59   9,8   05:43   4,9   0,0   0,0   0,0   0,0   00:00     N
24  13,3  16,4   13:27  11,2   00:00   4,7   0,0   0,0   0,0   0,0   00:00     N
25  13,8  17,8   15:46  10,4   23:26   4,2   0,0   0,0   0,0   0,0   00:00     N
26  13,3  17,8   13:59   8,9   23:59   4,7   0,0   0,0   0,0   0,0   00:00     N
27  12,2  17,2   17:27   7,6   05:42   5,8   0,0   1,0   0,0   0,0   00:00     N
28  13,7  19,3   16:57   9,8   00:03   4,5   0,0   0,0   0,0   0,0   00:00     N
29  15,1  20,5   16:10  11,4   06:59   3,2   0,0   0,0   0,0   0,0   00:00     N
30  15,9  20,9   15:19  12,8   23:32   2,6   0,0  12,4   0,0   0,0   00:00     N
----------------------------------------------------------------------------------
    12,9  22,6     5     5,0    16   156,1   0,0  44,0   0,0   0,0     0       E

Max >=  27,0  0
Max <=   0,0  0
Min <=   0,0  0
Min <= -18,0  0
Max Rain: 12,4 on day 30
Days of Rain: 6 (>= 2,0 mm)  6 (>= 2,0 mm)  6 (>= 2,0 mm)
Heat Base: 18,0  Cool Base: 29,0  Method: Integration

powered by CumulusMX v3.8.3 (b3093) Valid HTML5    Last Cumulus update   12:33:08