NOAA-style Climate Reports

   V/Λ SELECT: Month and Year   OR  >   Month
                   Monthly Climatological Summary for Aug 2017

Name: Wetterstation Bebra-Gilfershausen   City: Bebra   State: Germany
Elevation: 250 m  Lat: N 50 59 02   Lon: E 009 49 37

                  Temperature (°°C), Rain (mm), Wind Speed (km/h)

                                      Heat  Cool        Avg
    Mean                              Deg   Deg         Wind                 Dom
Day Temp  High   Time   Low    Time   Days  Days  Rain  Speed High   Time    Dir
----------------------------------------------------------------------------------
01  21,1  26,4   15:40  17,4   05:55   0,0   0,0  15,5   0,0   0,0   00:00     N
02  21,4  27,3   16:28  16,3   03:27   0,3   0,0   0,0   0,0   0,0   00:00     N
03  21,5  28,5   15:43  16,7   05:56   0,2   0,0   0,0   0,0   0,0   00:00     N
04  21,0  26,1   13:33  16,8   05:23   0,3   0,0   0,0   0,0   0,0   00:00     N
05  18,6  26,3   13:28  13,2   05:37   1,5   0,0   4,1   0,0   0,0   00:00     N
06  16,6  23,8   16:47  10,9   05:04   2,8   0,0   0,0   0,0   0,0   00:00     N
07  16,8  25,6   17:05   8,4   06:01   3,5   0,0   0,0   0,0   0,0   00:00     N
08  17,9  25,4   13:27  10,4   05:42   2,3   0,0   0,0   0,0   0,0   00:00     N
09  18,5  25,3   15:56  13,4   06:28   1,5   0,0   0,0   0,0   0,0   00:00     N
10  15,7  17,9   12:58  14,3   23:59   2,3   0,0  14,5   0,0   0,0   00:00     N
11  14,8  15,9   16:03  12,9   21:50   3,2   0,0  31,6   0,0   0,0   00:00     N
12  14,3  17,9   13:37  11,8   07:41   3,7   0,0   1,6   0,0   0,0   00:00     N
13  17,3  22,2   16:19  12,9   23:58   1,6   0,0   7,8   0,0   0,0   00:00     N
14  18,1  25,3   14:32  10,9   06:08   2,4   0,0   0,0   0,0   0,0   00:00     N
15  19,5  28,4   14:39  13,6   06:18   1,2   0,0   1,0   0,0   0,0   00:00     N
16  19,6  25,3   16:11  15,8   23:02   0,7   0,0   6,2   0,0   0,0   00:00     N
17  19,6  26,3   13:29  14,1   05:17   1,1   0,0   0,0   0,0   0,0   00:00     N
18  18,9  25,3   14:07  15,5   06:48   0,7   0,0  11,4   0,0   0,0   00:00     N
19  15,9  19,4   14:39  11,6   06:45   2,3   0,0   0,0   0,0   0,0   00:00     N
20  14,8  19,9   13:08  10,6   04:32   3,3   0,0   0,0   0,0   0,0   00:00     N
21  14,9  21,6   15:18   9,8   04:55   3,8   0,0   0,0   0,0   0,0   00:00     N
22  15,0  22,7   16:41   8,6   06:37   4,0   0,0   0,0   0,0   0,0   00:00     N
23  16,2  24,9   16:28   8,3   06:31   3,5   0,0   0,0   0,0   0,0   00:00     N
24  17,8  24,7   15:15  12,9   04:47   2,0   0,0   0,0   0,0   0,0   00:00     N
25  17,9  25,2   16:31  11,1   05:25   2,3   0,0   1,0   0,0   0,0   00:00     N
26  20,3  26,1   14:17  16,4   01:24   0,5   0,0  13,5   0,0   0,0   00:00     N
27  19,3  24,3   16:38  13,9   23:40   0,6   0,0   0,0   0,0   0,0   00:00     N
28  17,0  24,5   15:50  10,6   06:29   2,8   0,0   0,0   0,0   0,0   00:00     N
29  18,4  27,9   16:22  10,8   06:24   2,5   0,0   0,0   0,0   0,0   00:00     N
30  20,7  29,0   15:34  12,8   06:30   1,5   0,0   0,0   0,0   0,0   00:00     N
31  18,2  21,0   10:55  13,4   23:52   0,7   0,0   5,7   0,0   0,0   00:00     N
----------------------------------------------------------------------------------
    18,0  29,0    30     8,3    23    59,1   0,0 113,9   0,0   0,0     0       E

Max >=  27,0  5
Max <=   0,0  0
Min <=   0,0  0
Min <= -18,0  0
Max Rain: 31,6 on day 11
Days of Rain: 9 (>= 2,0 mm)  9 (>= 2,0 mm)  9 (>= 2,0 mm)
Heat Base: 18,0  Cool Base: 29,0  Method: Integration

powered by CumulusMX v3.10.2 (b3117) Valid HTML5    Last Cumulus update   05:27:28