NOAA-style Climate Reports

   V/Λ SELECT: Month and Year   OR  >   Month
                   Monthly Climatological Summary for Jul 2017

Name: Wetterstation Bebra-Gilfershausen   City: Bebra   State: Germany
Elevation: 250 m  Lat: N 50 59 02   Lon: E 009 49 37

                  Temperature (°°C), Rain (mm), Wind Speed (km/h)

                                      Heat  Cool        Avg
    Mean                              Deg   Deg         Wind                 Dom
Day Temp  High   Time   Low    Time   Days  Days  Rain  Speed High   Time    Dir
----------------------------------------------------------------------------------
01  15,5  18,1   13:19  13,1   02:09   2,5   0,0   4,7   1,4  21,0   11:52     E
02  16,4  20,7   14:04  12,2   05:30   1,9   0,0   0,0   1,2  21,0   14:40     E
03  17,7  25,2   17:01   9,3   05:36   2,4   0,0   0,0   2,7  27,0   16:39     E
04  18,9  25,3   14:38  14,1   04:39   1,3   0,0   0,0   0,9  28,0   14:21     E
05  20,1  27,7   13:22  13,8   01:40   1,3   0,0   0,0   0,7  14,0   13:42   WNW
06  21,0  31,3   15:26  12,6   05:37   1,3   0,1   0,0   0,5  11,0   12:02     E
07  21,3  30,6   15:23  16,3   06:36   0,3   0,0   4,1   2,3  33,0   11:15     E
08  21,5  28,1   15:24  15,6   03:53   0,5   0,0   0,0   0,6  15,0   14:52     S
09  22,9  28,7   13:36  17,1   05:02   0,1   0,0   0,0   0,3  11,0   11:51   NNW
10  20,7  24,9   13:38  17,5   23:38   0,0   0,0  11,4   1,1  22,0   13:14     E
11  20,1  25,6   16:37  16,3   06:20   0,5   0,0   0,0   2,5  24,0   16:41     E
12  16,3  17,9   09:15  12,8   23:56   1,7   0,0  10,4   1,6  39,0   17:28     E
13  14,4  21,2   17:06   8,4   04:28   4,1   0,0   0,0   0,8  19,0   13:49   ESE
14  15,5  22,1   13:24   9,1   05:25   3,4   0,0   1,0   0,7  18,0   13:04     E
15  15,8  21,1   17:25  11,9   05:44   2,6   0,0   0,5   0,6  16,0   10:57   ESE
16  17,9  23,9   14:08  10,7   03:01   2,2   0,0   0,0   2,1  27,0   11:46     E
17  19,3  25,3   15:09  14,3   02:03   0,9   0,0   0,5   0,5  11,0   11:07     E
18  20,1  27,4   16:25  11,6   05:54   1,5   0,0   0,0   1,2  13,0   10:22   NNW
19  23,3  33,3   16:01  15,2   05:57   0,4   0,8   3,1   1,7  35,0   14:03   ESE
20  20,1  24,9   17:45  17,3   03:09   0,1   0,0   2,1   0,0   0,0   00:00     N
21  20,8  27,6   15:14  15,8   02:26   0,6   0,0   0,0   0,0   0,0   00:00     N
22  21,0  27,4   14:05  16,8   01:57   0,3   0,0   2,1   0,0   0,0   00:00     N
23  17,8  22,9   15:51  13,5   23:55   0,4   0,0   7,3   0,0   0,0   00:00     N
24  14,4  16,4   19:12  12,3   03:47   3,6   0,0   7,3   0,0   0,0   00:47     N
25  14,2  14,8   17:33  13,4   04:05   3,8   0,0  37,3   0,0   0,0   00:00     N
26  15,1  17,8   17:19  13,5   23:58   2,9   0,0   0,0   0,0   0,0   00:00     N
27  16,5  22,9   15:02  11,1   03:11   2,2   0,0   1,0   0,0   0,0   00:00     N
28  17,6  23,1   17:02  13,2   04:39   1,5   0,0   4,1   0,0   0,0   00:00     N
29  19,3  24,9   13:59  13,7   06:47   1,2   0,0   0,0   0,0   0,0   00:00     N
30  21,6  28,6   14:33  15,0   05:59   0,6   0,0   0,0   0,0   0,0   00:00     N
31  21,4  28,1   14:32  15,6   04:58   0,5   0,0   0,0   0,0   0,0   00:00     N
----------------------------------------------------------------------------------
    18,7  33,3    19     8,4    13    46,6   0,9  96,9   0,8  39,0    12       E

Max >=  27,0 11
Max <=   0,0  0
Min <=   0,0  0
Min <= -18,0  0
Max Rain: 37,3 on day 25
Days of Rain: 11 (>= 2,0 mm)  11 (>= 2,0 mm)  11 (>= 2,0 mm)
Heat Base: 18,0  Cool Base: 29,0  Method: Integration

powered by CumulusMX v3.8.3 (b3093) Valid HTML5    Last Cumulus update   09:26:19