NOAA-style Climate Reports

   V/Λ SELECT: Month and Year   OR  >   Month
                   Monthly Climatological Summary for Jun 2017

Name: Wetterstation Bebra-Gilfershausen   City: Bebra   State: Germany
Elevation: 250 m  Lat: N 50 59 02   Lon: E 009 49 37

                  Temperature (°°C), Rain (mm), Wind Speed (km/h)

                                      Heat  Cool        Avg
    Mean                              Deg   Deg         Wind                 Dom
Day Temp  High   Time   Low    Time   Days  Days  Rain  Speed High   Time    Dir
----------------------------------------------------------------------------------
01  18,2  26,2   15:47  10,8   05:48   2,3   0,0   0,0   0,8  19,0   13:39   ENE
02  18,9  28,2   14:38  10,1   05:08   2,4   0,0   5,2   1,9  22,0   13:25     E
03  19,4  27,5   13:42  16,1   05:08   0,5   0,0  22,8   0,7  17,0   13:20   ENE
04  17,6  22,8   15:11  12,5   23:41   1,4   0,0  17,1   1,2  21,0   12:26   SSE
05  16,8  22,9   15:59  11,9   05:41   2,4   0,0   0,0   1,1  16,0   16:02     E
06  15,1  20,5   15:10   9,6   05:18   3,1   0,0   1,5   3,4  30,0   10:14     E
07  12,9  18,3   14:57   9,6   23:37   5,1   0,0   2,1   6,1  40,0   10:55     E
08  15,9  23,3   15:41   8,9   02:53   3,5   0,0   0,5   3,8  29,0   13:03     E
09  15,8  25,4   11:56   9,1   05:43   3,6   0,0   8,8   2,2  26,0   12:28     E
10  16,9  23,5   15:48  12,1   06:49   2,5   0,0   0,0   1,9  42,0   14:25     E
11  20,0  29,3   16:43  10,2   05:37   2,2   0,0   0,0   2,1  25,0   12:46   ESE
12  20,0  24,7   15:55  13,1   23:52   0,4   0,0   0,0   2,8  29,0   15:00     E
13  16,1  21,1   15:24  11,5   04:20   2,5   0,0   0,0   0,7  13,0   10:33   ESE
14  16,7  24,6   16:27   8,1   05:17   3,3   0,0   0,0   0,5  10,0   10:17   ENE
15  19,5  28,9   17:09  10,3   05:29   2,3   0,0   6,7   1,3  17,0   20:50     E
16  17,6  20,9   16:19  14,6   23:58   1,1   0,0   0,5   1,2  20,0   17:15   ESE
17  15,5  18,5   13:59  12,3   04:47   2,5   0,0   0,0   0,8  15,0   12:31     E
18  19,6  25,9   16:43  15,2   03:38   1,0   0,0   0,0   0,6  10,0   13:24     E
19  21,2  30,9   16:21  11,3   05:39   1,8   0,3   0,0   0,7  15,0   16:06   ESE
20  22,6  32,2   15:57  13,1   05:44   1,1   0,5   0,0   1,0  14,0   11:55   ENE
21  22,2  29,8   15:58  14,9   05:37   0,4   0,0   0,0   0,4  11,0   13:20   NNE
22  22,5  33,9   14:44  14,3   05:51   0,7   0,7   4,1   2,5  28,0   13:16     E
23  20,8  26,4   16:50  15,6   23:56   0,2   0,0   0,0   1,9  18,0   13:35     E
24  18,4  23,6   14:47  11,3   05:54   1,6   0,0   0,0   3,7  31,0   10:49     E
25  18,4  22,4   18:33  13,7   05:32   1,1   0,0   0,0   1,8  23,0   08:36     E
26  18,8  23,5   12:56  14,5   23:56   0,8   0,0   0,0   0,8  13,0   10:28     E
27  17,3  21,3   15:12  12,9   03:28   1,6   0,0   0,0   0,3   7,0   19:17    NW
28  18,7  23,9   18:32  14,7   04:55   0,8   0,0   6,7   1,2  22,0   18:36   ESE
29  16,6  19,3   18:01  13,4   02:42   1,7   0,0   1,5   0,2  13,0   23:14     E
30  17,4  22,9   16:56  14,4   03:46   1,5   0,0   0,5   3,8  30,0   17:35     E
----------------------------------------------------------------------------------
    18,2  33,9    22     8,1    14    55,4   1,5  78,0   1,7  42,0    10       E

Max >=  27,0  8
Max <=   0,0  0
Min <=   0,0  0
Min <= -18,0  0
Max Rain: 22,8 on day 3
Days of Rain: 8 (>= 2,0 mm)  8 (>= 2,0 mm)  8 (>= 2,0 mm)
Heat Base: 18,0  Cool Base: 29,0  Method: Integration

powered by CumulusMX v3.8.3 (b3093) Valid HTML5    Last Cumulus update   09:19:19