NOAA-style Climate Reports

   V/Λ SELECT: Month and Year   OR  >   Month
                   Monthly Climatological Summary for Apr 2017

Name: Wetterstation Bebra-Gilfershausen   City: Bebra   State: Germany
Elevation: 250 m  Lat: N 50 59 02   Lon: E 009 49 37

                  Temperature (°°C), Rain (mm), Wind Speed (km/h)

                                      Heat  Cool        Avg
    Mean                              Deg   Deg         Wind                 Dom
Day Temp  High   Time   Low    Time   Days  Days  Rain  Speed High   Time    Dir
----------------------------------------------------------------------------------
01  12,4  21,7   16:06   3,9   06:39   6,1   0,0   0,0   0,5  11,0   11:32     E
02  11,4  16,9   16:46   5,9   07:19   6,6   0,0   0,0   0,4  16,0   10:44   ENE
03   8,5  14,2   16:05   2,3   07:07   9,5   0,0   0,0   1,1  13,0   11:18     N
04   7,7  14,6   15:45   1,2   07:02  10,3   0,0   0,0   0,8  16,0   13:13     N
05   8,8  15,4   15:46   3,1   07:23   9,2   0,0   0,0   1,2  18,0   17:16    NW
06   8,2  12,9   16:33   5,8   02:16   9,8   0,0   0,0   1,7  21,0   15:35   WNW
07   8,9  14,1   16:25   4,2   04:45   9,1   0,0   0,0   1,6  24,0   15:45    SE
08  11,1  16,1   17:15   5,0   23:57   6,9   0,0   0,0   0,8  14,0   15:30     E
09  10,4  20,8   16:39   2,2   04:40   8,0   0,0   0,0   0,8  16,0   12:59     E
10  10,0  19,8   12:56   2,6   07:00   8,1   0,0   0,0   1,9  23,0   15:37    NW
11   9,1  13,4   16:16   5,3   01:02   8,9   0,0   0,0   1,5  20,0   11:06     E
12  11,2  15,0   15:11   7,0   03:40   6,8   0,0   0,5   2,8  29,0   10:50     E
13  10,3  13,0   13:28   7,2   07:21   7,7   0,0   1,0   1,6  24,0   11:51   ESE
14   8,3  14,5   14:38   1,4   07:08   9,7   0,0   0,0   1,2  19,0   13:36     E
15   8,2  11,3   14:22   4,4   06:03   9,8   0,0   1,0   1,4  17,0   09:18   ESE
16   6,9  12,8   13:17   2,4   02:56  11,1   0,0   3,1   1,3  18,0   14:00   ENE
17   5,7  10,2   16:53   3,2   22:49  12,3   0,0   8,8   0,5  25,0   16:53   ENE
18   4,1   7,9   14:40   1,8   05:23  13,9   0,0   1,6   1,3  21,0   16:59    NW
19   2,9   6,6   15:56  -0,4   23:54  15,1   0,0   1,0   2,2  25,0   13:37   NNW
20   3,9  11,8   16:56  -3,4   06:26  14,1   0,0   0,0   1,0  16,0   14:45   NNE
21   8,0  13,8   15:55   0,3   06:44  10,0   0,0   0,0   1,6  22,0   15:55     E
22   8,6  10,9   15:09   6,5   23:50   9,4   0,0   2,6   1,6  22,0   17:01   WSW
23   6,8  10,9   15:51   3,5   03:24  11,2   0,0   0,0   1,5  16,0   13:36   ESE
24   7,7  15,9   16:35  -1,2   06:14  10,3   0,0   0,0   3,4  32,0   14:14     E
25   7,0  11,5   16:22   3,3   05:41  11,0   0,0   0,5   1,2  16,0   12:48     E
26   6,5  11,8   16:55   0,7   06:19  11,5   0,0   0,0   1,1  12,0   10:38     E
27   6,8  13,3   15:37   0,5   06:10  11,2   0,0   0,0   1,0  19,0   13:50     E
28   6,5  13,9   12:24  -0,6   05:58  11,5   0,0   0,0   1,5  22,0   12:17     E
29   7,6  13,5   16:27   1,8   23:57  10,4   0,0   0,0   1,0  22,0   16:53     N
30   8,9  17,3   16:48  -1,0   06:03   9,1   0,0   0,0   3,0  23,0   12:22   NNE
----------------------------------------------------------------------------------
     8,1  21,7     1    -3,4    20   298,6   0,0  20,1   1,4  32,0    24     ENE

Max >=  27,0  0
Max <=   0,0  0
Min <=   0,0  5
Min <= -18,0  0
Max Rain: 8,8 on day 17
Days of Rain: 3 (>= 2,0 mm)  3 (>= 2,0 mm)  3 (>= 2,0 mm)
Heat Base: 18,0  Cool Base: 29,0  Method: Integration

powered by CumulusMX v3.8.3 (b3093) Valid HTML5    Last Cumulus update   09:04:19