NOAA-style Climate Reports

   V/Λ SELECT: Month and Year   OR  >   Month
                   Monthly Climatological Summary for Mär 2017

Name: Wetterstation Bebra-Gilfershausen   City: Bebra   State: Germany
Elevation: 250 m  Lat: N 50 59 02   Lon: E 009 49 37

                  Temperature (°°C), Rain (mm), Wind Speed (km/h)

                                      Heat  Cool        Avg
    Mean                              Deg   Deg         Wind                 Dom
Day Temp  High   Time   Low    Time   Days  Days  Rain  Speed High   Time    Dir
----------------------------------------------------------------------------------
01   5,2   8,4   12:59   2,6   02:55  12,8   0,0   4,1   3,7  24,0   12:07     E
02   6,5   8,7   12:37   4,6   23:19  11,5   0,0   3,1   4,0  38,0   12:47   ESE
03   4,9  10,9   14:00   0,2   06:26  13,1   0,0   0,0   1,7  31,0   12:21     E
04   6,9  15,9   15:01  -0,1   06:57  11,1   0,0   0,0   0,4  32,0   21:46   ENE
05   7,5  11,3   13:52   5,6   06:26  10,5   0,0   1,6   4,4  35,0   13:11   ESE
06   5,7   7,3   14:04   4,3   04:24  12,3   0,0   3,6   0,9  18,0   10:13   ESE
07   5,5   9,4   14:31   3,0   20:05  12,5   0,0   2,1   0,4  10,0   12:55   ESE
08   4,2   7,1   13:56   1,4   04:48  13,8   0,0   8,8   4,0  43,0   14:46   ESE
09   7,4  10,9   17:05   3,9   07:00  11,5   0,0   2,1   1,2  27,0   22:45   ENE
10   6,0  10,3   14:00   0,7   23:47  12,0   0,0   0,5   1,1  16,0   02:02     N
11   4,9  11,4   15:17   0,1   00:49  13,1   0,0   0,0   0,9  17,0   13:25   ENE
12   4,8  10,6   14:12  -1,6   07:06  14,3   0,0   0,0   1,7  24,0   11:20    NE
13   3,9  11,6   16:22  -2,6   06:28  14,1   0,0   0,0   1,8  23,0   11:39     E
14   7,1  14,1   14:04   1,9   03:39  10,9   0,0   0,0   0,9  15,0   10:54     E
15   8,6  14,9   14:42   3,3   00:36   9,8   0,0   0,0   0,8  15,0   13:55    SE
16   6,8  15,8   15:39   0,1   07:03  11,2   0,0   0,0   1,2  14,0   14:20   ESE
17   6,1  12,3   13:00   0,4   05:00  11,9   0,0   0,0   1,1  17,0   11:56   ESE
18   8,1  11,3   13:08   5,6   04:49   9,9   0,0  13,5   2,5  30,0   10:49   ESE
19  10,0  13,3   14:54   6,4   02:47   8,0   0,0   4,1   2,0  29,0   19:07   ESE
20  11,0  12,9   14:52   9,3   06:56   7,0   0,0   0,0   4,3  25,0   21:35   ESE
21   8,8  12,3   13:30   4,8   23:45   9,2   0,0   3,1   3,1  31,0   04:48   ESE
22   6,1  10,1   13:13   1,1   06:30  11,9   0,0   0,5   1,3  25,0   10:30   NNE
23   8,4  12,2   14:17   5,6   06:36   9,6   0,0   0,0   1,5  17,0   21:06   NNW
24   7,4  11,4   14:38   1,9   23:42  10,6   0,0   0,0   3,4  20,0   11:40   NNW
25   6,3  14,5   15:03  -0,7   06:17  11,7   0,0   0,0   1,2  17,0   14:33   NNW
26   6,9  12,9   15:22   0,7   07:16  10,7   0,0   0,0   1,6  15,0   15:03   NNW
27   7,6  17,8   16:25  -0,9   07:24  10,4   0,0   0,0   0,6  16,0   11:30     E
28   9,5  20,8   15:46  -0,4   07:05   8,9   0,0   0,0   1,9  32,0   13:46     E
29  11,2  18,3   14:00   4,1   07:17   6,8   0,0   0,0   1,7  21,0   13:09   ESE
30  13,7  20,6   15:44   8,2   23:55   4,7   0,0   0,0   1,7  19,0   15:46     E
31  12,7  22,6   15:59   3,9   07:01   6,4   0,0   0,0   2,5  30,0   13:46   ESE
----------------------------------------------------------------------------------
     7,4  22,6    31    -2,6    13   332,2   0,0  47,1   1,9  43,0     8       E

Max >=  27,0  0
Max <=   0,0  0
Min <=   0,0  6
Min <= -18,0  0
Max Rain: 13,5 on day 18
Days of Rain: 9 (>= 2,0 mm)  9 (>= 2,0 mm)  9 (>= 2,0 mm)
Heat Base: 18,0  Cool Base: 29,0  Method: Integration

powered by CumulusMX v3.8.3 (b3093) Valid HTML5    Last Cumulus update   13:40:08