NOAA-style Climate Reports

   V/Λ SELECT: Month and Year   OR  >   Month
                   Monthly Climatological Summary for Feb 2017

Name: Wetterstation Bebra-Gilfershausen   City: Bebra   State: Germany
Elevation: 250 m  Lat: N 50 59 02   Lon: E 009 49 37

                  Temperature (°°C), Rain (mm), Wind Speed (km/h)

                                      Heat  Cool        Avg
    Mean                              Deg   Deg         Wind                 Dom
Day Temp  High   Time   Low    Time   Days  Days  Rain  Speed High   Time    Dir
----------------------------------------------------------------------------------
01   1,3   3,3   15:21  -1,4   20:55  16,7   0,0   0,0   0,9  14,0   12:10     E
02   2,2   5,4   14:57  -0,7   23:42  15,8   0,0   1,0   0,2  15,0   15:06   ESE
03   2,6   6,8   15:33  -1,1   01:10  15,4   0,0   0,0   0,0   3,0   22:18    NW
04   4,5   8,6   13:11   1,2   00:50  13,5   0,0   0,5   1,1  28,0   13:39   ESE
05   3,5   7,4   13:26  -1,4   23:53  14,5   0,0   0,5   0,3  12,0   13:08   ESE
06   1,3   4,1   13:30  -2,2   02:10  16,7   0,0   0,0   0,2   7,0   15:19   NNE
07   0,1   2,1   00:00  -0,6   09:49  17,9   0,0   0,0   1,6  11,0   16:44   NNW
08  -1,2  -0,2   00:00  -3,2   23:10  19,2   0,0   0,0   2,5  15,0   10:57     N
09  -2,4  -0,7   14:55  -3,2   00:00  20,4   0,0   0,0   2,5  15,0   19:04   NNW
10  -1,9  -0,5   21:25  -3,2   07:29  19,9   0,0   0,0   2,0  18,0   11:08   NNW
11   0,8   4,9   13:55  -3,5   07:51  17,2   0,0   0,0   1,5  11,0   19:21   NNW
12   0,8   1,5   12:55   0,1   07:27  18,3   0,0   0,0   2,6  18,0   11:24   NNW
13   1,6   5,4   13:31  -1,2   07:44  16,4   0,0   0,0   2,8  14,0   12:52   NNW
14   0,9   8,5   15:00  -4,4   07:58  17,1   0,0   0,0   0,8  10,0   00:05   NNW
15   0,0   9,4   15:06  -5,5   06:24  18,0   0,0   0,0   0,5  12,0   11:58   ESE
16   3,4  12,2   15:17  -3,5   06:53  14,6   0,0   3,1   0,5  15,0   14:51     E
17   4,6   7,0   15:31   1,8   07:50  13,4   0,0   1,6   0,1  10,0   09:38   ESE
18   4,2   7,8   14:35  -1,1   23:44  13,8   0,0   0,5   0,1   5,0   16:25     E
19   1,8   7,4   14:31  -3,9   06:20  16,2   0,0   0,5   1,1  18,0   14:20   ESE
20   6,1   8,2   12:39   3,0   05:28  11,9   0,0   4,1   1,6  19,0   11:13   ESE
21   8,0  11,0   15:01   2,3   22:04  10,0   0,0   0,0   0,9  16,0   09:36   SSW
22   9,0  10,5   10:47   4,4   00:00   9,0   0,0  14,5   3,7  31,0   11:02   ESE
23   8,4   9,6   14:16   6,5   23:59   9,6   0,0   4,1   6,0  42,0   17:08    SE
24   3,6   7,1   14:33  -1,0   23:58  14,4   0,0   3,1   3,4  31,0   01:52   ESE
25   2,7   8,2   14:43  -3,6   06:13  15,9   0,0   0,0   2,9  31,0   12:28     E
26   8,1  12,1   15:52   4,9   06:55   9,9   0,0   0,0   3,4  28,0   13:22   ESE
27  10,1  13,6   15:15   7,3   23:55   7,9   0,0   5,2   5,9  29,0   09:39     E
28   6,0   9,4   13:06   3,8   23:34  12,0   0,0   5,2   7,3  48,0   09:51     E
----------------------------------------------------------------------------------
     3,2  13,6    27    -5,5    15   415,6   0,0  43,9   2,0  48,0    28       E

Max >=  27,0  0
Max <=   0,0  3
Min <=   0,0 18
Min <= -18,0  0
Max Rain: 14,5 on day 22
Days of Rain: 7 (>= 2,0 mm)  7 (>= 2,0 mm)  7 (>= 2,0 mm)
Heat Base: 18,0  Cool Base: 29,0  Method: Integration

powered by CumulusMX v3.8.3 (b3093) Valid HTML5    Last Cumulus update   13:32:08