NOAA-style Climate Reports

   V/Λ SELECT: Month and Year   OR  >   Month
                   Monthly Climatological Summary for Jan 2017

Name: Wetterstation Bebra-Gilfershausen   City: Bebra   State: Germany
Elevation: 250 m  Lat: N 50 59 02   Lon: E 009 49 37

                  Temperature (°°C), Rain (mm), Wind Speed (km/h)

                                      Heat  Cool        Avg
    Mean                              Deg   Deg         Wind                 Dom
Day Temp  High   Time   Low    Time   Days  Days  Rain  Speed High   Time    Dir
----------------------------------------------------------------------------------
01  -3,7  -1,7   23:27  -5,9   06:27  21,7   0,0   0,0   3,4  19,0   15:48   ESE
02  -0,6   1,4   12:40  -2,2   19:50  18,6   0,0   0,0   1,1  16,0   04:10   ESE
03   1,0   2,3   12:36  -0,8   00:00  17,0   0,0   1,0   2,0  18,0   10:57    SE
04   2,5   4,0   14:44   0,6   23:58  15,5   0,0   5,2   3,1  21,0   11:46     E
05  -2,3   0,6   00:00  -5,7   21:31  20,3   0,0   0,0   1,2  18,0   11:43    NW
06  -8,3  -4,7   00:43 -11,3   23:11  26,3   0,0   0,0   0,7  18,0   02:39     E
07  -6,2  -3,4   15:28 -11,0   00:00  24,2   0,0   0,0   2,4  18,0   19:49   ESE
08  -1,1   0,5   14:22  -3,6   00:00  19,1   0,0   0,0   0,1   6,0   00:54   ESE
09   0,3   1,3   14:39  -0,8   08:48  17,7   0,0   0,5   0,7  10,0   16:22   ESE
10   0,9   2,1   13:35   0,1   23:52  17,1   0,0   0,5   3,2  29,0   06:30     E
11   1,2   2,4   16:42  -0,1   02:52  16,8   0,0   1,0   2,7  25,0   13:08   ESE
12   3,0   4,4   12:33   1,5   23:39  15,0   0,0   4,1   2,2  18,0   11:14   ESE
13   1,8   3,9   03:35  -0,1   23:47  16,2   0,0   5,2   4,0  52,0   03:26   ESE
14   1,5   2,8   13:51  -0,1   00:00  16,5   0,0   4,1   2,2  27,0   06:07    SE
15  -0,4   1,8   12:09  -6,2   22:28  23,0   0,0   0,5   0,6  12,0   12:42   ESE
16  -5,2  -1,3   13:56  -8,4   20:56  23,2   0,0   0,0   0,0   4,0   14:54   WNW
17  -3,0  -0,5   15:16  -5,6   09:36  21,0   0,0   0,5   0,5   9,0   13:10     W
18  -4,2  -2,2   14:18  -8,4   23:52  22,2   0,0   0,0   0,8  13,0   01:09     W
19  -6,7  -1,2   14:52  -9,9   04:30  24,7   0,0   0,0   0,2   6,0   18:30    NW
20  -5,4   1,6   14:43 -10,2   06:37  23,4   0,0   0,0   0,1   9,0   00:02    NW
21  -4,6   2,1   14:17  -8,8   08:15  22,6   0,0   0,0   0,3   6,0   14:53   NNW
22  -6,6  -1,2   14:53 -10,2   23:52  24,6   0,0   0,0   0,3  10,0   12:25   ENE
23  -8,2  -4,1   22:47 -13,1   08:23  26,2   0,0   0,0   0,3   8,0   13:16     E
24  -2,1  -0,4   14:40  -4,1   00:00  20,1   0,0   0,0   0,1   5,0   14:58     N
25  -0,8   0,3   12:30  -1,9   03:58  18,8   0,0   0,0   0,5  12,0   14:54     N
26  -1,5   1,4   13:17  -5,9   23:04  19,5   0,0   0,0   0,8  14,0   06:56   ENE
27  -4,6   2,1   14:28  -8,9   08:20  22,6   0,0   0,0   0,6  11,0   12:09     E
28  -4,6   1,9   14:51  -9,1   08:19  22,6   0,0   0,0   0,8  14,0   12:38     E
29  -0,9   4,5   13:55  -6,4   05:02  18,9   0,0   0,0   0,8  27,0   13:59     E
30   1,5   4,2   13:12  -3,1   02:57  16,5   0,0   1,0   1,5  28,0   12:55     E
31   2,1   3,3   01:04   1,3   23:56  15,9   0,0   1,0   0,0   5,0   08:12     E
----------------------------------------------------------------------------------
    -2,1   4,5    29   -13,1    23   627,8   0,0  24,6   1,2  52,0    13     ESE

Max >=  27,0  0
Max <=   0,0 10
Min <=   0,0 27
Min <= -18,0  0
Max Rain: 5,2 on day 4
Days of Rain: 4 (>= 2,0 mm)  4 (>= 2,0 mm)  4 (>= 2,0 mm)
Heat Base: 18,0  Cool Base: 29,0  Method: Integration

powered by CumulusMX v3.8.3 (b3093) Valid HTML5    Last Cumulus update   13:24:08