NOAA-style Climate Reports

   V/Λ SELECT: Month and Year   OR  >   Month
                   Annual Climatological Summary for 2017

Name: Wetterstation Bebra-Gilfershausen   City: Bebra   State: Germany
Elevation: 250 m  Lat: N 50 59 02   Lon: E 009 49 37

                  Temperature (°°C), Heat Base: 18,0  Cool Base: 29,0
                          Dep.  Heat  Cool                       Max  Max  Min  Min
        Mean  Mean        From  Deg   Deg                        >=   <=   <=   <=
 YR MO  Max   Min   Mean  Norm  Days  Days  Hi  Date  Low  Date 27,0  0,0  0,0 -18,0
------------------------------------------------------------------------------------
 17  1   0,9  -5,1  -2,1 -17,1   628     0   4,5  29 -13,1   23    0   10   27    0
 17  2   6,8  -0,3   3,2   1,2   416     0  13,6  27  -5,5   15    0    3   18    0
 17  3  13,0   2,5   7,4   5,4   332     0  22,6  31  -2,6   13    0    0    6    0
 17  4  13,9   2,6   8,1 -76,9   299     0  21,7   1  -3,4   20    0    0    5    0
 17  5  21,4   8,8  15,0  13,0   138     1  32,8  29   0,0   10    6    0    1    0
 17  6  24,8  12,3  18,2   2,2    55     2  33,9  22   8,1   14    8    0    0    0
 17  7  24,4  13,6  18,7-176,3    47     1  33,3  19   8,4   13   11    0    0    0
 17  8  24,2  12,8  18,0   0,0    59     0  29,0  30   8,3   23    5    0    0    0
 17  9  17,8   9,0  12,9  -0,1   156     0  22,6   5   5,0   16    0    0    0    0
 17 10  15,1   8,0  11,1   1,1   215     0  21,6  16   5,3   31    0    0    0    0
 17 11   7,8   2,8   5,5   1,5   375     0  13,3  23   0,1   13    0    0    0    0
 17 12   5,2   1,8   3,5 -31,5   451     0  12,1  31  -2,6    3    0    0    4    0
------------------------------------------------------------------------------------
        14,6   5,7  10,0 -23,1  3169     3  33,9 Jun -13,1  Jan   30   13   61    0

                                Precipitation (mm)

              Dep.   Max        Days of Rain
              From   Obs.           >=
 YR MO Total  Norm   Day Date  2,0  2,0  2,0
---------------------------------------------
 17  1  24,6 -33,4   5,2   4     4    4    4
 17  2  43,9  -0,1  14,5  22     7    7    7
 17  3  47,1  -7,9  13,5  18     9    9    9
 17  4  20,1 -25,9   8,8  17     3    3    3
 17  5  39,3 -15,7  15,0  19     7    7    7
 17  6  78,0   5,0  22,8   3     8    8    8
 17  7 104,2  27,2  37,3  25    12   12   12
 17  8 113,9  48,9  31,6  11     9    9    9
 17  9  44,0 -25,0  12,4  30     6    6    6
 17 10  49,6  -4,4   8,3  29    11   11   11
 17 11  55,3  -6,7  14,0   5     9    9    9
 17 12  56,5  -6,5   8,8  11     9    9    9
---------------------------------------------
       676,5 -44,5  37,3  Jul   94   94   94

                                Wind Speed (km/h)
                          Dom
 YR MO   Avg.  Hi   Date  Dir
------------------------------
 17  1   1,2  52,0   13   ESE
 17  2   2,0  48,0   28     E
 17  3   1,9  43,0    8     E
 17  4   1,4  32,0   24   ENE
 17  5   1,1  35,0   18     E
 17  6   1,7  42,0   10     E
 17  7   0,8  39,0   12     E
 17  8   0,0   0,0    0     E
 17  9   0,0   0,0    0     E
 17 10   0,0   0,0    0     E
 17 11   0,0   0,0    0     E
 17 12   0,0   0,0    0     E
------------------------------
         0,8  52,0  Jan     E

powered by CumulusMX v3.10.2 (b3117) Valid HTML5    Last Cumulus update   19:53:29