NOAA-style Climate Reports

   V/Λ SELECT: Month and Year   OR  >   Month
                   Monthly Climatological Summary for Dez 2016

Name: Wetterstation Bebra-Gilfershausen   City: Bebra   State: Germany
Elevation: 250 m  Lat: N 50 59 02   Lon: E 009 49 37

                  Temperature (°°C), Rain (mm), Wind Speed (km/h)

                                      Heat  Cool        Avg
    Mean                              Deg   Deg         Wind                 Dom
Day Temp  High   Time   Low    Time   Days  Days  Rain  Speed High   Time    Dir
----------------------------------------------------------------------------------
01   3,6   4,8   15:34   1,8   00:00  16,0   0,0   0,5   2,5 142,0   14:53    SE
02   3,4   6,4   08:53  -2,7   21:23  14,6   0,0   2,1   1,6 138,0   11:21     N
03  -2,9   0,1   13:55  -6,1   23:53  20,9   0,0   0,0   0,3   8,0   12:38     E
04  -5,2  -0,1   13:50  -8,2   07:54  23,2   0,0   0,0   0,3 138,0   18:44   NNE
05  -5,5  -0,1   14:50  -8,7   07:52  23,5   0,0   0,0   0,1   7,0   23:36     E
06  -2,7  -1,7   13:57  -4,6   00:00  20,7   0,0   0,0   1,4  13,0   00:51     E
07  -1,0   0,9   19:40  -3,6   02:24  19,0   0,0   0,0   1,4  25,0   03:09     E
08   0,2   3,8   14:12  -2,6   06:38  17,8   0,0   0,0   0,6  15,0   11:34   ESE
09   3,9   5,6   12:58  -0,8   00:00  14,1   0,0   0,0   2,5 140,0   02:37   ESE
10   4,1   9,4   14:22   0,4   06:32  13,9   0,0   0,0   1,5 138,0   08:43     E
11   6,3   8,3   08:36   5,3   00:00  11,7   0,0   1,6   1,5  32,0   08:49    SE
12   5,6   8,1   14:23   2,4   09:16  12,4   0,0   1,0   0,5  11,0   05:18     E
13   3,9   6,8   15:12   1,8   01:23  14,1   0,0   1,0   0,3  11,0   13:31   ESE
14   5,5   6,8   14:35   4,4   03:54  12,5   0,0   0,0   0,3   9,0   21:52   ESE
15   5,0   6,7   14:43   2,6   17:56  13,0   0,0   0,0   0,6  14,0   22:27     E
16   2,3   4,2   00:00  -1,8   23:42  15,7   0,0   0,0   2,1  17,0   13:21   ESE
17   0,0   2,4   14:42  -3,2   04:14  18,0   0,0   0,0   0,9  14,0   10:16   ESE
18   3,0   4,6   14:40   1,3   00:00  15,0   0,0   0,5   0,3   9,0   10:40   ESE
19   2,7   4,6   13:05  -2,1   23:54  15,3   0,0   0,0   0,6  10,0   14:48   NNW
20   0,0   0,5   16:06  -2,2   00:20  18,0   0,0   0,0   0,9  11,0   14:49   NNE
21   0,1   1,3   15:41  -2,1   03:21  17,9   0,0   0,0   4,1  26,0   14:52     E
22   1,4   2,2   13:53   0,7   00:00  16,6   0,0   1,6   3,0  31,0   05:00   ESE
23   2,9   4,4   13:35   1,8   00:00  15,1   0,0   0,0   3,9  25,0   21:37     E
24   5,0   7,3   12:26   2,9   00:00  13,0   0,0   0,5   2,7  20,0   10:45   ESE
25   7,0   8,1   18:32   5,5   00:00  11,0   0,0   1,6   1,4  14,0   22:17   ESE
26   6,4   9,9   12:06   1,0   23:42  11,6   0,0   3,1   2,1  22,0   04:30   ESE
27   5,4   7,4   13:25   1,3   00:00  12,6   0,0   0,0   2,0  34,0   13:25   ESE
28   5,4   6,6   00:00   2,9   23:56  12,6   0,0   0,0   0,7  18,0   13:22   NNW
29  -0,6   2,9   00:00  -3,3   23:33  18,6   0,0   0,0   0,1   6,0   12:35     E
30  -2,8   1,1   13:50  -5,1   22:44  20,8   0,0   0,0   0,0   4,0   13:42   ESE
31  -5,0   0,0   14:27  -8,2   08:35  23,0   0,0   0,0   0,9  19,0   22:07   ESE
----------------------------------------------------------------------------------
     1,9   9,9    26    -8,7     5   502,2   0,0  13,5   1,3 142,0     1       E

Max >=  27,0  0
Max <=   0,0  4
Min <=   0,0 16
Min <= -18,0  0
Max Rain: 3,1 on day 26
Days of Rain: 2 (>= 2,0 mm)  2 (>= 2,0 mm)  2 (>= 2,0 mm)
Heat Base: 18,0  Cool Base: 29,0  Method: Integration

powered by CumulusMX v3.8.3 (b3093) Valid HTML5    Last Cumulus update   21:16:24