NOAA-style Climate Reports

   V/Λ SELECT: Month and Year   OR  >   Month
                   Monthly Climatological Summary for Okt 2016

Name: Wetterstation Bebra-Gilfershausen   City: Bebra   State: Germany
Elevation: 250 m  Lat: N 50 59 02   Lon: E 009 49 37

                  Temperature (°°C), Rain (mm), Wind Speed (km/h)

                                      Heat  Cool        Avg
    Mean                              Deg   Deg         Wind                 Dom
Day Temp  High   Time   Low    Time   Days  Days  Rain  Speed High   Time    Dir
----------------------------------------------------------------------------------
01  12,5  15,8   15:43   8,1   02:13   5,5   0,0   6,2   0,1  11,0   15:11     E
02  12,7  15,7   13:49   9,6   21:02   5,3   0,0   1,0   1,5  19,0   16:58     E
03  11,6  14,9   14:45   7,4   23:51   6,4   0,0   7,8   0,7  14,0   11:17   ESE
04  10,4  14,9   15:14   6,9   22:33   7,5   0,0   0,5   1,4  25,0   11:42   NNW
05   8,2  11,1   14:22   3,9   07:30   9,8   0,0   0,0   1,0  19,0   10:20    NW
06   9,0  10,3   23:11   7,6   05:15   9,0   0,0   2,6   0,9  16,0   04:47    NW
07  10,3  12,9   14:42   7,4   23:27   7,7   0,0   1,0   0,3  14,0   11:03   NNW
08   8,8  11,1   14:18   7,1   08:33   9,2   0,0   2,6   0,2   8,0   10:42   NNW
09   8,0  12,4   13:39   3,1   23:54  10,0   0,0   0,5   0,2   8,0   13:42    SW
10   6,3  11,0   13:56   2,7   00:41  11,7   0,0   0,0   0,1   7,0   11:09     E
11   7,2  10,4   14:28   4,6   02:50  10,8   0,0   2,1   0,0   8,0   16:02   WNW
12   7,5   8,7   14:02   6,4   08:34  10,5   0,0   1,6   0,8  16,0   05:17   NNW
13   7,9   9,0   13:53   6,9   04:00  10,1   0,0   0,5   2,6  24,0   11:47    NW
14   9,1  12,1   14:59   6,4   07:16   8,9   0,0   0,0   3,3  18,0   03:08   NNW
15   9,2  14,1   16:10   5,5   04:51   8,8   0,0   0,0   0,1   8,0   00:27   NNW
16   9,5  16,5   15:22   6,2   00:08   8,5   0,0   0,0   0,2   6,0   12:31     E
17   9,6  15,6   15:54   4,6   07:27   8,4   0,0   0,0   0,3   9,0   15:57     E
18  11,9  15,9   13:58  10,1   21:56   6,1   0,0   0,0   1,3  18,0   14:26     E
19   8,4  10,6   00:00   6,5   05:02   9,6   0,0   6,7   1,9  21,0   16:04     E
20   6,9   9,2   12:32   4,8   21:57  11,1   0,0   0,5   0,4  10,0   01:58     E
21   6,6   8,6   16:49   5,0   07:49  11,4   0,0   1,6   0,3   8,0   15:28     E
22   6,8   9,8   14:30   5,1   08:15  11,2   0,0  10,4   0,1   6,0   02:21     E
23   6,9   9,9   15:26   4,9   00:37  11,1   0,0   0,0   0,2  10,0   11:26   ENE
24   8,3   9,6   12:28   6,2   00:00   9,7   0,0   5,2   0,1   6,0   04:41   WNW
25  10,0  12,8   15:08   8,6   06:31   8,0   0,0   4,2   0,0   4,0   11:52    SE
26   9,2  11,8   13:56   6,1   23:54   8,8   0,0   0,0   0,0   0,0   00:00     N
27   8,5  13,3   16:41   4,3   03:39   9,5   0,0   0,5   0,6  11,0   12:54     E
28  10,3  12,6   15:54   7,2   00:00   7,7   0,0   0,0   0,8  11,0   15:35   ESE
29   8,5  12,2   14:16   3,6   23:03   9,5   0,0   0,0   0,2   9,0   13:21   ESE
30   7,6  11,9   14:13   4,2   00:00  10,7   0,0   0,0   0,2   9,0   12:54     E
31   8,6  11,7   14:05   4,1   22:24   9,4   0,0   0,0   0,1   8,0   11:59     E
----------------------------------------------------------------------------------
     8,9  16,5    16     2,7    10   281,9   0,0  55,5   0,6  25,0     4     NNE

Max >=  27,0  0
Max <=   0,0  0
Min <=   0,0  0
Min <= -18,0  0
Max Rain: 10,4 on day 22
Days of Rain: 9 (>= 2,0 mm)  9 (>= 2,0 mm)  9 (>= 2,0 mm)
Heat Base: 18,0  Cool Base: 29,0  Method: Integration

powered by CumulusMX v3.8.3 (b3093) Valid HTML5    Last Cumulus update   00:33:08