NOAA-style Climate Reports

   V/Λ SELECT: Month and Year   OR  >   Month
                   Monthly Climatological Summary for Sep 2016

Name: Wetterstation Bebra-Gilfershausen   City: Bebra   State: Germany
Elevation: 250 m  Lat: N 50 59 02   Lon: E 009 49 37

                  Temperature (°°C), Rain (mm), Wind Speed (km/h)

                                      Heat  Cool        Avg
    Mean                              Deg   Deg         Wind                 Dom
Day Temp  High   Time   Low    Time   Days  Days  Rain  Speed High   Time    Dir
----------------------------------------------------------------------------------
01  18,9  26,4   15:16  14,0   00:00   1,6   0,0   0,0   0,4  14,0   14:52   ESE
02  18,2  26,2   15:07  11,2   06:24   2,2   0,0   0,0   0,8  16,0   14:11     E
03  19,2  25,8   15:17  13,9   06:53   1,1   0,0   0,0   1,5  20,0   13:02     E
04  16,4  19,6   12:51  14,1   06:25   1,7   0,0  20,2   0,8  23,0   13:04     E
05  16,0  19,8   13:33  12,4   23:48   2,2   0,0   0,5   0,6  18,0   10:42   ESE
06  15,9  22,6   15:48  11,9   23:52   3,0   0,0   0,0   0,0   7,0   17:28   NNW
07  16,5  24,9   15:11   8,8   05:39   3,5   0,0   0,0   0,6  11,0   11:49   NNE
08  18,9  27,6   15:33  11,6   06:51   2,0   0,0   0,0   1,2  19,0   17:20   ESE
09  18,1  25,1   15:28  12,6   07:09   1,8   0,0   0,0   0,0   6,0   15:09    SW
10  19,2  27,9   15:23  12,5   06:51   1,8   0,0   0,0   0,3   8,0   12:40   ESE
11  18,9  27,3   15:16  13,1   06:34   1,8   0,0   0,0   0,1   9,0   14:40    SW
12  19,7  30,2   16:02  12,0   07:03   2,0   0,1   0,0   0,7  16,0   14:02     E
13  20,8  30,4   14:43  13,3   06:47   1,3   0,2   0,0   0,9  15,0   16:00   ESE
14  21,0  29,0   15:52  13,3   06:38   1,3   0,0   0,0   0,8  11,0   22:58   NNW
15  21,4  27,6   14:53  14,4   06:45   0,6   0,0   0,0   1,8  22,0   11:22   NNW
16  18,8  23,2   15:19  15,5   23:35   0,7   0,0   0,0   0,8  13,0   15:10     E
17  15,7  17,2   12:44  14,2   07:16   2,3   0,0  13,5   0,0   3,0   20:50   WSW
18  16,1  20,1   14:07  11,0   23:56   2,3   0,0   0,5   0,9  10,0   13:18    NW
19  13,4  15,3   14:50  10,8   00:22   4,6   0,0   0,0   0,0   5,0   15:11   NNW
20  14,2  17,6   14:08  11,1   23:31   3,8   0,0   0,0   0,4  11,0   13:36     N
21  12,0  19,2   14:38   6,1   07:21   6,0   0,0   0,0   0,7   9,0   10:23   ENE
22  12,3  20,6   15:31   6,4   04:31   6,1   0,0   0,0   0,6  11,0   13:48     E
23  13,5  21,4   14:54   7,3   06:42   5,1   0,0   0,0   0,5  19,0   13:11     E
24  13,5  21,8   14:22   8,2   04:03   5,1   0,0   0,0   0,4  11,0   14:12     E
25  13,4  22,8   15:07   5,9   06:59   5,5   0,0   0,0   0,6  14,0   16:05   ESE
26  14,5  19,3   13:11   9,8   07:32   3,7   0,0   0,0   0,4  16,0   10:54     E
27  15,6  21,3   14:51  10,3   23:55   3,1   0,0   0,0   0,3  12,0   14:34     E
28  13,9  20,3   12:55   8,3   06:36   4,4   0,0   0,0   2,0  28,0   14:47     E
29  17,5  23,3   14:27  12,4   01:36   2,0   0,0   0,0   3,7  29,0   13:46     E
30  14,1  16,1   03:46   8,9   23:43   3,9   0,0   0,0   0,5  12,0   14:54     E
----------------------------------------------------------------------------------
    16,6  30,4    13     5,9    25    86,5   0,3  34,7   0,7  29,0    29       E

Max >=  27,0  7
Max <=   0,0  0
Min <=   0,0  0
Min <= -18,0  0
Max Rain: 20,2 on day 4
Days of Rain: 2 (>= 2,0 mm)  2 (>= 2,0 mm)  2 (>= 2,0 mm)
Heat Base: 18,0  Cool Base: 29,0  Method: Integration

powered by CumulusMX v3.10.2 (b3117) Valid HTML5    Last Cumulus update   20:51:29