NOAA-style Climate Reports

   V/Λ SELECT: Month and Year   OR  >   Month
                   Monthly Climatological Summary for Aug 2016

Name: Wetterstation Bebra-Gilfershausen   City: Bebra   State: Germany
Elevation: 250 m  Lat: N 50 59 02   Lon: E 009 49 37

                  Temperature (°°C), Rain (mm), Wind Speed (km/h)

                                      Heat  Cool        Avg
    Mean                              Deg   Deg         Wind                 Dom
Day Temp  High   Time   Low    Time   Days  Days  Rain  Speed High   Time    Dir
----------------------------------------------------------------------------------
01  16,9  23,6   17:40  11,3   06:34   2,4   0,0   0,0   1,5  16,0   13:34     E
02  16,0  18,0   13:22  13,9   03:46   2,0   0,0   1,5   1,1  17,0   15:46     E
03  17,9  20,1   15:52  16,4   01:48   0,6   0,0   2,6   1,3  19,0   17:00     E
04  17,7  20,2   16:13  15,8   05:30   0,7   0,0   2,6   0,5  16,0   17:22     E
05  17,5  22,1   14:02  14,5   04:04   1,4   0,0   0,0   0,3  18,0   14:04   ENE
06  17,0  22,1   13:55  12,9   02:46   2,0   0,0   0,0   0,7  22,0   13:35   ESE
07  18,6  26,8   16:47  11,1   04:56   2,2   0,0   0,0   2,4  25,0   12:20     E
08  19,8  27,2   14:44  13,8   05:00   1,2   0,0   0,0   2,6  37,0   11:40     E
09  16,4  20,6   12:02  13,9   05:54   2,0   0,0   0,0   0,6  12,0   16:13     E
10  13,2  18,4   16:32   7,9   23:57   4,8   0,0   0,0   0,6  11,0   12:11     N
11  12,0  18,4   14:23   4,6   06:01   6,0   0,0   0,5   2,7  23,0   16:01     E
12  15,4  18,3   18:07  12,4   00:59   2,6   0,0   4,1   0,6   9,0   08:45     E
13  20,3  27,6   16:12  15,1   06:32   0,9   0,0   0,5   2,7  25,0   12:21     E
14  18,0  24,8   13:16  11,4   05:42   2,0   0,0   0,0   0,8  15,0   11:31     E
15  17,4  23,9   14:13  12,5   06:30   2,2   0,0   0,0   0,5  11,0   18:47    NW
16  16,5  24,4   14:47   9,3   06:00   3,2   0,0   0,0   0,5  10,0   11:56   WNW
17  15,3  22,3   15:34   8,6   06:34   3,7   0,0   0,0   0,7  11,0   08:42    NE
18  15,6  25,6   16:05   6,7   06:37   4,3   0,0   0,0   0,8  14,0   15:37     E
19  18,1  26,9   16:10   9,9   04:24   2,6   0,0   0,0   1,4  18,0   16:29     E
20  18,5  23,1   12:57  13,7   23:56   0,7   0,0   3,1   1,0  23,0   11:44     E
21  16,2  20,6   16:45  11,8   02:22   2,3   0,0   0,5   2,4  22,0   16:30     E
22  17,2  21,1   13:21  14,1   02:06   1,5   0,0   0,0   2,4  31,0   12:15     E
23  18,9  28,1   15:51  11,2   06:00   2,2   0,0   0,0   1,1  25,0   14:27     E
24  20,9  30,5   16:05  12,5   06:27   1,6   0,2   0,0   1,4  22,0   13:50     E
25  21,5  31,9   16:08  13,3   06:58   1,3   0,4   0,0   1,4  20,0   13:51     E
26  21,4  32,7   15:50  11,6   06:12   1,8   0,6   0,0   0,8  14,0   12:14     E
27  23,4  33,4   15:17  15,4   06:17   0,5   0,9   0,0   0,6  15,0   13:49   ESE
28  21,0  31,6   15:33  14,8   06:19   0,6   0,1   0,5   0,7  18,0   14:42     E
29  19,2  24,1   13:37  14,8   23:54   0,3   0,0   0,5   0,4  18,0   12:58     E
30  16,3  23,0   15:28  10,8   23:55   2,9   0,0   0,0   0,4   8,0   11:02     N
31  16,3  26,3   15:46   7,5   06:27   4,0   0,0   0,0   0,8  17,0   14:14     E
----------------------------------------------------------------------------------
    17,8  33,4    27     4,6    11    66,5   2,2  16,4   1,2  37,0     8       E

Max >=  27,0  8
Max <=   0,0  0
Min <=   0,0  0
Min <= -18,0  0
Max Rain: 4,1 on day 12
Days of Rain: 4 (>= 2,0 mm)  4 (>= 2,0 mm)  4 (>= 2,0 mm)
Heat Base: 18,0  Cool Base: 29,0  Method: Integration

powered by CumulusMX v3.8.3 (b3093) Valid HTML5    Last Cumulus update   08:30:19