NOAA-style Climate Reports

   V/Λ SELECT: Month and Year   OR  >   Month
                   Monthly Climatological Summary for Jul 2016

Name: Wetterstation Bebra-Gilfershausen   City: Bebra   State: Germany
Elevation: 250 m  Lat: N 50 59 02   Lon: E 009 49 37

                  Temperature (°°C), Rain (mm), Wind Speed (km/h)

                                      Heat  Cool        Avg
    Mean                              Deg   Deg         Wind                 Dom
Day Temp  High   Time   Low    Time   Days  Days  Rain  Speed High   Time    Dir
----------------------------------------------------------------------------------
01  19,8  26,3   14:54  13,2   05:33   1,1   0,0   0,0   3,6  29,0   15:03     E
02  16,1  18,4   16:34  11,1   23:53   1,9   0,0   5,7   1,2  24,0   16:17     E
03  13,1  18,9   12:00   7,6   05:17   5,0   0,0   2,6   1,9  22,0   10:28     E
04  16,2  24,3   14:32   9,1   02:15   3,3   0,0   0,0   1,4  17,0   17:34     E
05  18,2  24,4   15:03  13,3   01:40   1,6   0,0   3,1   2,4  28,0   16:31     E
06  16,4  22,3   17:13  11,5   23:57   2,5   0,0   0,0   1,6  24,0   17:34    SE
07  16,6  24,6   15:57   8,8   06:10   3,3   0,0   0,0   0,7  16,0   17:51   ESE
08  19,6  25,9   14:18  12,4   05:12   1,5   0,0   0,0   1,5  17,0   12:33   ENE
09  19,3  26,2   16:40  12,4   04:58   1,5   0,0   0,0   1,2  15,0   16:08     E
10  21,9  30,5   15:52  13,2   05:39   1,3   0,1   0,0   2,5  29,0   14:44     E
11  22,2  28,1   13:08  16,4   06:04   0,2   0,0   0,0   2,9  29,0   10:58     E
12  19,7  25,9   16:12  14,9   06:04   0,8   0,0   6,2   2,4  28,0   14:14     E
13  17,5  22,2   17:45  13,6   23:32   1,5   0,0   0,0   0,7  16,0   17:43   ESE
14  15,4  20,8   16:53  12,5   06:23   2,9   0,0   0,0   1,1  19,0   16:42   SSE
15  16,0  21,6   15:56  12,3   23:52   2,5   0,0   0,0   1,5  16,0   06:57   SSE
16  17,3  24,0   14:22   9,3   05:41   2,7   0,0   0,0   1,2  15,0   14:41     E
17  19,8  25,1   11:59  16,2   23:57   0,3   0,0   4,7   0,6  20,0   12:03     E
18  20,4  28,5   17:05  14,5   02:25   1,1   0,0   0,5   1,3  19,0   13:20     E
19  21,0  30,1   14:45  12,7   06:11   1,3   0,1   0,0   0,7  10,0   14:43     E
20  23,5  33,0   15:31  14,3   05:44   0,9   0,9   0,0   1,2  18,0   15:53   ESE
21  19,9  23,3   00:05  17,6   23:28   0,0   0,0  25,4   0,6  12,0   18:39   ESE
22  21,7  29,7   15:58  17,4   06:11   0,1   0,0   0,5   0,5  11,0   17:28     E
23  19,3  21,6   17:14  17,9   08:42   0,0   0,0  20,7   0,1  11,0   03:29     E
24  21,3  28,1   15:07  16,7   06:14   0,2   0,0   0,0   0,2  16,0   17:07   NNW
25  22,4  29,2   15:07  17,5   04:35   0,1   0,0   0,0   0,5  11,0   14:47     E
26  21,6  27,3   14:34  15,9   05:28   0,3   0,0   0,0   0,4  11,0   13:15    NE
27  21,4  27,4   15:12  16,1   23:54   0,1   0,0   0,0   1,2  23,0   15:01   ESE
28  19,8  25,2   13:54  14,6   02:03   0,9   0,0   0,0   1,0  22,0   13:11     E
29  19,6  23,2   12:59  17,1   22:25   0,1   0,0   6,7   1,5  18,0   13:12     E
30  19,8  25,7   16:18  15,4   04:08   0,6   0,0   0,5   1,0  16,0   16:03     E
31  18,6  24,4   13:21  14,1   23:58   1,1   0,0   1,0   0,5  15,0   13:00    SE
----------------------------------------------------------------------------------
    19,2  33,0    20     7,6     3    40,7   1,1  77,6   1,3  29,0     1       E

Max >=  27,0 10
Max <=   0,0  0
Min <=   0,0  0
Min <= -18,0  0
Max Rain: 25,4 on day 21
Days of Rain: 8 (>= 2,0 mm)  8 (>= 2,0 mm)  8 (>= 2,0 mm)
Heat Base: 18,0  Cool Base: 29,0  Method: Integration

powered by CumulusMX v3.10.2 (b3117) Valid HTML5    Last Cumulus update   20:14:03